000
CDHW40 PHFO 120252
CLIHNL


CLIMATE REPORT
NATIONAL WEATHER SERVICE HONOLULU HI
451 PM HST TUE AUG 11 2020


...................................

...THE HONOLULU HI CLIMATE SUMMARY FOR AUGUST 11 2020...
VALID TODAY AS OF 0400 PM LOCAL TIME.

CLIMATE NORMAL PERIOD 1981 TO 2010
CLIMATE RECORD PERIOD 1940 TO 2020


WEATHER ITEM   OBSERVED TIME   RECORD YEAR NORMAL DEPARTURE LAST
                VALUE   (LST)  VALUE       VALUE  FROM      YEAR
                                                  NORMAL
..................................................................
TEMPERATURE (F)
 TODAY
  MAXIMUM         90    202 PM  94    2019  89      1       94
  MINIMUM         74    638 AM  70    1980  75     -1       77
                                      1977
                                      1975
  AVERAGE         82                        82      0       86

PRECIPITATION (IN)
  TODAY            0.00          0.11 1988   0.02  -0.02     0.00
  MONTH TO DATE    0.01                      0.21  -0.20     0.15
  SINCE JUN 1      0.88                      0.98  -0.10     5.95
  SINCE JAN 1      9.76                      8.55   1.21     9.03

SNOWFALL (IN)
  TODAY            0.0
  MONTH TO DATE    0.0
  SINCE JUN 1      0.0
  SINCE JUL 1      0.0
  SNOW DEPTH      MM

DEGREE DAYS
 HEATING
  TODAY            0                         0      0        0
  MONTH TO DATE    0                         0      0        0
  SINCE JUN 1      0                         0      0        0
  SINCE JUL 1      0                         0      0        0

 COOLING
  TODAY           17                        17      0       21
  MONTH TO DATE  198                       187     11      204
  SINCE JUN 1   1205                      1145     60     1314
  SINCE JAN 1   2953                      2647    306     2984
..................................................................


WIND (MPH)
  HIGHEST WIND SPEED    20   HIGHEST WIND DIRECTION    NE (40)
  HIGHEST GUST SPEED    27   HIGHEST GUST DIRECTION     E (80)
  AVERAGE WIND SPEED    MM


SKY COVER
  POSSIBLE SUNSHINE  MM
  AVERAGE SKY COVER  MM


WEATHER CONDITIONS
 THE FOLLOWING WEATHER WAS RECORDED TODAY.
  NO SIGNIFICANT WEATHER WAS OBSERVED.


RELATIVE HUMIDITY (PERCENT)
 HIGHEST    MM
 LOWEST     MM
 AVERAGE    MM

..........................................................


THE HONOLULU HI CLIMATE NORMALS FOR TOMORROW
                         NORMAL    RECORD    YEAR
 MAXIMUM TEMPERATURE (F)   89        92      1994
 MINIMUM TEMPERATURE (F)   75        70      1997


SUNRISE AND SUNSET
AUGUST 11 2020........SUNRISE   609 AM HST   SUNSET   704 PM HST
AUGUST 12 2020........SUNRISE   609 AM HST   SUNSET   704 PM HST


-  INDICATES NEGATIVE NUMBERS.
R  INDICATES RECORD WAS SET OR TIED.
MM INDICATES DATA IS MISSING.
T  INDICATES TRACE AMOUNT.




$$
