000
CDHW40 PHFO 090243
CLIHNL

CLIMATE REPORT
NATIONAL WEATHER SERVICE HONOLULU HI
443 PM HST MON MAR 08 2021

...................................

...THE HONOLULU HI CLIMATE SUMMARY FOR MARCH 8 2021...
VALID TODAY AS OF 0425 PM LOCAL TIME.

CLIMATE NORMAL PERIOD 1981 TO 2010
CLIMATE RECORD PERIOD 1940 TO 2021


WEATHER ITEM   OBSERVED TIME   RECORD YEAR NORMAL DEPARTURE LAST
                VALUE   (LST)  VALUE       VALUE  FROM      YEAR
                                                  NORMAL
...................................................................
TEMPERATURE (F)
 TODAY
  MAXIMUM         80    208 PM  87    1986  81     -1       81
  MINIMUM         70    304 PM  58    1955  67      3       71
                                      1996
  AVERAGE         75                        74      1       76

PRECIPITATION (IN)
  TODAY            0.52          0.68 2014   0.06   0.46     0.00
  MONTH TO DATE    1.04                      0.54   0.50     0.11
  SINCE MAR 1      1.04                      0.54   0.50     0.11
  SINCE JAN 1      5.81                      4.84   0.97     2.12

SNOWFALL (IN)
  TODAY           MM
  MONTH TO DATE   MM
  SINCE MAR 1     MM
  SINCE JUL 1      0.0
  SNOW DEPTH      MM

DEGREE DAYS
 HEATING
  TODAY            0                         0      0        0
  MONTH TO DATE    0                         0      0        0
  SINCE MAR 1      0                         0      0        0
  SINCE JUL 1      0                         0      0        0

 COOLING
  TODAY           10                         9      1       11
  MONTH TO DATE   73                        71      2       86
  SINCE MAR 1     73                        71      2       86
  SINCE JAN 1    711                       553    158      721
...................................................................


WIND (MPH)
  HIGHEST WIND SPEED    23   HIGHEST WIND DIRECTION    NE (60)
  HIGHEST GUST SPEED    30   HIGHEST GUST DIRECTION    NE (60)
  AVERAGE WIND SPEED    11.8


SKY COVER
  POSSIBLE SUNSHINE  MM
  AVERAGE SKY COVER 0.7


WEATHER CONDITIONS
THE FOLLOWING WEATHER WAS RECORDED TODAY.
  HEAVY RAIN
  LIGHT RAIN
  FOG


RELATIVE HUMIDITY (PERCENT)
 HIGHEST    93           300 PM
 LOWEST     58           100 PM
 AVERAGE    76

..........................................................


THE HONOLULU HI CLIMATE NORMALS FOR TOMORROW
                         NORMAL    RECORD    YEAR
 MAXIMUM TEMPERATURE (F)   81        88      1986
 MINIMUM TEMPERATURE (F)   67        61      1989
                                             2015


SUNRISE AND SUNSET
MARCH  8 2021.........SUNRISE   646 AM HST   SUNSET   639 PM HST
MARCH  9 2021.........SUNRISE   645 AM HST   SUNSET   639 PM HST


-  INDICATES NEGATIVE NUMBERS.
R  INDICATES RECORD WAS SET OR TIED.
MM INDICATES DATA IS MISSING.
T  INDICATES TRACE AMOUNT.




$$
