000
CDHW43 PHFO 120252
CLIITO


CLIMATE REPORT
NATIONAL WEATHER SERVICE HONOLULU HI
451 PM HST TUE AUG 11 2020


...................................

...THE HILO HI CLIMATE SUMMARY FOR AUGUST 11 2020...
VALID TODAY AS OF 0400 PM LOCAL TIME.

CLIMATE NORMAL PERIOD 1981 TO 2010
CLIMATE RECORD PERIOD 1949 TO 2020


WEATHER ITEM   OBSERVED TIME   RECORD YEAR NORMAL DEPARTURE LAST
                VALUE   (LST)  VALUE       VALUE  FROM      YEAR
                                                  NORMAL
..................................................................
TEMPERATURE (F)
 TODAY
  MAXIMUM         85    359 PM  88    2015  83      2       86
                                      1996
                                      1960
  MINIMUM         70    621 AM  65    1980  70      0       73
                                      1962
  AVERAGE         78                        77      1       80

PRECIPITATION (IN)
  TODAY            0.00          3.60 1988   0.33  -0.33      T
  MONTH TO DATE    2.31                      3.74  -1.43     6.43
  SINCE JUN 1     12.04                     21.92  -9.88    19.89
  SINCE JAN 1     71.78                     73.83  -2.05    54.42

SNOWFALL (IN)
  TODAY            0.0
  MONTH TO DATE    0.0
  SINCE JUN 1      0.0
  SINCE JUL 1      0.0
  SNOW DEPTH      MM

DEGREE DAYS
 HEATING
  TODAY            0                         0      0        0
  MONTH TO DATE    0                         0      0        0
  SINCE JUN 1      0                         0      0        0
  SINCE JUL 1      0                         0      0        0

 COOLING
  TODAY           13                        11      2       15
  MONTH TO DATE  151                       121     30      161
  SINCE JUN 1    962                       770    192      946
  SINCE JAN 1   2526                      1838    688     2139
..................................................................


WIND (MPH)
  HIGHEST WIND SPEED    13   HIGHEST WIND DIRECTION    NE (50)
  HIGHEST GUST SPEED    18   HIGHEST GUST DIRECTION    NE (40)
  AVERAGE WIND SPEED    MM


SKY COVER
  POSSIBLE SUNSHINE  MM
  AVERAGE SKY COVER  MM


WEATHER CONDITIONS
 THE FOLLOWING WEATHER WAS RECORDED TODAY.
  NO SIGNIFICANT WEATHER WAS OBSERVED.


RELATIVE HUMIDITY (PERCENT)
 HIGHEST    MM
 LOWEST     MM
 AVERAGE    MM

..........................................................


THE HILO HI CLIMATE NORMALS FOR TOMORROW
                         NORMAL    RECORD    YEAR
 MAXIMUM TEMPERATURE (F)   83        87      2004
 MINIMUM TEMPERATURE (F)   70        64      1999
                                             1980
                                             1962


SUNRISE AND SUNSET
AUGUST 11 2020........SUNRISE   600 AM HST   SUNSET   651 PM HST
AUGUST 12 2020........SUNRISE   600 AM HST   SUNSET   650 PM HST


-  INDICATES NEGATIVE NUMBERS.
R  INDICATES RECORD WAS SET OR TIED.
MM INDICATES DATA IS MISSING.
T  INDICATES TRACE AMOUNT.




$$
