000
CDHW43 PHFO 090243
CLIITO

CLIMATE REPORT
NATIONAL WEATHER SERVICE HONOLULU HI
443 PM HST MON MAR 08 2021

...................................

...THE HILO HI CLIMATE SUMMARY FOR MARCH 8 2021...
VALID TODAY AS OF 0425 PM LOCAL TIME.

CLIMATE NORMAL PERIOD 1981 TO 2010
CLIMATE RECORD PERIOD 1949 TO 2021


WEATHER ITEM   OBSERVED TIME   RECORD YEAR NORMAL DEPARTURE LAST
                VALUE   (LST)  VALUE       VALUE  FROM      YEAR
                                                  NORMAL
...................................................................
TEMPERATURE (F)
 TODAY
  MAXIMUM         76   1225 PM  90    2016  79     -3       80
  MINIMUM         67    340 AM  60    1966  64      3       68
  AVERAGE         72                        72      0       74

PRECIPITATION (IN)
  TODAY            0.78          7.13 2009   0.42   0.36     0.01
  MONTH TO DATE    7.30                      3.26   4.04    14.40
  SINCE MAR 1      7.30                      3.26   4.04    14.40
  SINCE JAN 1     37.90                     22.08  15.82    34.99

SNOWFALL (IN)
  TODAY           MM
  MONTH TO DATE   MM
  SINCE MAR 1     MM
  SINCE JUL 1      0.0
  SNOW DEPTH      MM

DEGREE DAYS
 HEATING
  TODAY            0                         0      0        0
  MONTH TO DATE    0                         0      0        0
  SINCE MAR 1      0                         0      0        0
  SINCE JUL 1      0                         0      0        0

 COOLING
  TODAY            7                         7      0        9
  MONTH TO DATE   59                        53      6       68
  SINCE MAR 1     59                        53      6       68
  SINCE JAN 1    580                       423    157      645
...................................................................


WIND (MPH)
  HIGHEST WIND SPEED    21   HIGHEST WIND DIRECTION    SE (120)
  HIGHEST GUST SPEED    27   HIGHEST GUST DIRECTION    SE (120)
  AVERAGE WIND SPEED     6.0


SKY COVER
  POSSIBLE SUNSHINE  MM
  AVERAGE SKY COVER 0.9


WEATHER CONDITIONS
THE FOLLOWING WEATHER WAS RECORDED TODAY.
  HEAVY RAIN
  RAIN
  LIGHT RAIN
  FOG
  HAZE


RELATIVE HUMIDITY (PERCENT)
 HIGHEST    90           300 AM
 LOWEST     79          1100 AM
 AVERAGE    85

..........................................................


THE HILO HI CLIMATE NORMALS FOR TOMORROW
                         NORMAL    RECORD    YEAR
 MAXIMUM TEMPERATURE (F)   79        87      1986
 MINIMUM TEMPERATURE (F)   64        60      1971
                                             1989


SUNRISE AND SUNSET
MARCH  8 2021.........SUNRISE   634 AM HST   SUNSET   628 PM HST
MARCH  9 2021.........SUNRISE   633 AM HST   SUNSET   628 PM HST


-  INDICATES NEGATIVE NUMBERS.
R  INDICATES RECORD WAS SET OR TIED.
MM INDICATES DATA IS MISSING.
T  INDICATES TRACE AMOUNT.




$$
