000
CDHW41 PHFO 270242
CLILIH

CLIMATE REPORT
NATIONAL WEATHER SERVICE HONOLULU HI
442 PM HST FRI FEB 26 2021

...................................

...THE LIHUE HI CLIMATE SUMMARY FOR FEBRUARY 26 2021...
VALID TODAY AS OF 0425 PM LOCAL TIME.

CLIMATE NORMAL PERIOD 1981 TO 2010
CLIMATE RECORD PERIOD 1950 TO 2021


WEATHER ITEM   OBSERVED TIME   RECORD YEAR NORMAL DEPARTURE LAST
                VALUE   (LST)  VALUE       VALUE  FROM      YEAR
                                                  NORMAL
...................................................................
TEMPERATURE (F)
 TODAY
  MAXIMUM         78    311 PM  85    1978  78      0       80
  MINIMUM         72    721 AM  56    1957  66      6       73
  AVERAGE         75                        72      3       77

PRECIPITATION (IN)
  TODAY            T             6.39 2012   0.12  -0.12      T
  MONTH TO DATE    3.77                      2.91   0.86     2.32
  SINCE DEC 1      7.50                     11.86  -4.36     7.66
  SINCE JAN 1      5.45                      6.66  -1.21     3.44

SNOWFALL (IN)
  TODAY           MM
  MONTH TO DATE   MM
  SINCE DEC 1     MM
  SINCE JUL 1      0.0
  SNOW DEPTH      MM

DEGREE DAYS
 HEATING
  TODAY            0                         0      0        0
  MONTH TO DATE    0                         0      0        0
  SINCE DEC 1      0                         0      0        0
  SINCE JUL 1     60                         0     60        0

 COOLING
  TODAY           10                         7      3       12
  MONTH TO DATE  192                       182     10      217
  SINCE DEC 1    825                       645    180      810
  SINCE JAN 1    481                       391     90      470
...................................................................


WIND (MPH)
  HIGHEST WIND SPEED    29   HIGHEST WIND DIRECTION     E (70)
  HIGHEST GUST SPEED    35   HIGHEST GUST DIRECTION     E (70)
  AVERAGE WIND SPEED    20.9


SKY COVER
  POSSIBLE SUNSHINE  MM
  AVERAGE SKY COVER 0.8


WEATHER CONDITIONS
THE FOLLOWING WEATHER WAS RECORDED TODAY.
  NO SIGNIFICANT WEATHER WAS OBSERVED.


RELATIVE HUMIDITY (PERCENT)
 HIGHEST    82           300 AM
 LOWEST     66           600 AM
 AVERAGE    74

..........................................................


THE LIHUE HI CLIMATE NORMALS FOR TOMORROW
                         NORMAL    RECORD    YEAR
 MAXIMUM TEMPERATURE (F)   78        84      2015
 MINIMUM TEMPERATURE (F)   66        55      1965


SUNRISE AND SUNSET
FEBRUARY 26 2021......SUNRISE   700 AM HST   SUNSET   640 PM HST
FEBRUARY 27 2021......SUNRISE   659 AM HST   SUNSET   641 PM HST


-  INDICATES NEGATIVE NUMBERS.
R  INDICATES RECORD WAS SET OR TIED.
MM INDICATES DATA IS MISSING.
T  INDICATES TRACE AMOUNT.




$$
