000
CDHW42 PHFO 031245
CLIOGG

CLIMATE REPORT
NATIONAL WEATHER SERVICE HONOLULU HI
245 AM HST WED MAR 03 2021

...................................

...THE KAHULUI HI CLIMATE SUMMARY FOR MARCH 2 2021...

CLIMATE NORMAL PERIOD 1981 TO 2010
CLIMATE RECORD PERIOD 1954 TO 2021


WEATHER ITEM   OBSERVED TIME   RECORD YEAR NORMAL DEPARTURE LAST
                VALUE   (LST)  VALUE       VALUE  FROM      YEAR
                                                  NORMAL
...................................................................
TEMPERATURE (F)
 YESTERDAY
  MAXIMUM         80    325 PM  88    2006  81     -1       81
  MINIMUM         66    401 AM  55    1983  63      3       67
  AVERAGE         73                        72      1       74

PRECIPITATION (IN)
  YESTERDAY        0.08          0.77 2014   0.06   0.02     0.50
  MONTH TO DATE    0.08                      0.13  -0.05     0.53
  SINCE MAR 1      0.08                      0.13  -0.05     0.53
  SINCE JAN 1      4.36                      4.89  -0.53     5.62

SNOWFALL (IN)
  YESTERDAY       MM
  MONTH TO DATE   MM
  SINCE MAR 1     MM
  SINCE JUL 1      0.0
  SNOW DEPTH      MM

DEGREE DAYS
 HEATING
  YESTERDAY        0                         0      0        0
  MONTH TO DATE    0                         0      0        0
  SINCE MAR 1      0                         0      0        0
  SINCE JUL 1      0                         0      0        0

 COOLING
  YESTERDAY        8                         7      1        9
  MONTH TO DATE   17                        14      3       16
  SINCE MAR 1     17                        14      3       16
  SINCE JAN 1    565                       423    142      550
...................................................................


WIND (MPH)
  HIGHEST WIND SPEED    31   HIGHEST WIND DIRECTION    NE (60)
  HIGHEST GUST SPEED    39   HIGHEST GUST DIRECTION     E (70)
  AVERAGE WIND SPEED    16.4


SKY COVER
  POSSIBLE SUNSHINE  MM
  AVERAGE SKY COVER 0.4


WEATHER CONDITIONS
THE FOLLOWING WEATHER WAS RECORDED YESTERDAY.
  LIGHT RAIN
  FOG


RELATIVE HUMIDITY (PERCENT)
 HIGHEST    84           100 AM
 LOWEST     47           200 PM
 AVERAGE    66

..........................................................


THE KAHULUI HI CLIMATE NORMALS FOR TODAY
                         NORMAL    RECORD    YEAR
 MAXIMUM TEMPERATURE (F)   81        88      1951
                                             2006
 MINIMUM TEMPERATURE (F)   63        57      1952
                                             1967
                                             2003


SUNRISE AND SUNSET
MARCH  3 2021.........SUNRISE   644 AM HST   SUNSET   631 PM HST
MARCH  4 2021.........SUNRISE   643 AM HST   SUNSET   632 PM HST


-  INDICATES NEGATIVE NUMBERS.
R  INDICATES RECORD WAS SET OR TIED.
MM INDICATES DATA IS MISSING.
T  INDICATES TRACE AMOUNT.




$$
