000
CDHW42 PHFO 080234
CLIOGG


CLIMATE REPORT
NATIONAL WEATHER SERVICE HONOLULU HI
433 PM HST FRI AUG 7 2020


...................................

...THE KAHULUI HI CLIMATE SUMMARY FOR AUGUST 7 2020...
VALID TODAY AS OF 0400 PM LOCAL TIME.

CLIMATE NORMAL PERIOD 1981 TO 2010
CLIMATE RECORD PERIOD 1954 TO 2020


WEATHER ITEM   OBSERVED TIME   RECORD YEAR NORMAL DEPARTURE LAST
                VALUE   (LST)  VALUE       VALUE  FROM      YEAR
                                                  NORMAL
..................................................................
TEMPERATURE (F)
 TODAY
  MAXIMUM         92    214 PM  93    2019  88      4       93
                                      2015
  MINIMUM         77    618 AM  63    1971  72      5       71
  AVERAGE         85                        80      5       82

PRECIPITATION (IN)
  TODAY            0.00          0.87 1991   0.02  -0.02     0.00
  MONTH TO DATE    0.02                      0.13  -0.11     0.16
  SINCE JUN 1      0.31                      0.83  -0.52     0.34
  SINCE JAN 1     10.43                     10.33   0.10     9.14

SNOWFALL (IN)
  TODAY            0.0
  MONTH TO DATE    0.0
  SINCE JUN 1      0.0
  SINCE JUL 1      0.0
  SNOW DEPTH      MM

DEGREE DAYS
 HEATING
  TODAY            0                         0      0        0
  MONTH TO DATE    0                         0      0        0
  SINCE JUN 1      0                         0      0        0
  SINCE JUL 1      0                         0      0        0

 COOLING
  TODAY           20                        15      5       17
  MONTH TO DATE  129                       105     24       49
  SINCE JUN 1   1102                       932    170     1083
  SINCE JAN 1   2687                      2191    496     2624
..................................................................


WIND (MPH)
  HIGHEST WIND SPEED    29   HIGHEST WIND DIRECTION     E (70)
  HIGHEST GUST SPEED    38   HIGHEST GUST DIRECTION     E (80)
  AVERAGE WIND SPEED    MM


SKY COVER
  POSSIBLE SUNSHINE  MM
  AVERAGE SKY COVER  MM


WEATHER CONDITIONS
 THE FOLLOWING WEATHER WAS RECORDED TODAY.
  NO SIGNIFICANT WEATHER WAS OBSERVED.


RELATIVE HUMIDITY (PERCENT)
 HIGHEST    MM
 LOWEST     MM
 AVERAGE    MM

..........................................................


THE KAHULUI HI CLIMATE NORMALS FOR TOMORROW
                         NORMAL    RECORD    YEAR
 MAXIMUM TEMPERATURE (F)   88        92      2015
 MINIMUM TEMPERATURE (F)   72        63      1971


SUNRISE AND SUNSET
AUGUST  7 2020........SUNRISE   602 AM HST   SUNSET   700 PM HST
AUGUST  8 2020........SUNRISE   603 AM HST   SUNSET   700 PM HST


-  INDICATES NEGATIVE NUMBERS.
R  INDICATES RECORD WAS SET OR TIED.
MM INDICATES DATA IS MISSING.
T  INDICATES TRACE AMOUNT.




$$
