000
CXHW53 PHFO 011625
CLMITO


CLIMATE REPORT
NATIONAL WEATHER SERVICE HONOLULU HI
625 AM HST SAT AUG 1 2020

...................................

...THE HILO HI CLIMATE SUMMARY FOR THE MONTH OF JULY 2020...

CLIMATE NORMAL PERIOD 1981 TO 2010
CLIMATE RECORD PERIOD 1949 TO 2020

WEATHER         OBSERVED          NORMAL  DEPART  LAST YEAR`S
                 VALUE   DATE(S)  VALUE   FROM    VALUE  DATE(S)
                                          NORMAL
................................................................
TEMPERATURE (F)
RECORD
 HIGH              93   07/26/2020
 LOW               62   07/11/1970
HIGHEST            93R  07/26        83      10       88  07/06
                                                          07/05
LOWEST             69   07/21        69       0       67  07/25
AVG. MAXIMUM     86.0              82.8     3.2     85.3
AVG. MINIMUM     71.7              69.3     2.4     70.5
MEAN             78.9              76.1     2.8     77.9
DAYS MAX >= 90      1               0.0     1.0        0
DAYS MAX <= 32      0               0.0     0.0        0
DAYS MIN <= 32      0               0.0     0.0        0
DAYS MIN <= 0       0               0.0     0.0        0

PRECIPITATION (INCHES)
RECORD
 MAXIMUM        28.59   1982
 MINIMUM         3.54   1999
TOTALS           5.27             10.81   -5.54     9.56
DAILY AVG.       0.18              0.35   -0.17     0.31
DAYS >= .01        27              26.8     0.2       25
DAYS >= .10        17              19.5    -2.5       18
DAYS >= .50         1               6.1    -5.1        6
DAYS >= 1.00        0               2.2    -2.2        2
GREATEST
 24 HR. TOTAL    0.91   07/14 TO 07/14              2.91

SNOWFALL (INCHES)
RECORDS
 TOTAL             MM   5
TOTALS            0.0               0.0     0.0      0.0
SINCE 7/1         0.0               0.0     0.0      0.0
SNOWDEPTH AVG.     MM                MM      MM       MM
DAYS >= 1.0         0               0.0     0.0        0
GREATEST
 SNOW DEPTH        MM                                 MM  MM
 24 HR TOTAL      0.0   07/31 TO 07/31               0.0

DEGREE_DAYS
HEATING TOTAL       0                 0       0        0
 SINCE 7/1          0                 0       0        0
COOLING TOTAL     422               343      79      408
 SINCE 1/1       2375              1717     658     1978
.................................................................

WIND (MPH)
AVERAGE WIND SPEED              6.5
HIGHEST WIND SPEED/DIRECTION    23/130    DATE  07/26
HIGHEST GUST SPEED/DIRECTION    32/350    DATE  07/26

SKY COVER
POSSIBLE SUNSHINE (PERCENT)   MM
AVERAGE SKY COVER             MM
NUMBER OF DAYS FAIR            0
NUMBER OF DAYS PC              0
NUMBER OF DAYS CLOUDY          0

AVERAGE RH (PERCENT)     MM

WEATHER CONDITIONS. NUMBER OF DAYS WITH
THUNDERSTORM              0     MIXED PRECIP               0
HEAVY RAIN                0     RAIN                       0
LIGHT RAIN                0     FREEZING RAIN              0
LT FREEZING RAIN          0     HAIL                       0
HEAVY SNOW                0     SNOW                       0
LIGHT SNOW                0     SLEET                      0
FOG                      17     FOG W/VIS <= 1/4 MILE      0
HAZE                      2

-  INDICATES NEGATIVE NUMBERS.
R  INDICATES RECORD WAS SET OR TIED.
MM INDICATES DATA IS MISSING.
T  INDICATES TRACE AMOUNT.

$$
