000
CXHW51 PHFO 011625
CLMLIH

CLIMATE REPORT
NATIONAL WEATHER SERVICE HONOLULU HI
625 AM HST MON FEB 01 2021

...................................

...THE LIHUE HI CLIMATE SUMMARY FOR THE MONTH OF JANUARY 2021...

CLIMATE NORMAL PERIOD 1981 TO 2010
CLIMATE RECORD PERIOD 1950 TO 2021

WEATHER         OBSERVED          NORMAL  DEPART   LAST YEAR`S
                VALUE   DATE(S)   VALUE   FROM     VALUE DATE(S)
                                          NORMAL
................................................................
TEMPERATURE (F)
RECORD
 HIGH             86   01/26/2016
                       01/03/2006
 LOW              22   01/27/2020
HIGHEST           83   01/17         78       5       83  01/29
LOWEST            62   01/08         65      -3       63  01/24
                                                          01/23
                                                          01/22
AVG. MAXIMUM    79.3               78.0     1.3     79.7
AVG. MINIMUM    69.0               65.5     3.5     69.2
MEAN            74.2               71.7     2.5     74.4
DAYS MAX >= 90     0                                  MM
DAYS MAX >= 93     0                                  MM
DAYS MAX <= 80    26                                  MM
DAYS MIN >= 72     6                                  MM
DAYS MIN <= 60     0                                  MM
DAYS MIN <= 55     0                                  MM

PRECIPITATION (INCHES)
RECORD
 MAXIMUM       17.56   1956
 MINIMUM        0.20   2017
TOTALS          1.68               3.75   -2.07     1.12
DAILY AVG.      0.05               0.12   -0.07     0.04
DAYS >= .01       19               13.1     5.9       12
DAYS >= .10        6                5.4     0.6        4
DAYS >= .50        1                1.7    -0.7        0
DAYS >= 1.00       0                0.8    -0.8        0
GREATEST
 24 HR. TOTAL   0.57   01/19 TO 01/20               0.35

SNOWFALL (INCHES)
RECORDS
 TOTAL           0.0   5
TOTALS            MM                0.0      MM      0.0
SINCE 7/1         MM                0.0      MM       MM
SNOWDEPTH AVG.    MM                                  MM
DAYS >= 1.0       MM                0.0      MM        0
GREATEST
 SNOW DEPTH       MM                                  MM  MM
 24 HR TOTAL      MM                                 0.0

DEGREE DAYS
HEATING TOTAL      0                  0       0        0
 SINCE 7/1        60                  0      60        0
COOLING TOTAL    289                209      80      253
 SINCE 1/1       289                209      80      253
................................................................

WIND (MPH)
AVERAGE WIND SPEED              13.9
HIGHEST WIND SPEED/DIRECTION    39/040    DATE  01/19
HIGHEST GUST SPEED/DIRECTION    49/040    DATE  01/19

SKY COVER
POSSIBLE SUNSHINE (PERCENT)   MM
AVERAGE SKY COVER           0.54
NUMBER OF DAYS FAIR            5
NUMBER OF DAYS PC             21
NUMBER OF DAYS CLOUDY          5

AVERAGE RH (PERCENT)     82

WEATHER CONDITIONS. NUMBER OF DAYS WITH
THUNDERSTORM              0     MIXED PRECIP               0
HEAVY RAIN                4     RAIN                       4
LIGHT RAIN               15     FREEZING RAIN              0
LT FREEZING RAIN          0     HAIL                       0
HEAVY SNOW                0     SNOW                       0
LIGHT SNOW                0     SLEET                      0
FOG                      19     FOG W/VIS <= 1/4 MILE      0
HAZE                     10

-  INDICATES NEGATIVE NUMBERS.
R  INDICATES RECORD WAS SET OR TIED.
MM INDICATES DATA IS MISSING.
T  INDICATES TRACE AMOUNT.

$$
