000
CXHW52 PHFO 011620
CLMOGG

CLIMATE REPORT
NATIONAL WEATHER SERVICE HONOLULU HI
620 AM HST MON MAR 01 2021

...................................

...THE KAHULUI HI CLIMATE SUMMARY FOR THE MONTH OF FEBRUARY 2021...

CLIMATE NORMAL PERIOD 1981 TO 2010
CLIMATE RECORD PERIOD 1954 TO 2021

WEATHER         OBSERVED          NORMAL  DEPART   LAST YEAR`S
                VALUE   DATE(S)   VALUE   FROM     VALUE DATE(S)
                                          NORMAL
................................................................
TEMPERATURE (F)
RECORD
 HIGH             90   02/13/2016
 LOW              50   02/22/2009
                       02/02/1987
                       02/05/1973
HIGHEST           88   02/14         81       7       87  02/14
LOWEST            57   02/08         63      -6       55  02/08
AVG. MAXIMUM    81.4               80.7     0.7     81.9
AVG. MINIMUM    63.9               63.0     0.9     64.5
MEAN            72.6               71.8     0.8     73.2
DAYS MAX >= 90     0                                  MM
DAYS MAX >= 93     0                                  MM
DAYS MAX <= 80     9                                  MM
DAYS MIN >= 72     0                                  MM
DAYS MIN <= 60     0                                  MM
DAYS MIN <= 55     0                                  MM

PRECIPITATION (INCHES)
RECORD
 MAXIMUM        8.31   1972
 MINIMUM        0.06   2000
TOTALS          0.56               1.89   -1.33     2.23
DAILY AVG.      0.02               0.07   -0.05     0.08
DAYS >= .01        7                8.5    -1.5       14
DAYS >= .10        2                3.6    -1.6        6
DAYS >= .50        0                0.9    -0.9        1
DAYS >= 1.00       0                0.4    -0.4        0
GREATEST
 24 HR. TOTAL   0.20   02/17 TO 02/17               0.95

SNOWFALL (INCHES)
RECORDS
 TOTAL           0.0   5
TOTALS            MM                0.0      MM      0.0
SINCE 7/1         MM                0.0      MM       MM
SNOWDEPTH AVG.    MM                                  MM
DAYS >= 1.0       MM                0.0      MM        0
GREATEST
 SNOW DEPTH       MM                                  MM  MM
 24 HR TOTAL      MM                                 0.0

DEGREE DAYS
HEATING TOTAL      0                  0       0        0
 SINCE 7/1         0                  0       0        0
COOLING TOTAL    218                192      26      249
 SINCE 1/1       548                413     135      534
................................................................

WIND (MPH)
AVERAGE WIND SPEED              11.6
HIGHEST WIND SPEED/DIRECTION    37/080    DATE  02/25
HIGHEST GUST SPEED/DIRECTION    49/080    DATE  02/25

SKY COVER
POSSIBLE SUNSHINE (PERCENT)   MM
AVERAGE SKY COVER           0.33
NUMBER OF DAYS FAIR           18
NUMBER OF DAYS PC             10
NUMBER OF DAYS CLOUDY          0

AVERAGE RH (PERCENT)     69

WEATHER CONDITIONS. NUMBER OF DAYS WITH
THUNDERSTORM              0     MIXED PRECIP               0
HEAVY RAIN                1     RAIN                       2
LIGHT RAIN                8     FREEZING RAIN              0
LT FREEZING RAIN          0     HAIL                       0
HEAVY SNOW                0     SNOW                       0
LIGHT SNOW                0     SLEET                      0
FOG                       4     FOG W/VIS <= 1/4 MILE      0
HAZE                      3

-  INDICATES NEGATIVE NUMBERS.
R  INDICATES RECORD WAS SET OR TIED.
MM INDICATES DATA IS MISSING.
T  INDICATES TRACE AMOUNT.

$$
