000
CDUS44 KHGX 210717
CLIGLS

CLIMATE REPORT
NATIONAL WEATHER SERVICE HOUSTON/GALVESTON TX
117 AM CST WED FEB 21 2024

...................................

...THE GALVESTON CLIMATE SUMMARY FOR FEBRUARY 20 2024...

CLIMATE NORMAL PERIOD: 1991 TO 2020
CLIMATE RECORD PERIOD: 1874 TO 2024


WEATHER ITEM   OBSERVED TIME   RECORD YEAR NORMAL DEPARTURE LAST
                VALUE   (LST)  VALUE       VALUE  FROM      YEAR
                                                  NORMAL
...................................................................
TEMPERATURE (F)
 YESTERDAY
  MAXIMUM         71   1:06 PM  76    2018  67      4       76
  MINIMUM         51   6:46 AM  34    1908  53     -2       63
  AVERAGE         61                        60      1       70

PRECIPITATION (IN)
  YESTERDAY        0.00          2.64 1876   0.07  -0.07     0.00
  MONTH TO DATE    2.85                      1.55   1.30     1.07
  SINCE DEC 1     14.38                     10.08   4.30     6.75
  SINCE JAN 1     11.44                      5.85   5.59     3.74

SNOWFALL (IN)
  YESTERDAY        0.0
  MONTH TO DATE    0.0
  SINCE DEC 1      T
  SINCE JUL 1      T

DEGREE DAYS
 HEATING
  YESTERDAY        4                         6     -2        0
  MONTH TO DATE  108                       142    -34      156
  SINCE DEC 1    582                       662    -80      521
  SINCE JUL 1    700                       758    -58      680

 COOLING
  YESTERDAY        0                         1     -1        5
  MONTH TO DATE    7                        18    -11       17
  SINCE DEC 1     28                        62    -34      151
  SINCE JAN 1      8                        31    -23       56
...................................................................


WIND (MPH)
  HIGHEST WIND SPEED    16   HIGHEST WIND DIRECTION     S (170)
  HIGHEST GUST SPEED    20   HIGHEST GUST DIRECTION     S (170)
  AVERAGE WIND SPEED     7.9


WEATHER CONDITIONS
THE FOLLOWING WEATHER WAS RECORDED YESTERDAY.
  FOG


RELATIVE HUMIDITY (PERCENT)
 HIGHEST   100
 LOWEST     71
 AVERAGE    86

..........................................................


THE GALVESTON CLIMATE NORMALS FOR TODAY
                         NORMAL    RECORD    YEAR
 MAXIMUM TEMPERATURE (F)   68        80      1993
 MINIMUM TEMPERATURE (F)   54        33      1978


SUNRISE AND SUNSET
FEBRUARY 21 2024......SUNRISE   6:53 AM CST   SUNSET   6:13 PM CST
FEBRUARY 22 2024......SUNRISE   6:52 AM CST   SUNSET   6:14 PM CST


-  INDICATES NEGATIVE NUMBERS.
R  INDICATES RECORD WAS SET OR TIED.
MM INDICATES DATA IS MISSING.
T  INDICATES TRACE AMOUNT.




$$
