000
CDUS44 KHUN 130705
CLIHSV

CLIMATE REPORT
NATIONAL WEATHER SERVICE HUNTSVILLE AL
205 AM CDT SUN JUN 13 2021

...................................

...THE HUNTSVILLE CLIMATE SUMMARY FOR JUNE 12 2021...

CLIMATE NORMAL PERIOD 1991 TO 2020
CLIMATE RECORD PERIOD 1894 TO 2021


WEATHER ITEM   OBSERVED TIME   RECORD YEAR NORMAL DEPARTURE LAST
                VALUE   (LST)  VALUE       VALUE  FROM      YEAR
                                                  NORMAL
...................................................................
TEMPERATURE (F)
 YESTERDAY
  MAXIMUM         87   1128 AM 101    1914  89     -2       88
                                      1926
  MINIMUM         69   1159 PM  53    1988  68      1       61
  AVERAGE         78                        78      0       75

PRECIPITATION (IN)
  YESTERDAY        0.64          1.90 1964   0.13   0.51     0.00
  MONTH TO DATE    4.27                      1.54   2.73     1.01
  SINCE JUN 1      4.27                      1.54   2.73     1.01
  SINCE JAN 1     31.62                     26.56   5.06    41.43

SNOWFALL (IN)
  YESTERDAY        0.0
  MONTH TO DATE    0.0
  SINCE JUN 1      0.0
  SINCE JUL 1      3.6
  SNOW DEPTH       0

DEGREE DAYS
 HEATING
  YESTERDAY        0                         0      0        0
  MONTH TO DATE    0                         0      0        0
  SINCE JUN 1      0                         0      0        0
  SINCE JUL 1   2929                      2831     98     2654

 COOLING
  YESTERDAY       13                        13      0       10
  MONTH TO DATE  128                       143    -15      154
  SINCE JUN 1    128                       143    -15      154
  SINCE JAN 1    316                       451   -135      351
...................................................................


WIND (MPH)
  HIGHEST WIND SPEED    20   HIGHEST WIND DIRECTION     E (100)
  HIGHEST GUST SPEED    33   HIGHEST GUST DIRECTION     E (110)
  AVERAGE WIND SPEED     3.7


SKY COVER
  POSSIBLE SUNSHINE  MM
  AVERAGE SKY COVER 0.8


WEATHER CONDITIONS
THE FOLLOWING WEATHER WAS RECORDED YESTERDAY.
  THUNDERSTORM
  HEAVY RAIN
  RAIN
  LIGHT RAIN
  FOG
  FOG W/VISIBILITY <= 1/4 MILE


RELATIVE HUMIDITY (PERCENT)
 HIGHEST   100          1200 AM
 LOWEST     77          1200 PM
 AVERAGE    89

..........................................................


THE HUNTSVILLE CLIMATE NORMALS FOR TODAY
                         NORMAL    RECORD    YEAR
 MAXIMUM TEMPERATURE (F)   89       100      1914
 MINIMUM TEMPERATURE (F)   68        50      1985


SUNRISE AND SUNSET
JUNE 13 2021..........SUNRISE   534 AM CDT   SUNSET   801 PM CDT
JUNE 14 2021..........SUNRISE   534 AM CDT   SUNSET   801 PM CDT


-  INDICATES NEGATIVE NUMBERS.
R  INDICATES RECORD WAS SET OR TIED.
MM INDICATES DATA IS MISSING.
T  INDICATES TRACE AMOUNT.




$$
