000
CDUS44 KHUN 122126
CLIHSV

CLIMATE REPORT
NATIONAL WEATHER SERVICE HUNTSVILLE AL
426 PM CDT WED AUG 12 2020

...................................

...THE HUNTSVILLE CLIMATE SUMMARY FOR AUGUST 12 2020...
VALID TODAY AS OF 0400 PM LOCAL TIME.

CLIMATE NORMAL PERIOD 1981 TO 2010
CLIMATE RECORD PERIOD 1894 TO 2020


WEATHER ITEM   OBSERVED TIME   RECORD YEAR NORMAL DEPARTURE LAST
                VALUE   (LST)  VALUE       VALUE  FROM      YEAR
                                                  NORMAL
...................................................................
TEMPERATURE (F)
 TODAY
  MAXIMUM         93   1252 PM 103    2010  91      2       94
  MINIMUM         74    558 AM  57    2004  70      4       69
                                      2012
  AVERAGE         84                        81      3       82

PRECIPITATION (IN)
  TODAY            T             1.59 1996   0.12  -0.12     0.00
  MONTH TO DATE    0.50                      1.47  -0.97     1.70
  SINCE JUN 1      7.61                      9.81  -2.20     7.24
  SINCE JAN 1     48.03                     34.18  13.85    42.08

SNOWFALL (IN)
  TODAY            0.0
  MONTH TO DATE    0.0
  SINCE JUN 1      0.0
  SINCE JUL 1      0.0
  SNOW DEPTH       0

DEGREE DAYS
 HEATING
  TODAY            0                         0      0        0
  MONTH TO DATE    0                         0      0        0
  SINCE JUN 1      0                         1     -1        0
  SINCE JUL 1      0                         0      0        0

 COOLING
  TODAY           19                        16      3       17
  MONTH TO DATE  199                       192      7      188
  SINCE JUN 1   1069                      1054     15     1111
  SINCE JAN 1   1266                      1317    -51     1509
...................................................................


WIND (MPH)
  HIGHEST WIND SPEED    17   HIGHEST WIND DIRECTION    SW (220)
  HIGHEST GUST SPEED    23   HIGHEST GUST DIRECTION    SW (220)
  AVERAGE WIND SPEED    MM


SKY COVER
  POSSIBLE SUNSHINE  MM
  AVERAGE SKY COVER 0.5


WEATHER CONDITIONS
THE FOLLOWING WEATHER WAS RECORDED TODAY.
  THUNDERSTORM
  LIGHT RAIN


RELATIVE HUMIDITY (PERCENT)
 HIGHEST    97           600 AM
 LOWEST     54          1200 PM
 AVERAGE    76

..........................................................


THE HUNTSVILLE CLIMATE NORMALS FOR TOMORROW
                         NORMAL    RECORD    YEAR
 MAXIMUM TEMPERATURE (F)   91       104      2007
 MINIMUM TEMPERATURE (F)   70        51      2004


SUNRISE AND SUNSET
AUGUST 12 2020........SUNRISE   606 AM CDT   SUNSET   738 PM CDT
AUGUST 13 2020........SUNRISE   607 AM CDT   SUNSET   737 PM CDT


-  INDICATES NEGATIVE NUMBERS.
R  INDICATES RECORD WAS SET OR TIED.
MM INDICATES DATA IS MISSING.
T  INDICATES TRACE AMOUNT.




$$
