796
CDUS44 KHUN 192121
CLIHSV


CLIMATE REPORT
NATIONAL WEATHER SERVICE HUNTSVILLE AL
421 PM CDT SAT OCT 19 2019

...................................

...THE HUNTSVILLE CLIMATE SUMMARY FOR OCTOBER 19 2019...
VALID TODAY AS OF 0400 PM LOCAL TIME.

CLIMATE NORMAL PERIOD 1981 TO 2010
CLIMATE RECORD PERIOD 1894 TO 2019


WEATHER ITEM   OBSERVED TIME   RECORD YEAR NORMAL DEPARTURE LAST
                VALUE   (LST)  VALUE       VALUE  FROM      YEAR
                                                  NORMAL
...................................................................
TEMPERATURE (F)
 TODAY
  MAXIMUM         64    928 AM  90    1926  74    -10       78
                                      2016
  MINIMUM         53    333 AM  25    1948  50      3       46
  AVERAGE         59                        62     -3       62

PRECIPITATION (IN)
  TODAY            0.07          2.78 2004   0.11  -0.04     0.00
  MONTH TO DATE    1.81                      2.12  -0.31     1.17
  SINCE SEP 1      2.08                      5.84  -3.76     6.39
  SINCE JAN 1     45.21                     42.16   3.05    42.50

SNOWFALL (IN)
  TODAY            0.0
  MONTH TO DATE    0.0
  SINCE SEP 1      0.0
  SINCE JUL 1      0.0
  SNOW DEPTH       0

DEGREE DAYS
 HEATING
  TODAY            6                         5      1        3
  MONTH TO DATE   60                        61     -1       22
  SINCE SEP 1     60                        74    -14       22
  SINCE JUL 1     60                        74    -14       22

 COOLING
  TODAY            0                         2     -2        0
  MONTH TO DATE  126                        56     70      154
  SINCE SEP 1    600                       331    269      621
  SINCE JAN 1   2391                      1926    465     2501
...................................................................


WIND (MPH)
  HIGHEST WIND SPEED    18   HIGHEST WIND DIRECTION    SE (120)
  HIGHEST GUST SPEED    23   HIGHEST GUST DIRECTION    SE (120)
  AVERAGE WIND SPEED     9.9


SKY COVER
  POSSIBLE SUNSHINE  MM
  AVERAGE SKY COVER 0.7


WEATHER CONDITIONS
THE FOLLOWING WEATHER WAS RECORDED TODAY.
  LIGHT RAIN
  FOG


RELATIVE HUMIDITY (PERCENT)
 HIGHEST   100          1200 PM
 LOWEST     60          1200 AM
 AVERAGE    80

..........................................................


THE HUNTSVILLE CLIMATE NORMALS FOR TOMORROW
                         NORMAL    RECORD    YEAR
 MAXIMUM TEMPERATURE (F)   73        90      1941
 MINIMUM TEMPERATURE (F)   50        30      1913
                                             1925


SUNRISE AND SUNSET
OCTOBER 19 2019.......SUNRISE   656 AM CDT   SUNSET   608 PM CDT
OCTOBER 20 2019.......SUNRISE   657 AM CDT   SUNSET   607 PM CDT


-  INDICATES NEGATIVE NUMBERS.
R  INDICATES RECORD WAS SET OR TIED.
MM INDICATES DATA IS MISSING.
T  INDICATES TRACE AMOUNT.




$$
