000
CXUS54 KHUN 042056
CLMHSV

CLIMATE REPORT
NATIONAL WEATHER SERVICE HUNTSVILLE AL
356 PM CDT MON MAY 04 2020

...................................

...THE HUNTSVILLE CLIMATE SUMMARY FOR THE MONTH OF APRIL 2020...

CLIMATE NORMAL PERIOD 1981 TO 2010
CLIMATE RECORD PERIOD 1894 TO 2020

WEATHER         OBSERVED          NORMAL  DEPART   LAST YEAR`S
                VALUE   DATE(S)   VALUE   FROM     VALUE
                                          NORMAL
..............................................................
TEMPERATURE (F)
RECORD
 HIGH             95   04/22/1925
 LOW              24   04/01/1923
HIGHEST           83   04/06         MM      MM       87
LOWEST            34   04/15         MM      MM       33
AVG. MAXIMUM    70.4               73.6    -3.2     75.8
AVG. MINIMUM    47.3               50.0    -2.7     51.5
MEAN            58.9               61.8    -2.9     63.7
DAYS MAX >= 90     0                0.4    -0.4        0
DAYS MAX <= 32     0                0.0     0.0        0
DAYS MIN <= 32     0                0.6    -0.6        0
DAYS MIN <= 0      0                0.0     0.0        0

PRECIPITATION (INCHES)
RECORD
 MAXIMUM       14.00   1911
 MINIMUM        0.25
TOTALS          6.94               4.32    2.62     6.50
DAILY AVG.      0.23               0.14    0.09     0.26
DAYS >= .01       12               10.1     1.9       13
DAYS >= .10       10                6.7     3.3       11
DAYS >= .50        3                3.1    -0.1        3
DAYS >= 1.00       2                1.3     0.7        2
GREATEST
 24 HR. TOTAL   3.02   04/12 TO 04/13               2.83

SNOWFALL (INCHES)
RECORDS
 TOTAL             T   2014
 24 HR TOTAL       T   04/15/2014 TO 04/15/2014
                       04/13/2004 TO 04/13/2004
                       04/13/2004 TO 04/02/1993
TOTALS           0.0                0.0     0.0      0.0
SINCE 7/1         MM                2.4      MM       MM
DAYS >= TRACE     MM                0.0      MM       MM
DAYS >= 1.0       MM                0.0      MM       MM
GREATEST
 SNOW DEPTH       MM                                  MM
 24 HR TOTAL      MM

DEGREE DAYS
HEATING TOTAL    194                154      40      101
 SINCE 7/1      2578               2974    -396       MM
COOLING TOTAL     17                 58     -41       70
 SINCE 1/1        46                 72     -26       MM

FREEZE DATES
RECORD
 EARLIEST     10/09/2000
 LATEST       05/07/1944
EARLIEST                        11/01
LATEST                          03/19
..............................................................

WIND (MPH)
AVERAGE WIND SPEED              7.4
HIGHEST WIND SPEED/DIRECTION    36/140    DATE  04/22
HIGHEST GUST SPEED/DIRECTION    48/250    DATE  04/13

SKY COVER
POSSIBLE SUNSHINE (PERCENT)   MM


WEATHER CONDITIONS. NUMBER OF DAYS WITH
THUNDERSTORM              5     MIXED PRECIP               0
HEAVY RAIN                7     RAIN                       6
LIGHT RAIN               15     FREEZING RAIN              0
LT FREEZING RAIN          0     HAIL                       0
HEAVY SNOW                0     SNOW                       0
LIGHT SNOW                0     SLEET                      0
FOG                      13     FOG W/VIS <= 1/4 MILE      1

-  INDICATES NEGATIVE NUMBERS.
R  INDICATES RECORD WAS SET OR TIED.
MM INDICATES DATA IS MISSING.
T  INDICATES TRACE AMOUNT.

$$
