000
CDUS44 KHUN 272125
CLIMSL

CLIMATE REPORT
NATIONAL WEATHER SERVICE HUNTSVILLE AL
425 PM CDT WED MAY 27 2020

...................................

...THE MUSCLE SHOALS CLIMATE SUMMARY FOR MAY 27 2020...
VALID TODAY AS OF 0400 PM LOCAL TIME.

CLIMATE NORMAL PERIOD 1981 TO 2010
CLIMATE RECORD PERIOD 1893 TO 2020


WEATHER ITEM   OBSERVED TIME   RECORD YEAR NORMAL DEPARTURE LAST
                VALUE   (LST)  VALUE       VALUE  FROM      YEAR
                                                  NORMAL
...................................................................
TEMPERATURE (F)
 TODAY
  MAXIMUM         80    155 PM  97    2012  84     -4       97
                                      2019
  MINIMUM         68    954 AM  39    1961  62      6       69
  AVERAGE         74                        73      1       83

PRECIPITATION (IN)
  TODAY            0.77          2.32 1924   0.16   0.61     0.00
  MONTH TO DATE    3.84                      4.44  -0.60     4.80
  SINCE MAR 1     19.56                     13.55   6.01    14.29
  SINCE JAN 1     39.90                     22.82  17.08    33.27

SNOWFALL (IN)
  TODAY            0.0
  MONTH TO DATE    0.0
  SINCE MAR 1      0.0
  SINCE JUL 1      0.2
  SNOW DEPTH       0

DEGREE DAYS
 HEATING
  TODAY            0                         0      0        0
  MONTH TO DATE   59                        29     30        4
  SINCE MAR 1    363                       567   -204      514
  SINCE JUL 1   2396                      3102   -706     2751

 COOLING
  TODAY            9                         8      1       18
  MONTH TO DATE  157                       146     11      241
  SINCE MAR 1    240                       210     30      307
  SINCE JAN 1    241                       211     30      314
...................................................................


WIND (MPH)
  HIGHEST WIND SPEED    17   HIGHEST WIND DIRECTION     W (280)
  HIGHEST GUST SPEED    20   HIGHEST GUST DIRECTION     W (280)
  AVERAGE WIND SPEED     6.8


SKY COVER
  POSSIBLE SUNSHINE  MM
  AVERAGE SKY COVER 0.9


WEATHER CONDITIONS
THE FOLLOWING WEATHER WAS RECORDED TODAY.
  HEAVY RAIN
  RAIN
  LIGHT RAIN
  FOG


RELATIVE HUMIDITY (PERCENT)
 HIGHEST    93           700 AM
 LOWEST     69          1200 PM
 AVERAGE    81

..........................................................


THE MUSCLE SHOALS CLIMATE NORMALS FOR TOMORROW
                         NORMAL    RECORD    YEAR
 MAXIMUM TEMPERATURE (F)   84        97      1962
 MINIMUM TEMPERATURE (F)   62        39      1961


SUNRISE AND SUNSET
MAY 27 2020...........SUNRISE   540 AM CDT   SUNSET   756 PM CDT
MAY 28 2020...........SUNRISE   540 AM CDT   SUNSET   756 PM CDT


-  INDICATES NEGATIVE NUMBERS.
R  INDICATES RECORD WAS SET OR TIED.
MM INDICATES DATA IS MISSING.
T  INDICATES TRACE AMOUNT.




$$
