797
CDUS44 KHUN 192121
CLIMSL


CLIMATE REPORT
NATIONAL WEATHER SERVICE HUNTSVILLE AL
421 PM CDT SAT OCT 19 2019

...................................

...THE MUSCLE SHOALS CLIMATE SUMMARY FOR OCTOBER 19 2019...
VALID TODAY AS OF 0400 PM LOCAL TIME.

CLIMATE NORMAL PERIOD 1981 TO 2010
CLIMATE RECORD PERIOD 1893 TO 2019


WEATHER ITEM   OBSERVED TIME   RECORD YEAR NORMAL DEPARTURE LAST
                VALUE   (LST)  VALUE       VALUE  FROM      YEAR
                                                  NORMAL
...................................................................
TEMPERATURE (F)
 TODAY
  MAXIMUM         69    143 PM  91    2016  73     -4       79
  MINIMUM         45    343 AM  28    1948  49     -4       45
  AVERAGE         57                        61     -4       62

PRECIPITATION (IN)
  TODAY            T             3.05 2004   0.10  -0.10     0.00
  MONTH TO DATE    1.41                      2.00  -0.59     1.75
  SINCE SEP 1      1.52                      5.72  -4.20     4.82
  SINCE JAN 1     47.93                     41.43   6.50    47.03

SNOWFALL (IN)
  TODAY            0.0
  MONTH TO DATE    0.0
  SINCE SEP 1      0.0
  SINCE JUL 1      0.0
  SNOW DEPTH       0

DEGREE DAYS
 HEATING
  TODAY            8                         6      2        3
  MONTH TO DATE   57                        69    -12       27
  SINCE SEP 1     57                        84    -27       27
  SINCE JUL 1     57                        84    -27       27

 COOLING
  TODAY            0                         1     -1        0
  MONTH TO DATE  130                        49     81      149
  SINCE SEP 1    626                       308    318      589
  SINCE JAN 1   2488                      1851    637     2472
...................................................................


WIND (MPH)
  HIGHEST WIND SPEED    14   HIGHEST WIND DIRECTION    SE (120)
  HIGHEST GUST SPEED    17   HIGHEST GUST DIRECTION    SE (120)
  AVERAGE WIND SPEED     6.5


SKY COVER
  POSSIBLE SUNSHINE  MM
  AVERAGE SKY COVER 0.7


WEATHER CONDITIONS
THE FOLLOWING WEATHER WAS RECORDED TODAY.
  LIGHT RAIN
  HAZE


RELATIVE HUMIDITY (PERCENT)
 HIGHEST    86           100 AM
 LOWEST     66          1000 AM
 AVERAGE    76

..........................................................


THE MUSCLE SHOALS CLIMATE NORMALS FOR TOMORROW
                         NORMAL    RECORD    YEAR
 MAXIMUM TEMPERATURE (F)   73        89      1908
 MINIMUM TEMPERATURE (F)   48        28      1917


SUNRISE AND SUNSET
OCTOBER 19 2019.......SUNRISE   659 AM CDT   SUNSET   611 PM CDT
OCTOBER 20 2019.......SUNRISE   700 AM CDT   SUNSET   610 PM CDT


-  INDICATES NEGATIVE NUMBERS.
R  INDICATES RECORD WAS SET OR TIED.
MM INDICATES DATA IS MISSING.
T  INDICATES TRACE AMOUNT.




$$
