000
CDUS44 KHUN 192123
CLIMSL

CLIMATE REPORT
NATIONAL WEATHER SERVICE HUNTSVILLE AL
423 PM CDT MON OCT 19 2020

...................................

...THE MUSCLE SHOALS CLIMATE SUMMARY FOR OCTOBER 19 2020...
VALID TODAY AS OF 0400 PM LOCAL TIME.

CLIMATE NORMAL PERIOD 1981 TO 2010
CLIMATE RECORD PERIOD 1893 TO 2020


WEATHER ITEM   OBSERVED TIME   RECORD YEAR NORMAL DEPARTURE LAST
                VALUE   (LST)  VALUE       VALUE  FROM      YEAR
                                                  NORMAL
...................................................................
TEMPERATURE (F)
 TODAY
  MAXIMUM         82    213 PM  91    2016  73      9       69
  MINIMUM         59    243 AM  28    1948  49     10       45
  AVERAGE         71                        61     10       57

PRECIPITATION (IN)
  TODAY            0.00          3.05 2004   0.10  -0.10      T
  MONTH TO DATE    2.02                      2.00   0.02     1.41
  SINCE SEP 1      6.81                      5.72   1.09     1.52
  SINCE JAN 1     64.33                     41.43  22.90    47.93

SNOWFALL (IN)
  TODAY            0.0
  MONTH TO DATE    0.0
  SINCE SEP 1      0.0
  SINCE JUL 1      0.0
  SNOW DEPTH       0

DEGREE DAYS
 HEATING
  TODAY            0                         6     -6        8
  MONTH TO DATE   40                        69    -29       57
  SINCE SEP 1     48                        84    -36       57
  SINCE JUL 1     48                        84    -36       57

 COOLING
  TODAY            6                         1      5        0
  MONTH TO DATE   46                        49     -3      130
  SINCE SEP 1    329                       308     21      626
  SINCE JAN 1   2088                      1851    237     2488
...................................................................


WIND (MPH)
  HIGHEST WIND SPEED    17   HIGHEST WIND DIRECTION    SW (210)
  HIGHEST GUST SPEED    24   HIGHEST GUST DIRECTION     S (170)
  AVERAGE WIND SPEED     8.4


SKY COVER
  POSSIBLE SUNSHINE  MM
  AVERAGE SKY COVER 0.3


WEATHER CONDITIONS
THE FOLLOWING WEATHER WAS RECORDED TODAY.
  NO SIGNIFICANT WEATHER WAS OBSERVED.


RELATIVE HUMIDITY (PERCENT)
 HIGHEST    87           500 AM
 LOWEST     54           300 PM
 AVERAGE    71

..........................................................


THE MUSCLE SHOALS CLIMATE NORMALS FOR TOMORROW
                         NORMAL    RECORD    YEAR
 MAXIMUM TEMPERATURE (F)   73        89      1908
 MINIMUM TEMPERATURE (F)   48        28      1917


SUNRISE AND SUNSET
OCTOBER 19 2020.......SUNRISE   700 AM CDT   SUNSET   610 PM CDT
OCTOBER 20 2020.......SUNRISE   701 AM CDT   SUNSET   609 PM CDT


-  INDICATES NEGATIVE NUMBERS.
R  INDICATES RECORD WAS SET OR TIED.
MM INDICATES DATA IS MISSING.
T  INDICATES TRACE AMOUNT.




$$
