000
CXUS54 KHUN 031407
CLMMSL


CLIMATE REPORT
NATIONAL WEATHER SERVICE HUNTSVILLE AL
907 AM CDT THU OCT 03 2019

...................................

...THE MUSCLE SHOALS CLIMATE SUMMARY FOR THE MONTH OF SEPTEMBER 2019...

CLIMATE NORMAL PERIOD 1981 TO 2010
CLIMATE RECORD PERIOD 1893 TO 2019

WEATHER         OBSERVED          NORMAL  DEPART   LAST YEAR`S
                VALUE   DATE(S)   VALUE   FROM     VALUE
                                          NORMAL
..............................................................
TEMPERATURE (F)
RECORD
 HIGH            108   09/08/1925
 LOW              35   09/30/1901
HIGHEST          100   09/13         MM      MM      100
                       09/16
                       09/17
LOWEST            60   09/24         MM      MM       60
                       09/25
AVG. MAXIMUM    95.1               84.7    10.4     89.9
AVG. MINIMUM    67.5               61.6     5.9     68.9
MEAN            81.3               73.2     8.1     79.4
DAYS MAX >= 90    30                6.3    23.7       19
DAYS MAX <= 32     0                0.0     0.0        0
DAYS MIN <= 32     0                0.0     0.0        0
DAYS MIN <= 0      0                0.0     0.0        0

PRECIPITATION (INCHES)
RECORD
 MAXIMUM       10.13   1979
 MINIMUM        0.00
TOTALS          0.11               3.72   -3.61     3.07
DAILY AVG.      0.00               0.12   -0.12
DAYS >= .01        3                7.7    -4.7        9
DAYS >= .10        0                5.2    -5.2        5
DAYS >= .50        0                2.5    -2.5        2
DAYS >= 1.00       0                1.2    -1.2        1
GREATEST
 24 HR. TOTAL   0.05   09/24 TO 09/25               1.96
                       09/25 TO 09/25
                       09/25 TO 09/26

SNOWFALL (INCHES)
RECORDS
 TOTAL           0.0   2002
 24 HR TOTAL     0.0   MM
TOTALS           0.0                0.0     0.0      0.0
SINCE 7/1         MM                0.0      MM       MM
DAYS >= TRACE     MM                0.0      MM
DAYS >= 1.0       MM                0.0      MM
GREATEST
 24 HR TOTAL      MM                                 0.0

DEGREE DAYS
HEATING TOTAL      0                 15     -15        0
 SINCE 7/1         0                 15     -15       MM
COOLING TOTAL    496                259     237      440
 SINCE 1/1      2358               1802     556       MM

FREEZE DATES
RECORD
 EARLIEST     10/03/1908
 LATEST       04/27/1919
EARLIEST                        MM
LATEST                          03/20
..............................................................

WIND (MPH)
AVERAGE WIND SPEED              3.2
HIGHEST WIND SPEED/DIRECTION    28/240    DATE  09/11
HIGHEST GUST SPEED/DIRECTION    35/250    DATE  09/11

SKY COVER
POSSIBLE SUNSHINE (PERCENT)   MM


WEATHER CONDITIONS. NUMBER OF DAYS WITH
THUNDERSTORM              3     MIXED PRECIP               0
HEAVY RAIN                1     RAIN                       1
LIGHT RAIN                3     FREEZING RAIN              0
LT FREEZING RAIN          0     HAIL                       0
HEAVY SNOW                0     SNOW                       0
LIGHT SNOW                0     SLEET                      0
FOG                      14     FOG W/VIS <= 1/4 MILE      1

-  INDICATES NEGATIVE NUMBERS.
R  INDICATES RECORD WAS SET OR TIED.
MM INDICATES DATA IS MISSING.
T  INDICATES TRACE AMOUNT.

$$
