000
CXUS52 KGSP 010817
CF6AND
PRELIMINARY LOCAL CLIMATOLOGICAL DATA (WS FORM: F-6)
STATION: ANDERSON SC
MONTH: AUGUST
YEAR: 2020
LATITUDE: 34 30 N
LONGITUDE: 82 43 W
TEMPERATURE IN F: :PCPN: SNOW: WIND :SUNSHINE: SKY :PK WND
================================================================================
1 2 3 4 5 6A 6B 7 8 9 10 11 12 13 14 15 16 17 18
12Z AVG MX 2MIN
DY MAX MIN AVG DEP HDD CDD WTR SNW DPTH SPD SPD DIR MIN PSBL S-S WX SPD DR
================================================================================
1 94 72 83 4 0 18 0.00 M M 7.5 20 230 M M 2 1 25 210
2 92 73 83 4 0 18 0.01 M M 5.4 21 180 M M 2 3 26 180
3 90 68 79 0 0 14 1.03 M M 4.8 21 320 M M 4 13 25 330
4 89 65 77 -2 0 12 T M M 4.5 16 270 M M 4 12 20 270
5 92 71 82 3 0 17 0.17 M M 5.1 20 80 M M 3 13 23 80
6 90 71 81 2 0 16 T M M 4.8 20 230 M M 2 3 23 220
7 88 73 81 2 0 16 0.01 M M 3.3 12 230 M M 6 3 13 70
8 92 72 82 3 0 17 0.00 M M 2.6 10 210 M M 4 17 200
9 92 71 82 3 0 17 0.02 M M 2.8 22 310 M M 1 3 27 270
10 89 71 80 1 0 15 0.00 M M 4.2 18 230 M M 2 23 310
11 93 69 81 2 0 16 0.02 M M 2.2 30 330 M M 1 13 36 320
12 93 71 82 3 0 17 0.13 M M 4.7 22 340 M M 3 3 27 330
13 91 72 82 3 0 17 0.12 M M 3.4 17 80 M M 2 13 21 80
14 88 72 80 1 0 15 0.11 M M 3.2 10 200 M M 4 13 14 240
15 86 72 79 0 0 14 0.71 M M 4.5 23 280 M M 6 13 36 270
16 87 70 79 0 0 14 0.00 M M 3.9 10 40 M M 5 12 40
17 88 70 79 0 0 14 0.07 M M 3.5 20 330 M M 3 23 330
18 89 65 77 -2 0 12 0.00 M M 3.8 13 100 M M 2 17 110
19 87 69 78 0 0 13 0.18 M M 3.2 18 340 M M 1 13 26 330
20 85 68 77 -1 0 12 0.44 M M 7.5 22 200 M M 4 13 27 200
21 79 69 74 -4 0 9 1.02 M M 4.7 15 70 M M 8 1 17 80
22 86 68 77 -1 0 12 0.06 M M 4.6 18 190 M M 6 12 22 170
23 84 68 76 -2 0 11 0.00 M M 3.3 15 180 M M 4 1 18 180
24 84 71 78 0 0 13 0.06 M M 2.1 18 150 M M 3 1 23 150
25 78 73 76 -2 0 11 0.11 M M 2.7 8 210 M M 5 10 210
26 89 73 81 3 0 16 0.00 M M 4.3 12 220 M M 3 1 18 270
27 90 69 80 3 0 15 0.00 M M 3.4 12 230 M M 1 12 15 220
28 90 75 83 6 0 18 T M M 6.8 15 220 M M 2 20 230
29 90 74 82 5 0 17 0.01 M M 11.6 24 230 M M 5 31 230
30 91 72 82 5 0 17 0.03 M M 4.4 20 290 M M 2 3 25 280
31 87 72 80 3 0 15 T M M 3.3 10 310 M M 2 11 290
================================================================================
SM 2743 2189 0 458 4.31 M 136.1 M 102
================================================================================
AV 88.5 70.6 4.4 FASTST M M 3 MAX(MPH)
MISC ----> 30 330 # 36 320
================================================================================
NOTES:
# LAST OF SEVERAL OCCURRENCES
COLUMN 17 PEAK WIND IN M.P.H.
PRELIMINARY LOCAL CLIMATOLOGICAL DATA (WS FORM: F-6) , PAGE 2
STATION: ANDERSON SC
MONTH: AUGUST
YEAR: 2020
LATITUDE: 34 30 N
LONGITUDE: 82 43 W
[TEMPERATURE DATA] [PRECIPITATION DATA] SYMBOLS USED IN COLUMN 16
AVERAGE MONTHLY: 79.5 TOTAL FOR MONTH: 4.31 1 = FOG OR MIST
DPTR FM NORMAL: 1.0 DPTR FM NORMAL: 0.52 2 = FOG REDUCING VISIBILITY
HIGHEST: 94 ON 1 GRTST 24HR 1.41 ON 20-21 TO 1/4 MILE OR LESS
LOWEST: 65 ON 18, 4 3 = THUNDER
SNOW, ICE PELLETS, HAIL 4 = ICE PELLETS
TOTAL MONTH: M 5 = HAIL
GRTST 24HR M ON M 6 = FREEZING RAIN OR DRIZZLE
GRTST DEPTH: M ON M 7 = DUSTSTORM OR SANDSTORM:
VSBY 1/2 MILE OR LESS
8 = SMOKE OR HAZE
[NO. OF DAYS WITH] [WEATHER - DAYS WITH] 9 = BLOWING SNOW
X = TORNADO
MAX 32 OR BELOW: 0 0.01 INCH OR MORE: 19
MAX 90 OR ABOVE: 14 0.10 INCH OR MORE: 10
MIN 32 OR BELOW: 0 0.50 INCH OR MORE: 3
MIN 0 OR BELOW: 0 1.00 INCH OR MORE: 2
[HDD (BASE 65) ]
TOTAL THIS MO. 0 CLEAR (SCALE 0-3) 17
DPTR FM NORMAL 0 PTCLDY (SCALE 4-7) 13
TOTAL FM JUL 1 0 CLOUDY (SCALE 8-10) 1
DPTR FM NORMAL 0
[CDD (BASE 65) ]
TOTAL THIS MO. 458
DPTR FM NORMAL 39 [PRESSURE DATA]
TOTAL FM JAN 1 1551 HIGHEST SLP 30.18 ON 24
DPTR FM NORMAL 157 LOWEST SLP 29.76 ON 29
[REMARKS]
#FINAL-08-20#