000
CXUS53 KILX 010900
CF6BMI
PRELIMINARY LOCAL CLIMATOLOGICAL DATA (WS FORM: F-6)
STATION: BLOOMINGTON IL AIRPORT
MONTH: JULY
YEAR: 2021
LATITUDE: 40 28 N
LONGITUDE: 88 56 W
TEMPERATURE IN F: :PCPN: SNOW: WIND :SUNSHINE: SKY :PK WND
================================================================================
1 2 3 4 5 6A 6B 7 8 9 10 11 12 13 14 15 16 17 18
12Z AVG MX 2MIN
DY MAX MIN AVG DEP HDD CDD WTR SNW DPTH SPD SPD DIR MIN PSBL S-S WX SPD DR
================================================================================
1 82 60 71 M 0 6 0.00 M M 10.5 18 40 M M 5 1 24 30
2 77 57 67 M 0 2 0.00 M M 7.5 13 40 M M 0 18 40
3 82 58 70 M 0 5 0.00 M M 6.1 9 290 M M 0 M M
4 86 68 77 M 0 12 0.00 M M 8.3 14 240 M M 0 M M
5 86 70 78 M 0 13 0.00 M M 8.5 13 210 M M 0 18 230
6 87 69 78 M 0 13 0.00 M M 6.8 15 200 M M 1 17 240
7 86 69 78 M 0 13 0.14 M M 7.8 28 280 M M 3 13 33 280
8 76 62 69 M 0 4 0.01 M M 8.4 14 320 M M 7 1 M M
9 74 59 67 M 0 2 0.01 M M 5.9 9 90 M M 2 31 290
10 75 63 69 M 0 4 0.20 M M 9.8 16 140 M M 9 1 22 140
11 71 66 69 M 0 4 0.09 M M 11.2 18 40 M M 10 1 22 40
12 78 66 72 M 0 7 1.27 M M 6.9 14 70 M M 8 12 M M
13 79 66 73 M 0 8 0.00 M M 7.3 14 300 M M 7 12 M M
14 84 65 75 M 0 10 0.00 M M 10.2 16 180 M M 0 1 20 200
15 83 69 76 M 0 11 0.68 M M 8.4 20 310 M M 6 1 24 210
16 74 64 69 M 0 4 0.93 M M 6.2 13 30 M M 8 1 M M
17 80 62 71 M 0 6 0.00 M M 7.7 13 40 M M 5 1 M M
18 81 61 71 M 0 6 T M M 6.1 8 90 M M 5 12 M M
19 83 63 73 M 0 8 0.00 M M 6.2 10 40 M M 1 1 M M
20 83 65 74 M 0 9 0.00 M M 8.0 12 360 M M 1 18 350
21 83 64 74 M 0 9 T M M 5.8 12 50 M M 1 18 M M
22 86 66 76 M 0 11 0.00 M M 6.0 9 190 M M 3 1 M M
23 87 71 79 M 0 14 0.00 M M 7.9 13 200 M M 1 18 M M
24 90 72 81 M 0 16 0.02 M M 10.6 17 220 M M 3 13 22 230
25 89 73 81 M 0 16 0.00 M M 7.4 14 360 M M 0 17 350
26 88 68 78 M 0 13 0.00 M M 5.2 9 30 M M 0 M M
27 87 67 77 M 0 12 0.00 M M 3.9 12 230 M M 0 8 M M
28 88 70 79 M 0 14 0.00 M M 6.5 13 200 M M 0 20 210
29 85 69 77 M 0 12 0.03 M M 11.5 23 290 M M 1 13 31 250
30 78 63 71 M 0 6 0.00 M M 9.4 17 40 M M 1 M M
31 72 58 65 M 0 0 0.14 M M 4.3 9 230 M M 5 18 M M
================================================================================
SM 2540 2023 0 270 3.52 M 236.3 M 93
================================================================================
AV 81.9 65.3 7.6 FASTST M M 3 MAX(MPH)
MISC ----> 28 280 33 280
================================================================================
NOTES:
# LAST OF SEVERAL OCCURRENCES
COLUMN 17 PEAK WIND IN M.P.H.
PRELIMINARY LOCAL CLIMATOLOGICAL DATA (WS FORM: F-6) , PAGE 2
STATION: BLOOMINGTON IL AIRPORT
MONTH: JULY
YEAR: 2021
LATITUDE: 40 28 N
LONGITUDE: 88 56 W
[TEMPERATURE DATA] [PRECIPITATION DATA] SYMBOLS USED IN COLUMN 16
AVERAGE MONTHLY: 73.6 TOTAL FOR MONTH: 3.52 1 = FOG OR MIST
DPTR FM NORMAL: 0.0 DPTR FM NORMAL: M 2 = FOG REDUCING VISIBILITY
HIGHEST: 90 ON 24 GRTST 24HR 1.27 ON 12-12 TO 1/4 MILE OR LESS
LOWEST: 57 ON 2 3 = THUNDER
SNOW, ICE PELLETS, HAIL 4 = ICE PELLETS
TOTAL MONTH: M 5 = HAIL
GRTST 24HR M ON M 6 = FREEZING RAIN OR DRIZZLE
GRTST DEPTH: M ON M 7 = DUSTSTORM OR SANDSTORM:
VSBY 1/2 MILE OR LESS
8 = SMOKE OR HAZE
[NO. OF DAYS WITH] [WEATHER - DAYS WITH] 9 = BLOWING SNOW
X = TORNADO
MAX 32 OR BELOW: 0 0.01 INCH OR MORE: 11
MAX 90 OR ABOVE: 1 0.10 INCH OR MORE: 6
MIN 32 OR BELOW: 0 0.50 INCH OR MORE: 3
MIN 0 OR BELOW: 0 1.00 INCH OR MORE: 1
[HDD (BASE 65) ]
TOTAL THIS MO. 0 CLEAR (SCALE 0-3) 20
DPTR FM NORMAL M PTCLDY (SCALE 4-7) 9
TOTAL FM JUL 1 0 CLOUDY (SCALE 8-10) 2
DPTR FM NORMAL M
[CDD (BASE 65) ]
TOTAL THIS MO. 270
DPTR FM NORMAL M [PRESSURE DATA]
TOTAL FM JAN 1 647 HIGHEST SLP M ON M
DPTR FM NORMAL M LOWEST SLP M ON M
[REMARKS]
#FINAL-07-21#