000
CXUS54 KLCH 010830
CF6BPT
PRELIMINARY LOCAL CLIMATOLOGICAL DATA (WS FORM: F-6)
STATION: BEAUMONT PORT ARTHUR
MONTH: MARCH
YEAR: 2023
LATITUDE: 29 57 N
LONGITUDE: 94 1 W
TEMPERATURE IN F: :PCPN: SNOW: WIND :SUNSHINE: SKY :PK WND
================================================================================
1 2 3 4 5 6A 6B 7 8 9 10 11 12 13 14 15 16 17 18
12Z AVG MX 2MIN
DY MAX MIN AVG DEP HDD CDD WTR SNW DPTH SPD SPD DIR MIN PSBL S-S WX SPD DR
================================================================================
1 83 70 77 17 0 12 0.00 0.0 M 12.8 28 170 M M 8 1 42 170
2 82 71 77 16 0 12 T 0.0 M 14.9 29 150 M M 9 1 38 160
3 74 55 65 4 0 0 0.01 0.0 M 11.9 24 270 M M 2 1 36 260
4 78 49 64 3 1 0 0.00 0.0 M 5.1 13 60 M M 0 1 16 100
5 79 51 65 4 0 0 0.00 0.0 M 5.2 14 140 M M 0 12 20 140
6 84 56 70 9 0 5 0.00 0.0 M 5.6 17 180 M M 8 12 24 180
7 84 67 76 14 0 11 T 0.0 M 5.2 13 170 M M 9 128 20 170
8 86 65 76 14 0 11 0.00 0.0 M 5.6 14 170 M M 6 12 19 170
9 85 63 74 12 0 9 0.00 0.0 M 5.1 15 190 M M 5 12 20 200
10 84 66 75 13 0 10 0.00 0.0 M 5.9 15 360 M M 6 12 19 360
11 82 65 74 12 0 9 T 0.0 M 12.9 22 180 M M 8 1 32 190
12 88 57 73 11 0 8 0.01 0.0 M 13.6 26 340 M M 9 1 36 360
13 71 52 62 -1 3 0 T 0.0 M 13.1 23 40 M M 0 33 40
14 65 48 57 -6 8 0 0.00 0.0 M 10.5 20 60 M M 3 31 30
15 68 47 58 -5 7 0 0.00 0.0 M 10.5 18 100 M M 0 34 70
16 78 62 70 7 0 5 T 0.0 M 18.0 31 150 M M 8 42 150
17 72 47 60 -4 5 0 1.06 M M 15.2 29 330 M M 6 13 41 330
18 57 45 51 -13 14 0 0.01 M M 11.2 20 360 M M 7 27 10
19 60 38 49 -15 16 0 0.00 0.0 M 11.1 20 360 M M 0 27 360
20 57 36 47 -17 18 0 0.00 0.0 M 9.5 17 100 M M 5 23 100
21 75 54 65 1 0 0 T 0.0 M 14.7 28 140 M M 10 1 40 150
22 78 66 72 8 0 7 0.00 0.0 M 11.5 21 170 M M 10 28 140
23 82 69 76 11 0 11 0.00 0.0 M 14.0 21 160 M M 10 1 31 140
24 77 70 74 9 0 9 T 0.0 M 13.9 25 180 M M 10 18 36 170
25 88 61 75 10 0 10 0.00 0.0 M 4.7 13 320 M M 4 12 17 240
26 81 67 74 9 0 9 0.02 0.0 M 5.8 18 170 M M 9 12 25 160
27 83 68 76 11 0 11 0.00 0.0 M 6.3 15 40 M M 8 128 22 40
28 80 63 72 6 0 7 0.08 0.0 M 11.7 24 10 M M 4 138 36 360
29 68 57 63 -3 2 0 T 0.0 0 11.0 18 70 M M 6 25 70
30 77 59 68 2 0 3 T 0.0 M 13.8 23 120 M M 7 31 110
31 81 72 77 11 0 12 T 0.0 0 14.4 30 160 M M 10 13 45 150
================================================================================
SM 2387 1816 74 171 1.19 0.0 324.7 M 187
================================================================================
AV 77.0 58.6 10.5 FASTST M M 6 MAX(MPH)
MISC ----> 31 150 45 150
================================================================================
NOTES:
# LAST OF SEVERAL OCCURRENCES
COLUMN 17 PEAK WIND IN M.P.H.
PRELIMINARY LOCAL CLIMATOLOGICAL DATA (WS FORM: F-6) , PAGE 2
STATION: BEAUMONT PORT ARTHUR
MONTH: MARCH
YEAR: 2023
LATITUDE: 29 57 N
LONGITUDE: 94 1 W
[TEMPERATURE DATA] [PRECIPITATION DATA] SYMBOLS USED IN COLUMN 16
AVERAGE MONTHLY: 67.8 TOTAL FOR MONTH: 1.19 1 = FOG OR MIST
DPTR FM NORMAL: 4.5 DPTR FM NORMAL: -2.44 2 = FOG REDUCING VISIBILITY
HIGHEST: 88 ON 25,12 GRTST 24HR 1.06 ON 16-17 TO 1/4 MILE OR LESS
LOWEST: 36 ON 20 3 = THUNDER
SNOW, ICE PELLETS, HAIL 4 = ICE PELLETS
TOTAL MONTH: 0.0 INCH 5 = HAIL
GRTST 24HR 0.0 6 = FREEZING RAIN OR DRIZZLE
GRTST DEPTH: 0 7 = DUSTSTORM OR SANDSTORM:
VSBY 1/2 MILE OR LESS
8 = SMOKE OR HAZE
[NO. OF DAYS WITH] [WEATHER - DAYS WITH] 9 = BLOWING SNOW
X = TORNADO
MAX 32 OR BELOW: 0 0.01 INCH OR MORE: 6
MAX 90 OR ABOVE: 0 0.10 INCH OR MORE: 1
MIN 32 OR BELOW: 0 0.50 INCH OR MORE: 1
MIN 0 OR BELOW: 0 1.00 INCH OR MORE: 1
[HDD (BASE 65) ]
TOTAL THIS MO. 74 CLEAR (SCALE 0-3) 7
DPTR FM NORMAL -51 PTCLDY (SCALE 4-7) 13
TOTAL FM JUL 1 1013 CLOUDY (SCALE 8-10) 11
DPTR FM NORMAL -215
[CDD (BASE 65) ]
TOTAL THIS MO. 171
DPTR FM NORMAL 99 [PRESSURE DATA]
TOTAL FM JAN 1 315 HIGHEST SLP 30.54 ON 19
DPTR FM NORMAL 202 LOWEST SLP 29.39 ON 3
[REMARKS]
#FINAL-03-23#