000
CXUS53 KDVN 011358
CLMBRL
CLIMATE REPORT
NATIONAL WEATHER SERVICE QUAD CITIES IA IL
858 AM CDT WED NOV 01 2023
...................................
...THE BURLINGTON IA CLIMATE SUMMARY FOR THE MONTH OF OCTOBER 2023...
CLIMATE NORMAL PERIOD 1991 TO 2020
CLIMATE RECORD PERIOD 1897 TO 2023
WEATHER OBSERVED NORMAL DEPART LAST YEAR`S
VALUE DATE(S) VALUE FROM VALUE
NORMAL
..............................................................
TEMPERATURE (F)
RECORD
HIGH 95 10/03/2006
10/13/1899
09/06/1922
LOW 10 10/30/1925
HIGHEST 88 10/01 72 16
LOWEST 26 10/30 40 -14
10/31
AVG. MAXIMUM 65.1 64.5 0.6
AVG. MINIMUM 45.5 44.0 1.5
MEAN 55.3 54.2 1.1
DAYS MAX >= 90 0
DAYS MAX <= 32 0
DAYS MIN <= 32 3
DAYS MIN <= 0 0
PRECIPITATION (INCHES)
TOTALS 2.60 3.09 -0.49
DAILY AVG. 0.08 0.10 -0.02
DAYS >= .01 12
DAYS >= .10 6
DAYS >= .50 2
DAYS >= 1.00 0
GREATEST
24 HR. TOTAL 0.80 10/13 TO 10/13
DEGREE DAYS
HEATING TOTAL 331 352 -21
SINCE 7/1 342 435 -93
COOLING TOTAL 40 19 21
SINCE 1/1 1035 1082 -47
..............................................................
WIND (MPH)
AVERAGE WIND SPEED 7.6
HIGHEST WIND SPEED/DIRECTION 25/320 DATE 10/31
HIGHEST GUST SPEED/DIRECTION 46/290 DATE 10/06
SKY COVER
AVERAGE SKY COVER 0.40
NUMBER OF DAYS FAIR 17
NUMBER OF DAYS PC 7
NUMBER OF DAYS CLOUDY 7
AVERAGE RH (PERCENT) 72
WEATHER CONDITIONS. NUMBER OF DAYS WITH
THUNDERSTORM 2 HAIL 0
SLEET 0 FOG 16
FOG W/VIS <= 1/4 MILE 0 HAZE 11
- INDICATES NEGATIVE NUMBERS.
R INDICATES RECORD WAS SET OR TIED.
MM INDICATES DATA IS MISSING.
T INDICATES TRACE AMOUNT.
$$