000
CXUS54 KHGX 011410
CF6CLL
PRELIMINARY LOCAL CLIMATOLOGICAL DATA (WS FORM: F-6)
STATION: COLLEGE STATION
MONTH: MAY
YEAR: 2021
LATITUDE: 30 34 N
LONGITUDE: 96 22 W
TEMPERATURE IN F: :PCPN: SNOW: WIND :SUNSHINE: SKY :PK WND
================================================================================
1 2 3 4 5 6A 6B 7 8 9 10 11 12 13 14 15 16 17 18
12Z AVG MX 2MIN
DY MAX MIN AVG DEP HDD CDD WTR SNW DPTH SPD SPD DIR MIN PSBL S-S WX SPD DR
================================================================================
1 79 67 73 1 0 8 1.36 0.0 0 9.8 28 100 M M 8 13 37 110
2 87 66 77 5 0 12 0.04 0.0 0 11.6 21 160 M M 4 13 25 160
3 90 74 82 9 0 17 0.00 0.0 0 13.5 24 160 M M 6 30 160
4 79 65 72 -1 0 7 0.44 0.0 0 8.7 22 350 M M 4 138 29 310
5 81 57 69 -4 0 4 0.00 0.0 0 7.2 14 40 M M 0 19 20
6 86 61 74 0 0 9 0.00 0.0 0 5.8 14 360 M M 0 18 40
7 85 63 74 0 0 9 0.00 0.0 0 7.9 17 170 M M 0 22 120
8 88 62 75 1 0 10 0.00 0.0 0 14.9 29 160 M M 5 37 140
9 88 76 82 8 0 17 T 0.0 0 12.7 23 170 M M 8 29 170
10 87 70 79 4 0 14 0.00 0.0 0 7.4 16 360 M M 10 18 20 30
11 90 64 77 2 0 12 0.84 0.0 0 11.3 30 350 M M 8 138 39 360
12 67 61 64 -11 1 0 T 0.0 0 12.3 17 360 M M 10 1 23 40
13 79 61 70 -6 0 5 0.00 0.0 0 7.6 16 50 M M 8 8 20 50
14 81 66 74 -2 0 9 0.00 0.0 0 6.8 13 130 M M 7 16 130
15 84 63 74 -2 0 9 0.00 0.0 0 7.8 17 120 M M 2 23 120
16 79 68 74 -2 0 9 0.03 0.0 0 10.0 23 150 M M 6 29 150
17 87 66 77 0 0 12 0.04 0.0 0 7.4 22 90 M M 6 3 30 100
18 86 66 76 -1 0 11 1.84 0.0 0 11.1 26 80 M M 6 13 38 70
19 73 65 69 -8 0 4 0.01 0.0 0 5.2 31 270 M M 5 3 40 280
20 84 68 76 -2 0 11 0.00 0.0 0 4.8 10 50 M M 6 13 120
21 87 72 80 2 0 15 T 0.0 0 7.7 16 70 M M 7 8 22 100
22 82 73 78 0 0 13 0.26 0.0 0 12.2 22 140 M M 8 13 27 160
23 75 70 73 -5 0 8 0.68 0.0 0 7.0 14 110 M M 9 1 21 100
24 81 71 76 -3 0 11 0.55 0.0 0 8.0 18 200 M M 7 138 27 190
25 83 72 78 -1 0 13 0.09 0.0 0 9.9 17 170 M M 9 13 21 150
26 90 73 82 3 0 17 0.00 0.0 0 8.7 15 160 M M 5 1 19 150
27 90 74 82 3 0 17 0.00 0.0 0 10.1 14 170 M M 6 22 180
28 89 69 79 -1 0 14 1.01 0.0 0 13.0 32 20 M M 7 13 41 10
29 89 67 78 -2 0 13 0.00 0.0 0 4.3 13 70 M M 2 16 70
30 85 73 79 -1 0 14 0.00 0.0 0 8.9 15 80 M M 6 19 90
31 87 71 79 -1 0 14 0.01 0.0 0 11.0 20 160 M M 5 13 26 140
================================================================================
SM 2598 2094 1 338 7.20 0.0 284.6 M 180
================================================================================
AV 83.8 67.5 9.2 FASTST M M 6 MAX(MPH)
MISC ----> 32 20 41 10
================================================================================
NOTES:
# LAST OF SEVERAL OCCURRENCES
COLUMN 17 PEAK WIND IN M.P.H.
PRELIMINARY LOCAL CLIMATOLOGICAL DATA (WS FORM: F-6) , PAGE 2
STATION: COLLEGE STATION
MONTH: MAY
YEAR: 2021
LATITUDE: 30 34 N
LONGITUDE: 96 22 W
[TEMPERATURE DATA] [PRECIPITATION DATA] SYMBOLS USED IN COLUMN 16
AVERAGE MONTHLY: 75.7 TOTAL FOR MONTH: 7.20 1 = FOG OR MIST
DPTR FM NORMAL: -0.7 DPTR FM NORMAL: 2.60 2 = FOG REDUCING VISIBILITY
HIGHEST: 90 ON 27,26 GRTST 24HR 1.85 ON 18-19 TO 1/4 MILE OR LESS
LOWEST: 57 ON 5 3 = THUNDER
SNOW, ICE PELLETS, HAIL 4 = ICE PELLETS
TOTAL MONTH: 0.0 INCH 5 = HAIL
GRTST 24HR 0.0 6 = FREEZING RAIN OR DRIZZLE
GRTST DEPTH: 0 7 = DUSTSTORM OR SANDSTORM:
VSBY 1/2 MILE OR LESS
8 = SMOKE OR HAZE
[NO. OF DAYS WITH] [WEATHER - DAYS WITH] 9 = BLOWING SNOW
X = TORNADO
MAX 32 OR BELOW: 0 0.01 INCH OR MORE: 14
MAX 90 OR ABOVE: 4 0.10 INCH OR MORE: 8
MIN 32 OR BELOW: 0 0.50 INCH OR MORE: 6
MIN 0 OR BELOW: 0 1.00 INCH OR MORE: 3
[HDD (BASE 65) ]
TOTAL THIS MO. 1 CLEAR (SCALE 0-3) 5
DPTR FM NORMAL -2 PTCLDY (SCALE 4-7) 20
TOTAL FM JUL 1 1535 CLOUDY (SCALE 8-10) 6
DPTR FM NORMAL -7
[CDD (BASE 65) ]
TOTAL THIS MO. 338
DPTR FM NORMAL -17 [PRESSURE DATA]
TOTAL FM JAN 1 577 HIGHEST SLP 30.28 ON 13
DPTR FM NORMAL -32 LOWEST SLP 29.52 ON 3
[REMARKS]
#FINAL-05-21#