000
CXUS56 KPQR 011155
CF6HIO
PRELIMINARY LOCAL CLIMATOLOGICAL DATA (WS FORM: F-6)
STATION: HILLSBORO OR
MONTH: AUGUST
YEAR: 2021
LATITUDE: 45 32 N
LONGITUDE: 122 57 W
TEMPERATURE IN F: :PCPN: SNOW: WIND :SUNSHINE: SKY :PK WND
================================================================================
1 2 3 4 5 6A 6B 7 8 9 10 11 12 13 14 15 16 17 18
12Z AVG MX 2MIN
DY MAX MIN AVG DEP HDD CDD WTR SNW DPTH SPD SPD DIR MIN PSBL S-S WX SPD DR
================================================================================
1 91 58 75 7 0 10 0.00 M M 5.4 13 300 M M 0 18 310
2 95 57 76 8 0 11 0.00 M M 6.3 17 300 M M 0 8 21 320
3 91 58 75 7 0 10 0.00 M M 5.3 20 320 M M 0 26 330
4 97 54 76 8 0 11 0.00 M M 6.1 21 310 M M 0 23 300
5 84 60 72 4 0 7 0.00 M M 6.0 16 320 M M 1 21 310
6 80 61 71 3 0 6 0.01 M M 4.1 13 160 M M 7 1 16 150
7 81 54 68 0 0 3 0.00 M M 7.5 20 310 M M 7 25 300
8 77 50 64 -4 1 0 0.00 M M 6.4 18 340 M M 5 22 350
9 86 50 68 0 0 3 0.00 M M 6.1 16 10 M M 1 20 10
10 93 59 76 8 0 11 0.00 M M 5.9 16 20 M M 0 21 350
11 103 62 83 15 0 18 0.00 M M 3.9 13 310 M M 0 17 320
12 103 62 83 15 0 18 0.00 M M 3.0 13 300 M M 0 8 16 300
13 97 66 82 14 0 17 0.00 M M 1.7 9 50 M M 1 8 11 60
14 92 64 78 11 0 13 0.00 M M 1.9 10 50 M M 0 8 14 50
15 96 60 78 11 0 13 0.00 M M 2.9 13 330 M M 0 17 340
16 85 53 69 2 0 4 0.00 M M 5.8 23 310 M M 1 27 320
17 72 53 63 -4 2 0 T M M 4.4 12 360 M M 7 14 360
18 83 49 66 -1 0 1 0.00 M M 4.0 15 320 M M 2 19 320
19 84 52 68 1 0 3 0.00 M M 6.3 23 310 M M 2 27 330
20 73 59 66 -1 0 1 0.00 M M 4.4 13 330 M M 9 17 330
21 70 53 62 -5 3 0 0.01 M M 3.8 12 300 M M 8 1 13 290
22 69 49 59 -7 6 0 T M M 6.6 16 310 M M 8 21 340
23 75 40 58 -8 7 0 0.00 M M 4.5 15 310 M M 2 1 22 340
24 85 44 65 -1 0 0 0.00 M M 4.1 14 300 M M 0 17 300
25 80 48 64 -2 1 0 0.00 M M 3.1 13 330 M M 1 16 320
26 78 54 66 0 0 1 0.00 M M 5.5 17 320 M M 8 22 300
27 72 54 63 -3 2 0 T M M 8.0 17 320 M M 6 24 310
28 88 46 67 1 0 2 0.00 M M 5.0 14 350 M M 0 20 340
29 88 52 70 4 0 5 0.00 M M 7.4 21 310 M M 0 25 330
30 71 49 60 -5 5 0 0.00 M M 6.6 17 300 M M 6 20 310
31 67 45 56 -9 9 0 0.00 M M 5.5 15 340 M M 5 19 320
================================================================================
SM 2606 1675 36 168 0.02 M 157.5 M 87
================================================================================
AV 84.1 54.0 5.1 FASTST M M 3 MAX(MPH)
MISC ----> # 23 310 # 27 320
================================================================================
NOTES:
# LAST OF SEVERAL OCCURRENCES
COLUMN 17 PEAK WIND IN M.P.H.
PRELIMINARY LOCAL CLIMATOLOGICAL DATA (WS FORM: F-6) , PAGE 2
STATION: HILLSBORO OR
MONTH: AUGUST
YEAR: 2021
LATITUDE: 45 32 N
LONGITUDE: 122 57 W
[TEMPERATURE DATA] [PRECIPITATION DATA] SYMBOLS USED IN COLUMN 16
AVERAGE MONTHLY: 69.0 TOTAL FOR MONTH: 0.02 1 = FOG OR MIST
DPTR FM NORMAL: 1.9 DPTR FM NORMAL: -0.46 2 = FOG REDUCING VISIBILITY
HIGHEST: 103 ON 12,11 GRTST 24HR 0.01 ON 6- 6 TO 1/4 MILE OR LESS
LOWEST: 40 ON 23 3 = THUNDER
SNOW, ICE PELLETS, HAIL 4 = ICE PELLETS
TOTAL MONTH: M 5 = HAIL
GRTST 24HR M ON M 6 = FREEZING RAIN OR DRIZZLE
GRTST DEPTH: M ON M 7 = DUSTSTORM OR SANDSTORM:
VSBY 1/2 MILE OR LESS
8 = SMOKE OR HAZE
[NO. OF DAYS WITH] [WEATHER - DAYS WITH] 9 = BLOWING SNOW
X = TORNADO
MAX 32 OR BELOW: 0 0.01 INCH OR MORE: 2
MAX 90 OR ABOVE: 10 0.10 INCH OR MORE: 0
MIN 32 OR BELOW: 0 0.50 INCH OR MORE: 0
MIN 0 OR BELOW: 0 1.00 INCH OR MORE: 0
[HDD (BASE 65) ]
TOTAL THIS MO. 36 CLEAR (SCALE 0-3) 20
DPTR FM NORMAL 0 PTCLDY (SCALE 4-7) 8
TOTAL FM JUL 1 44 CLOUDY (SCALE 8-10) 3
DPTR FM NORMAL -30
[CDD (BASE 65) ]
TOTAL THIS MO. 168
DPTR FM NORMAL 67 [PRESSURE DATA]
TOTAL FM JAN 1 488 HIGHEST SLP 30.16 ON 18
DPTR FM NORMAL 247 LOWEST SLP 29.82 ON 16
[REMARKS]
#FINAL-08-21#