041
CXHW50 PHFO 011250
CF6NGF
PRELIMINARY LOCAL CLIMATOLOGICAL DATA (WS FORM: F-6)
STATION: KANEOHE BAY MCAS HI
MONTH: NOVEMBER
YEAR: 2020
LATITUDE: 21 25 N
LONGITUDE: 157 46 W
TEMPERATURE IN F: :PCPN: SNOW: WIND :SUNSHINE: SKY :PK WND
================================================================================
1 2 3 4 5 6A 6B 7 8 9 10 11 12 13 14 15 16 17 18
12Z AVG MX 2MIN
DY MAX MIN AVG DEP HDD CDD WTR SNW DPTH SPD SPD DIR MIN PSBL S-S WX SPD DR
================================================================================
1 M M M M M M M M M M M M M M M M M
2 M M M M M M M M M M M M M M M M M
3 M M M M M M M M M M M M M M M M M
4 M M M M M M M M M M M M M M M M M
5 84 76 80 3 0 15 M 0.0 M 5.8 10 110 M M M 17 110
6 M M M M M M M M M M M M M M M M M
7 85 76 81 4 0 16 M 0.0 M 8.0 12 90 M M M 19 80
8 85 78 82 5 0 17 M 0.0 M 11.1 13 70 M M M 20 70
9 80 78 79 2 0 14 M 0.0 M 9.9 16 90 M M M 23 90
10 79 79 79 2 0 14 M 0.0 M 12.2 12 80 M M M 19 80
11 78 77 78 1 0 13 M 0.0 M 17.4 17 50 M M M 21 50
12 M M M M M M M M M M M M M M M M M
13 82 76 79 3 0 14 M 0.0 M 10.7 13 70 M M M 22 70
14 81 78 80 4 0 15 M 0.0 M 8.1 11 70 M M M 19 70
15 M M M M M M M M M M M M M M M M M
16 M M M M M M M M M M M M M M M M M
17 83 77 80 4 0 15 M 0.0 M 8.2 11 70 M M M 15 70
18 79 74 77 1 0 12 M 0.0 M 8.2 15 70 M M M 21 70
19 81 78 80 4 0 15 M 0.0 M 11.3 12 70 M M M 19 70
20 81 76 79 3 0 14 M 0.0 M 10.6 14 70 M M M 23 90
21 80 75 78 2 0 13 M 0.0 M 11.9 14 80 M M M 24 70
22 79 76 78 2 0 13 M 0.0 M 12.5 15 80 M M M 30 80
23 82 75 79 3 0 14 M 0.0 M 11.0 13 80 M M M 23 80
24 80 75 78 2 0 13 M 0.0 M 10.5 13 70 M M M 30 100
25 82 75 79 3 0 14 M 0.0 M 9.3 12 70 M M M 19 90
26 M M M M M M M M M M M M M M M M M
27 81 81 81 6 0 16 M 0.0 M 16.2 21 50 M M M 24 50
28 M M M M M M M M M M M M M M M M M
29 M M M M M M M M M M M M M M M M M
30 M M M M M M M M M M M M M M M M M
================================================================================
SM 1462 1380 0 257 M 0.0 192.9 M M
================================================================================
AV 81.2 76.7 10.7 FASTST M M 0 MAX(MPH)
MISC ----> # 21 50 # 30 80
================================================================================
NOTES:
# LAST OF SEVERAL OCCURRENCES
COLUMN 17 PEAK WIND IN M.P.H.
PRELIMINARY LOCAL CLIMATOLOGICAL DATA (WS FORM: F-6) , PAGE 2
STATION: KANEOHE BAY MCAS HI
MONTH: NOVEMBER
YEAR: 2020
LATITUDE: 21 25 N
LONGITUDE: 157 46 W
[TEMPERATURE DATA] [PRECIPITATION DATA] SYMBOLS USED IN COLUMN 16
AVERAGE MONTHLY: 78.9 TOTAL FOR MONTH: M 1 = FOG OR MIST
DPTR FM NORMAL: 2.7 DPTR FM NORMAL: M 2 = FOG REDUCING VISIBILITY
HIGHEST: 85 ON 8, 7 GRTST 24HR M ON M TO 1/4 MILE OR LESS
LOWEST: 74 ON 18 3 = THUNDER
SNOW, ICE PELLETS, HAIL 4 = ICE PELLETS
TOTAL MONTH: 0.0 INCH 5 = HAIL
GRTST 24HR 0.0 6 = FREEZING RAIN OR DRIZZLE
GRTST DEPTH: M ON M 7 = DUSTSTORM OR SANDSTORM:
VSBY 1/2 MILE OR LESS
8 = SMOKE OR HAZE
[NO. OF DAYS WITH] [WEATHER - DAYS WITH] 9 = BLOWING SNOW
X = TORNADO
MAX 32 OR BELOW: 0 0.01 INCH OR MORE: 0
MAX 90 OR ABOVE: 0 0.10 INCH OR MORE: 0
MIN 32 OR BELOW: 0 0.50 INCH OR MORE: 0
MIN 0 OR BELOW: 0 1.00 INCH OR MORE: 0
[HDD (BASE 65) ]
TOTAL THIS MO. 0 CLEAR (SCALE 0-3) 0
DPTR FM NORMAL 0 PTCLDY (SCALE 4-7) 0
TOTAL FM JUL 1 0 CLOUDY (SCALE 8-10) 0
DPTR FM NORMAL 0
[CDD (BASE 65) ]
TOTAL THIS MO. 257
DPTR FM NORMAL -79 [PRESSURE DATA]
TOTAL FM JAN 1 1027 HIGHEST SLP M ON M
DPTR FM NORMAL -2700 LOWEST SLP 29.93 ON 7
[REMARKS]
#FINAL-11-20#