000
CXUS54 KOUN 280700
CF6HBR
PRELIMINARY LOCAL CLIMATOLOGICAL DATA (WS FORM: F-6)

                                          STATION:   HOBART
                                          MONTH:     MAY
                                          YEAR:      2018
                                          LATITUDE:   35  0 N
                                          LONGITUDE:  99  3 W

  TEMPERATURE IN F:       :PCPN:    SNOW:  WIND      :SUNSHINE: SKY     :PK WND
================================================================================
1   2   3   4   5  6A  6B    7    8   9   10  11  12  13   14  15   16   17  18
                                     12Z  AVG MX 2MIN
DY MAX MIN AVG DEP HDD CDD  WTR  SNW DPTH SPD SPD DIR MIN PSBL S-S WX    SPD DR
================================================================================

 1  83  67  75  11   0  10 0.00  0.0    0 24.2 36 160   M    M   5        45 160
 2  88  63  76  12   0  11 0.25  0.0    0 19.6 33 360   M    M   6 13     44 360
 3  86  62  74   9   0   9 0.30  0.0    0 16.1 35 170   M    M   1 13     40 170
 4  78  54  66   1   0   1 0.00  0.0    0  9.3 20  20   M    M   0        25  20
 5  84  50  67   1   0   2 0.00  0.0    0  7.4 14 120   M    M   0        18  10
 6  94  52  73   7   0   8 0.00  0.0    0  9.3 20 210   M    M   0        23 220
 7  96  62  79  13   0  14 0.00  0.0    0 16.7 30 180   M    M   0        39 180
 8  92  66  79  13   0  14 0.00  0.0    0 16.6 24 200   M    M   0        39 200
 9  93  64  79  12   0  14 0.00  0.0    0 13.4 24 160   M    M   0        31 170
10  89  65  77  10   0  12 0.00  0.0    0 20.8 35 160   M    M   0        42 170
11  92  67  80  12   0  15 0.00  0.0    0 23.7 36 180   M    M   0        46 190
12  93  68  81  13   0  16 0.00  0.0    0 22.2 31 190   M    M   0        37 190
13  92  71  82  14   0  17 0.11  0.0    0 18.9 29 160   M    M   1 13     36 150
14  95  65  80  12   0  15 0.31  0.0    0 16.7 37 300   M    M   0 13     47 290
15  84  64  74   5   0   9 0.96  0.0    0 10.6 44 150   M    M   4 13     51 150
16  88  61  75   6   0  10 0.03  0.0    0  7.1 31 330   M    M   0 13     35 320
17  90  63  77   7   0  12 0.02  0.0    0 10.5 29 170   M    M   0 3      37 190
18  95  66  81  11   0  16 0.27  0.0    0 13.7 30 180   M    M   1 3      37 180
19  90  67  79   9   0  14 0.14  0.0    0 14.7 33 110   M    M   1 3      42 120
20  78  59  69  -1   0   4 0.70  0.0    0  9.0 22  10   M    M   4 13     27  20
21  84  59  72   1   0   7 0.00  0.0    0  5.3 13 180   M    M   1 18     17  70
22  89  63  76   5   0  11 0.00  0.0    0  9.8 20 150   M    M   1 1      24 140
23  91  69  80   8   0  15 0.00  0.0    0 11.9 22 150   M    M   1        26 180
24  91  65  78   6   0  13 0.79  0.0    0 13.7 22 190   M    M   2 13     28  20
25  92  70  81   9   0  16 0.00  0.0    0 15.0 32 160   M    M   0        39 160
26  97  64  81   9   0  16 0.00  0.0    0  6.5 16 170   M    M   0        24 170
27  97  70  84  11   0  19 0.00  0.0    0 12.6 25 150   M    M   0        33 130
================================================================================
SM 2421 1716         0 320  3.88     0.0 375.3          M       28
================================================================================
AV 89.7 63.6                              13.9 FASTST   M    M   1    MAX(MPH)
                                 MISC ---->  # 44 150               # 51  150
================================================================================
NOTES:
# LAST OF SEVERAL OCCURRENCES

COLUMN 17 PEAK WIND IN M.P.H.

PRELIMINARY LOCAL CLIMATOLOGICAL DATA (WS FORM: F-6) , PAGE 2

                                          STATION:  HOBART
                                          MONTH:    MAY
                                          YEAR:     2018
                                          LATITUDE:   35  0 N
                                          LONGITUDE:  99  3 W

[TEMPERATURE DATA]      [PRECIPITATION DATA]       SYMBOLS USED IN COLUMN 16

AVERAGE MONTHLY: 76.6   TOTAL FOR MONTH:   3.88    1 = FOG OR MIST
DPTR FM NORMAL:   8.1   DPTR FM NORMAL:    0.71    2 = FOG REDUCING VISIBILITY
HIGHEST:    97 ON 27,26 GRTST 24HR  0.96 ON 15-15      TO 1/4 MILE OR LESS
LOWEST:     50 ON  5                               3 = THUNDER
                        SNOW, ICE PELLETS, HAIL    4 = ICE PELLETS
                        TOTAL MONTH:   0.0 INCH    5 = HAIL
                        GRTST 24HR     0.0         6 = FREEZING RAIN OR DRIZZLE
                        GRTST DEPTH:   0           7 = DUSTSTORM OR SANDSTORM:
                                                       VSBY 1/2 MILE OR LESS
                                                   8 = SMOKE OR HAZE
[NO. OF DAYS WITH]      [WEATHER - DAYS WITH]      9 = BLOWING SNOW
                                                   X = TORNADO
MAX 32 OR BELOW:   0    0.01 INCH OR MORE:  11
MAX 90 OR ABOVE:  16    0.10 INCH OR MORE:   9
MIN 32 OR BELOW:   0    0.50 INCH OR MORE:   3
MIN  0 OR BELOW:   0    1.00 INCH OR MORE:   0

[HDD (BASE 65) ]
TOTAL THIS MO.     0    CLEAR  (SCALE 0-3)  23
DPTR FM NORMAL   -44    PTCLDY (SCALE 4-7)   4
TOTAL FM JUL 1  3259    CLOUDY (SCALE 8-10)  0
DPTR FM NORMAL  -404

[CDD (BASE 65) ]
TOTAL THIS MO.   320
DPTR FM NORMAL   184    [PRESSURE DATA]
TOTAL FM JAN 1   381    HIGHEST SLP M ON M
DPTR FM NORMAL   201    LOWEST  SLP 29.66 ON 18

[REMARKS]
