000
CXUS54 KFWD 161603
CF60F2
PRELIMINARY LOCAL CLIMATOLOGICAL DATA (WS FORM: F-6)
STATION: BOWIE
MONTH: JANUARY
YEAR: 2024
LATITUDE: 33 36 N
LONGITUDE: 97 47 W
TEMPERATURE IN F: :PCPN: SNOW: WIND :SUNSHINE: SKY :PK WND
================================================================================
1 2 3 4 5 6A 6B 7 8 9 10 11 12 13 14 15 16 17 18
12Z AVG MX 2MIN
DY MAX MIN AVG DEP HDD CDD WTR SNW DPTH SPD SPD DIR MIN PSBL S-S WX SPD DR
================================================================================
1 43 27 35 -6 30 0 0.00 M M 4.9 10 10 M M 4 M M
2 49 27 38 -3 27 0 0.00 M M 2.3 9 110 M M 3 1 M M
3 55 34 45 4 20 0 0.00 M M 2.4 8 280 M M 5 1 M M
4 55 31 43 2 22 0 0.28 M M 5.7 16 140 M M 6 12 22 140
5 54 39 47 6 18 0 0.18 M M 7.4 14 320 M M 10 1 18 120
6 51 35 43 2 22 0 0.00 M M 7.4 14 340 M M 4 20 340
7 58 28 43 2 22 0 0.00 M M 7.6 16 190 M M 0 22 190
8 58 33 46 5 19 0 0.76 M M 14.1 30 280 M M 7 43 280
9 47 27 37 -4 28 0 0.00 M M 16.2 30 310 M M 2 44 300
10 65 27 46 5 19 0 0.00 M M 6.8 18 250 M M 0 29 250
11 72 38 55 14 10 0 0.00 M M 7.6 14 200 M M 0 23 200
12 63 23 43 2 22 0 0.00 M M 14.8 25 320 M M 1 37 330
13 51 14 33 -8 32 0 0.00 M M 10.4 23 350 M M 0 29 350
14 15 8 12 -29 53 0 0.00 M M 9.6 15 360 M M 7 23 360
15 23 7 15 -26 50 0 0.00 M M 11.5 17 360 M M 1 24 10
16 26 7 17 -24 48 0 0.00 M M 7.3 17 360 M M 0 24 360
17 44 12 28 -13 37 0 0.00 M M 10.2 20 170 M M 0 30 170
18 54 34 44 3 21 0 0.00 M M 8.1 14 330 M M 0 8 22 190
19 38 17 28 -13 37 0 0.00 M M 13.8 21 360 M M 0 29 360
20 35 14 25 -17 40 0 0.00 M M 4.1 6 90 M M 0 M M
21 38 26 32 -10 33 0 0.04 M M 8.7 15 140 M M 10 22 150
22 37 31 34 -8 31 0 0.28 M M 3.8 12 140 M M 10 1 17 140
23 46 37 42 0 23 0 0.08 M M 3.8 8 350 M M 10 12 M M
24 49 40 45 3 20 0 M M M 4.7 9 330 M M 10 12 M M
25 51 43 47 5 18 0 0.02 M M 1.9 7 300 M M 9 1 M M
26 48 44 46 4 19 0 0.33 M M 5.3 10 330 M M 10 1 M M
27 46 32 39 -3 26 0 0.03 M M 10.9 15 340 M M 7 1 21 340
28 62 31 47 5 18 0 0.00 M M 4.2 10 300 M M 0 1 M M
29 70 35 53 11 12 0 0.00 M M 2.8 8 270 M M 0 M M
30 73 42 58 16 7 0 0.00 M M 3.8 8 300 M M 0 M M
31 73 40 57 15 8 0 0.00 M M 2.9 10 180 M M 0 M M
================================================================================
SM 1549 883 792 0 2.00 M 225.0 M 116
================================================================================
AV 50.0 28.5 7.3 FASTST M M 4 MAX(MPH)
MISC ----> # 30 280 44 300
================================================================================
NOTES:
# LAST OF SEVERAL OCCURRENCES
COLUMN 17 PEAK WIND IN M.P.H.
PRELIMINARY LOCAL CLIMATOLOGICAL DATA (WS FORM: F-6) , PAGE 2
STATION: BOWIE
MONTH: JANUARY
YEAR: 2024
LATITUDE: 33 36 N
LONGITUDE: 97 47 W
[TEMPERATURE DATA] [PRECIPITATION DATA] SYMBOLS USED IN COLUMN 16
AVERAGE MONTHLY: 39.2 TOTAL FOR MONTH: 2.00 1 = FOG OR MIST
DPTR FM NORMAL: -2.2 DPTR FM NORMAL: 0.55 2 = FOG REDUCING VISIBILITY
HIGHEST: 73 ON 31,30 GRTST 24HR 2.15 ON 21-22 TO 1/4 MILE OR LESS
LOWEST: 7 ON 16,15 3 = THUNDER
SNOW, ICE PELLETS, HAIL 4 = ICE PELLETS
TOTAL MONTH: M 5 = HAIL
GRTST 24HR M ON M 6 = FREEZING RAIN OR DRIZZLE
GRTST DEPTH: M ON M 7 = DUSTSTORM OR SANDSTORM:
VSBY 1/2 MILE OR LESS
8 = SMOKE OR HAZE
[NO. OF DAYS WITH] [WEATHER - DAYS WITH] 9 = BLOWING SNOW
X = TORNADO
MAX 32 OR BELOW: 3 0.01 INCH OR MORE: 9
MAX 90 OR ABOVE: 0 0.10 INCH OR MORE: 5
MIN 32 OR BELOW: 18 0.50 INCH OR MORE: 1
MIN 0 OR BELOW: 0 1.00 INCH OR MORE: 0
[HDD (BASE 65) ]
TOTAL THIS MO. 792 CLEAR (SCALE 0-3) 16
DPTR FM NORMAL 59 PTCLDY (SCALE 4-7) 8
TOTAL FM JUL 1 1756 CLOUDY (SCALE 8-10) 7
DPTR FM NORMAL -195
[CDD (BASE 65) ]
TOTAL THIS MO. 0
DPTR FM NORMAL 0 [PRESSURE DATA]
TOTAL FM JAN 1 0 HIGHEST SLP M ON M
DPTR FM NORMAL 0 LOWEST SLP M ON M
[REMARKS]
#FINAL-01-24#