000
CXUS55 KABQ 011122
CF6ABQ
PRELIMINARY LOCAL CLIMATOLOGICAL DATA (WS FORM: F-6)
STATION: ALBUQUERQUE NM
MONTH: FEBRUARY
YEAR: 2024
LATITUDE: 35 2 N
LONGITUDE: 106 37 W
TEMPERATURE IN F: :PCPN: SNOW: WIND :SUNSHINE: SKY :PK WND
================================================================================
1 2 3 4 5 6A 6B 7 8 9 10 11 12 13 14 15 16 17 18
12Z AVG MX 2MIN
DY MAX MIN AVG DEP HDD CDD WTR SNW DPTH SPD SPD DIR MIN PSBL S-S WX SPD DR
================================================================================
1 61 35 48 9 17 0 T 0.0 0 5.4 15 140 M M 6 21 170
2 52 36 44 4 21 0 0.01 0.0 0 12.6 31 280 M M 8 40 260
3 50 36 43 3 22 0 0.00 0.0 0 13.8 33 310 M M 7 43 310
4 51 27 39 -1 26 0 0.00 0.0 0 11.7 24 320 M M 1 36 360
5 56 27 42 2 23 0 0.00 0.0 0 3.5 10 360 M M 5 17 170
6 56 38 47 7 18 0 T 0.0 0 7.0 31 170 M M 9 41 180
7 50 36 43 3 22 0 0.07 T 0 13.8 32 180 M M 8 135 41 170
8 48 35 42 2 23 0 0.00 0.0 0 10.0 28 260 M M 7 34 260
9 46 24 35 -6 30 0 0.00 0.0 0 5.9 22 280 M M 5 30 290
10 40 29 35 -6 30 0 0.33 2.7 0 6.7 17 140 M M 8 12 21 140
11 43 28 36 -5 29 0 0.00 0.0 1 10.2 21 340 M M 5 26 340
12 48 24 36 -5 29 0 0.00 0.0 0 2.9 9 10 M M 1 15 300
13 55 25 40 -2 25 0 0.00 0.0 0 3.5 10 360 M M 3 13 360
14 59 30 45 3 20 0 0.00 0.0 0 7.6 20 320 M M 1 31 250
15 60 29 45 3 20 0 0.00 0.0 0 7.4 16 340 M M 3 23 160
16 58 30 44 2 21 0 0.00 0.0 0 5.1 14 300 M M 2 23 280
17 51 31 41 -1 24 0 0.00 0.0 0 10.6 24 80 M M 4 8 28 80
18 54 25 40 -3 25 0 0.00 0.0 0 4.1 15 130 M M 4 16 130
19 62 31 47 4 18 0 0.00 0.0 0 4.2 10 110 M M 3 12 160
20 67 36 52 9 13 0 0.00 0.0 0 4.8 13 120 M M 6 16 200
21 66 35 51 8 14 0 0.00 0.0 0 9.0 33 280 M M 6 49 270
22 60 39 50 6 15 0 0.00 0.0 0 8.1 20 340 M M 3 29 300
23 58 33 46 2 19 0 0.00 0.0 0 6.8 15 330 M M 6 22 330
24 63 29 46 2 19 0 0.00 0.0 0 4.2 12 230 M M 3 16 240
25 67 35 51 7 14 0 0.00 0.0 0 5.6 23 290 M M 5 30 280
26 69 44 57 12 8 0 0.00 0.0 0 16.8 39 240 M M 8 78 55 240
27 62 44 53 8 12 0 T 0.0 0 22.6 46 280 M M 7 78 64 260
28 58 33 46 1 19 0 0.00 0.0 0 9.1 23 90 M M 2 29 80
29 57 34 46 1 19 0 0.00 0.0 0 7.5 16 210 M M 4 23 210
================================================================================
SM 1627 938 595 0 0.41 2.7 240.5 M 140
================================================================================
AV 56.1 32.3 8.3 FASTST M M 5 MAX(MPH)
MISC ----> 46 280 64 260
================================================================================
NOTES:
# LAST OF SEVERAL OCCURRENCES
COLUMN 17 PEAK WIND IN M.P.H.
PRELIMINARY LOCAL CLIMATOLOGICAL DATA (WS FORM: F-6) , PAGE 2
STATION: ALBUQUERQUE NM
MONTH: FEBRUARY
YEAR: 2024
LATITUDE: 35 2 N
LONGITUDE: 106 37 W
[TEMPERATURE DATA] [PRECIPITATION DATA] SYMBOLS USED IN COLUMN 16
AVERAGE MONTHLY: 44.2 TOTAL FOR MONTH: 0.41 1 = FOG OR MIST
DPTR FM NORMAL: 2.3 DPTR FM NORMAL: -0.02 2 = FOG REDUCING VISIBILITY
HIGHEST: 69 ON 26 GRTST 24HR 0.33 ON 10-10 TO 1/4 MILE OR LESS
LOWEST: 24 ON 12, 9 3 = THUNDER
SNOW, ICE PELLETS, HAIL 4 = ICE PELLETS
TOTAL MONTH: 2.7 INCHES 5 = HAIL
GRTST 24HR 2.7 ON 10-10 6 = FREEZING RAIN OR DRIZZLE
GRTST DEPTH: 1 ON 11 7 = DUSTSTORM OR SANDSTORM:
VSBY 1/2 MILE OR LESS
8 = SMOKE OR HAZE
[NO. OF DAYS WITH] [WEATHER - DAYS WITH] 9 = BLOWING SNOW
X = TORNADO
MAX 32 OR BELOW: 0 0.01 INCH OR MORE: 3
MAX 90 OR ABOVE: 0 0.10 INCH OR MORE: 1
MIN 32 OR BELOW: 14 0.50 INCH OR MORE: 0
MIN 0 OR BELOW: 0 1.00 INCH OR MORE: 0
[HDD (BASE 65) ]
TOTAL THIS MO. 595 CLEAR (SCALE 0-3) 9
DPTR FM NORMAL -50 PTCLDY (SCALE 4-7) 18
TOTAL FM JUL 1 2865 CLOUDY (SCALE 8-10) 2
DPTR FM NORMAL -366
[CDD (BASE 65) ]
TOTAL THIS MO. 0
DPTR FM NORMAL 0 [PRESSURE DATA]
TOTAL FM JAN 1 0 HIGHEST SLP 30.26 ON 23
DPTR FM NORMAL 0 LOWEST SLP 29.54 ON 2
[REMARKS]
#FINAL-02-24#