000
CXUS53 KILX 011539
CLSCMI

CLIMATE REPORT
NATIONAL WEATHER SERVICE LINCOLN IL
1040 AM CDT TUE SEP 1 2020

...................................

...THE CHAMPAIGN IL AIRPORT CLIMATE SUMMARY FOR THE SEASON, FROM
6/1/2020 TO 8/31/2020...

CLIMATE NORMAL PERIOD 1981 TO 2010
CLIMATE RECORD PERIOD 9999 TO 9999

WEATHER         OBSERVED          NORMAL  DEPART  LAST YEAR`S
                 VALUE   DATE(S)  VALUE   FROM    VALUE
                                          NORMAL
.............................................................
TEMPERATURE (F)
RECORD
 HIGH              MM   MM
 LOW               MM   MM
HIGHEST            94   07/07        MM      MM       95
                        06/02
LOWEST             50   06/15        MM      MM       47
AVG. MAXIMUM     85.0              83.5     1.5     84.2
AVG. MINIMUM     63.3              62.0     1.3     63.1
MEAN             74.2              72.7     1.5     73.7
DAYS MAX >= 90     22              12.7     9.3       19
DAYS MAX <= 32      0               0.0     0.0        0
DAYS MIN <= 32      0               0.0     0.0        0
DAYS MIN <= 0       0               0.0     0.0        0

PRECIPITATION (INCHES)
RECORD
 MAXIMUM           MM   MM
 MINIMUM           MM   MM
TOTALS          12.45             12.12    0.33     9.43
DAILY AVG.       0.14                               0.10
DAYS >= .01        24                MM      MM       29
DAYS >= .10        15                MM      MM       20
DAYS >= .50         8                MM      MM        7
DAYS >= 1.00        4                MM      MM        3
GREATEST
 24 HR. TOTAL    2.90   06/03 TO 06/04              1.34

DEGREE_DAYS
HEATING TOTAL       2                25     -23        7
 SINCE 7/1          2                 9      -7        0
COOLING TOTAL     872               735     137      829
 SINCE 1/1        945               827     118      939

FREEZE DATES
RECORD
 EARLIEST     MM
 LATEST       MM
EARLIEST                        MM
LATEST                          MM
..............................................................

WIND (MPH)
AVERAGE WIND SPEED              7.1
HIGHEST WIND SPEED/DIRECTION    44/320    DATE  08/10
HIGHEST GUST SPEED/DIRECTION    60/320    DATE  08/10

SKY COVER
POSSIBLE SUNSHINE (PERCENT)   MM
AVERAGE SKY COVER           0.20
NUMBER OF DAYS FAIR           77
NUMBER OF DAYS PC             14
NUMBER OF DAYS CLOUDY          1

AVERAGE RH (PERCENT)     73

WEATHER CONDITIONS. NUMBER OF DAYS WITH
THUNDERSTORM             22     MIXED PRECIP               0
HEAVY RAIN               13     RAIN                      13
LIGHT RAIN               29     FREEZING RAIN              0
LT FREEZING RAIN          0     HAIL                       0
HEAVY SNOW                0     SNOW                       0
LIGHT SNOW                0     SLEET                      0
FOG                      42     FOG W/VIS <= 1/4 MILE      4
HAZE                      4

-  INDICATES NEGATIVE NUMBERS.
R  INDICATES RECORD WAS SET OR TIED.
MM INDICATES DATA IS MISSING.
T  INDICATES TRACE AMOUNT.

$$
GEELHART
