000
CXUS53 KILX 012135 RRA
CLSCMI

CLIMATE REPORT
NATIONAL WEATHER SERVICE LINCOLN IL
308 PM CST SUN MAR 1 2020

...................................

...THE CHAMPAIGN IL AIRPORT CLIMATE SUMMARY FOR THE SEASON, FROM
12/1/2019 TO 2/29/2020...

CLIMATE NORMAL PERIOD 1981 TO 2010
CLIMATE RECORD PERIOD 9999 TO 9999

WEATHER         OBSERVED          NORMAL  DEPART  LAST YEAR`S
                 VALUE   DATE(S)  VALUE   FROM    VALUE
                                          NORMAL
.............................................................
TEMPERATURE (F)
RECORD
 HIGH              MM   MM
 LOW               MM   MM
HIGHEST            65   02/03        MM      MM       60
LOWEST             -6   02/14        MM      MM      -16
AVG. MAXIMUM     39.5              35.9     3.6     36.9
AVG. MINIMUM     23.4              19.9     3.5     21.4
MEAN             31.5              27.9     3.6     29.2
DAYS MAX >= 90      0               0.0     0.0        0
DAYS MAX <= 32     25              31.9    -6.9       30
DAYS MIN <= 32     84              77.7     6.3       78
DAYS MIN <= 0       2               6.1    -4.1        5

PRECIPITATION (INCHES)
RECORD
 MAXIMUM           MM   MM
 MINIMUM           MM   MM
TOTALS           4.72              6.59   -1.87     7.23
DAILY AVG.       0.06                               0.08
DAYS >= .01        15                MM      MM       29
DAYS >= .10        10                MM      MM       15
DAYS >= .50         3                MM      MM        5
DAYS >= 1.00        1                MM      MM        1
GREATEST
 24 HR. TOTAL    1.61   MM                          1.92

DEGREE_DAYS
HEATING TOTAL    3027              3338    -311     3209
 SINCE 7/1       4269              4533    -264     4525
COOLING TOTAL       0                 0       0        0
 SINCE 1/1          0                 0       0        0

FREEZE DATES
RECORD
 EARLIEST     MM
 LATEST       MM
EARLIEST                        MM
LATEST                          MM
..............................................................

WIND (MPH)
AVERAGE WIND SPEED              11.3
HIGHEST WIND SPEED/DIRECTION    37/260    DATE  01/18
HIGHEST GUST SPEED/DIRECTION    47/280    DATE  01/18

SKY COVER
POSSIBLE SUNSHINE (PERCENT)   MM
AVERAGE SKY COVER           0.60
NUMBER OF DAYS FAIR           35
NUMBER OF DAYS PC             15
NUMBER OF DAYS CLOUDY         41

AVERAGE RH (PERCENT)     84

WEATHER CONDITIONS. NUMBER OF DAYS WITH
THUNDERSTORM              2     MIXED PRECIP               0
HEAVY RAIN                4     RAIN                      10
LIGHT RAIN               18     FREEZING RAIN              2
LT FREEZING RAIN          5     HAIL                       0
HEAVY SNOW                1     SNOW                       4
LIGHT SNOW               29     SLEET                      1
FOG                      64     FOG W/VIS <= 1/4 MILE     12
HAZE                     11

-  INDICATES NEGATIVE NUMBERS.
R  INDICATES RECORD WAS SET OR TIED.
MM INDICATES DATA IS MISSING.
T  INDICATES TRACE AMOUNT.

$$
