000
CXUS55 KGJT 011126 RRA
CF6CNY
PRELIMINARY LOCAL CLIMATOLOGICAL DATA (WS FORM: F-6)
STATION: CANYONLANDS AIRPORT UT
MONTH: JANUARY
YEAR: 2023
LATITUDE: 38 46 N
LONGITUDE: 109 45 W
TEMPERATURE IN F: :PCPN: SNOW: WIND :SUNSHINE: SKY :PK WND
================================================================================
1 2 3 4 5 6A 6B 7 8 9 10 11 12 13 14 15 16 17 18
12Z AVG MX 2MIN
DY MAX MIN AVG DEP HDD CDD WTR SNW DPTH SPD SPD DIR MIN PSBL S-S WX SPD DR
================================================================================
1 50 42 46 20 19 0 T M M 13.1 26 140 M M 7 32 170
2 44 32 38 12 27 0 0.24 M M 7.9 28 170 M M 10 1 21 180
3 41 29 35 9 30 0 0.00 M M 5.8 17 250 M M 8 21 240
4 41 24 33 7 32 0 0.00 M M 3.5 13 100 M M 2 16 100
5 42 31 37 11 28 0 0.03 M M 7.4 14 110 M M 8 1 17 110
6 43 28 36 10 29 0 T M M 5.1 15 310 M M 6 1 19 280
7 43 21 32 6 33 0 0.00 M M 2.2 9 330 M M 2 12 70
8 41 28 35 9 30 0 0.00 M M 3.8 12 290 M M 4 14 290
9 42 23 33 7 32 0 T M M 2.9 14 130 M M 7 1 17 130
10 56 36 46 19 19 0 0.07 M M 9.5 46 260 M M 7 1 57 260
11 47 28 38 11 27 0 T M M 9.5 28 220 M M 2 38 210
12 45 24 35 8 30 0 0.00 M M 2.5 10 80 M M 0 13 80
13 43 23 33 6 32 0 0.00 M M 2.3 13 330 M M 0 14 330
14 36 25 31 4 34 0 T M M 4.2 15 310 M M 5 17 310
15 46 35 41 13 24 0 0.14 M M 7.0 22 240 M M 9 1 28 250
16 41 31 36 8 29 0 0.07 M M 5.9 16 130 M M 9 1 22 160
17 35 31 33 5 32 0 0.09 M M 7.6 20 290 M M 7 1 23 290
18 34 8 21 -7 44 0 T M M 6.7 20 280 M M 4 1 24 270
19 31 3 17 -11 48 0 0.00 M M 2.7 10 100 M M 3 8 13 100
20 32 17 25 -4 40 0 0.00 M M 3.9 10 300 M M 8 13 300
21 29 9 19 -10 46 0 0.00 M M 2.9 10 330 M M 0 11 330
22 32 7 20 -9 45 0 0.00 M M 4.4 13 300 M M 2 1 14 300
23 36 15 26 -3 39 0 0.00 M M 4.0 16 40 M M 3 1 21 60
24 32 10 21 -9 44 0 0.00 M M 3.4 12 200 M M 2 13 190
25 37 13 25 -5 40 0 T M M 4.4 14 270 M M 5 16 270
26 31 6 19 -11 46 0 0.00 M M 3.4 12 320 M M 0 13 330
27 32 16 24 -6 41 0 0.00 M M 2.5 10 330 M M 2 12 320
28 35 23 29 -2 36 0 0.00 M M 2.6 9 330 M M 8 10 320
29 41 27 34 3 31 0 0.00 M M 6.9 17 170 M M 3 21 160
30 38 23 31 0 34 0 T M M 6.3 17 290 M M 6 21 280
31 28 16 22 -9 43 0 0.00 M M 6.6 21 80 M M 1 24 70
================================================================================
SM 1204 684 1064 0 0.64 M 160.9 M 140
================================================================================
AV 38.8 22.1 5.2 FASTST M M 5 MAX(MPH)
MISC ----> 46 260 57 260
================================================================================
NOTES:
# LAST OF SEVERAL OCCURRENCES
COLUMN 17 PEAK WIND IN M.P.H.
PRELIMINARY LOCAL CLIMATOLOGICAL DATA (WS FORM: F-6) , PAGE 2
STATION: CANYONLANDS AIRPORT UT
MONTH: JANUARY
YEAR: 2023
LATITUDE: 38 46 N
LONGITUDE: 109 45 W
[TEMPERATURE DATA] [PRECIPITATION DATA] SYMBOLS USED IN COLUMN 16
AVERAGE MONTHLY: 30.5 TOTAL FOR MONTH: 0.64 1 = FOG OR MIST
DPTR FM NORMAL: 2.5 DPTR FM NORMAL: 0.19 2 = FOG REDUCING VISIBILITY
HIGHEST: 56 ON 10 GRTST 24HR 0.24 ON 2- 2 TO 1/4 MILE OR LESS
LOWEST: 3 ON 19 3 = THUNDER
SNOW, ICE PELLETS, HAIL 4 = ICE PELLETS
TOTAL MONTH: M 5 = HAIL
GRTST 24HR M ON M 6 = FREEZING RAIN OR DRIZZLE
GRTST DEPTH: M ON M 7 = DUSTSTORM OR SANDSTORM:
VSBY 1/2 MILE OR LESS
8 = SMOKE OR HAZE
[NO. OF DAYS WITH] [WEATHER - DAYS WITH] 9 = BLOWING SNOW
X = TORNADO
MAX 32 OR BELOW: 8 0.01 INCH OR MORE: 6
MAX 90 OR ABOVE: 0 0.10 INCH OR MORE: 2
MIN 32 OR BELOW: 28 0.50 INCH OR MORE: 0
MIN 0 OR BELOW: 0 1.00 INCH OR MORE: 0
[HDD (BASE 65) ]
TOTAL THIS MO. 1064 CLEAR (SCALE 0-3) 14
DPTR FM NORMAL -81 PTCLDY (SCALE 4-7) 13
TOTAL FM JUL 1 3328 CLOUDY (SCALE 8-10) 4
DPTR FM NORMAL -128
[CDD (BASE 65) ]
TOTAL THIS MO. 0
DPTR FM NORMAL 0 [PRESSURE DATA]
TOTAL FM JAN 1 0 HIGHEST SLP 30.65 ON 26
DPTR FM NORMAL 0 LOWEST SLP 29.47 ON 2
[REMARKS]
#FINAL-01-23#