000
CXUS55 KOHX 011209
CF6CSV
PRELIMINARY LOCAL CLIMATOLOGICAL DATA (WS FORM: F-6)
STATION: CROSSVILLE
MONTH: JULY
YEAR: 2020
LATITUDE: 35 57 N
LONGITUDE: 85 5 W
TEMPERATURE IN F: :PCPN: SNOW: WIND :SUNSHINE: SKY :PK WND
================================================================================
1 2 3 4 5 6A 6B 7 8 9 10 11 12 13 14 15 16 17 18
12Z AVG MX 2MIN
DY MAX MIN AVG DEP HDD CDD WTR SNW DPTH SPD SPD DIR MIN PSBL S-S WX SPD DR
================================================================================
1 78 64 71 -3 0 6 0.00 M M 3.6 13 290 M M 5 1 17 290
2 85 64 75 1 0 10 0.00 M M 5.3 13 20 M M 4 12 18 20
3 87 62 75 1 0 10 0.00 M M 2.4 9 50 M M 1 1 15 40
4 89 63 76 2 0 11 T M M 1.5 9 260 M M 3 1 13 270
5 83 68 76 2 0 11 0.09 M M 2.4 21 280 M M 2 138 29 280
6 85 67 76 2 0 11 0.03 M M 2.5 10 170 M M 2 13 17 160
7 84 68 76 2 0 11 0.34 M M 2.1 13 100 M M 4 138 19 80
8 83 65 74 -1 0 9 1.64 M M 1.9 15 280 M M 2 138 26 280
9 86 65 76 1 0 11 T M M 2.8 10 260 M M 2 123 13 60
10 86 67 77 2 0 12 0.01 M M 7.1 17 300 M M 2 1 25 270
11 83 63 73 -2 0 8 0.00 M M 5.9 15 310 M M 0 23 300
12 80 62 71 -4 0 6 0.30 M M 2.9 14 360 M M 3 13 21 350
13 84 62 73 -2 0 8 0.00 M M 3.5 10 330 M M 1 1 16 320
14 87 61 74 -1 0 9 0.00 M M 1.9 9 60 M M 0 1 12 70
15 87 62 75 0 0 10 0.00 M M 2.8 9 170 M M 1 1 16 260
16 88 66 77 2 0 12 0.00 M M 4.3 12 240 M M 1 20 220
17 89 68 79 4 0 14 0.00 M M 2.1 9 160 M M 2 1 15 170
18 89 68 79 4 0 14 0.00 M M 2.7 12 280 M M 1 1 16 280
19 88 68 78 3 0 13 0.00 M M 3.4 14 290 M M 1 1 20 280
20 90 68 79 4 0 14 0.03 M M 3.4 15 90 M M 1 13 26 110
21 90 67 79 4 0 14 0.00 M M 2.4 9 200 M M 1 13 15 210
22 84 68 76 1 0 11 0.03 M M 2.9 16 340 M M 2 3 19 330
23 83 68 76 1 0 11 1.09 M M 2.8 12 270 M M 2 1238 22 270
24 83 66 75 0 0 10 0.22 M M 1.9 15 250 M M 3 138 23 190
25 82 65 74 -1 0 9 0.03 M M 1.6 10 290 M M 2 13 15 60
26 84 65 75 0 0 10 0.40 M M 1.4 13 270 M M 3 123 18 270
27 86 67 77 2 0 12 0.00 M M 3.0 15 210 M M 2 13 26 200
28 84 68 76 1 0 11 1.06 M M 3.1 14 280 M M 4 13 17 270
29 84 68 76 1 0 11 0.12 M M 2.7 12 170 M M 3 138 17 150
30 82 69 76 1 0 11 0.14 M M 4.7 15 270 M M 4 12 23 240
31 86 69 78 3 0 13 2.20 M M 5.1 20 270 M M 8 13 31 270
================================================================================
SM 2639 2041 0 333 7.73 M 96.1 M 72
================================================================================
AV 85.1 65.8 3.1 FASTST M M 2 MAX(MPH)
MISC ----> # 21 280 # 31 270
================================================================================
NOTES:
# LAST OF SEVERAL OCCURRENCES
COLUMN 17 PEAK WIND IN M.P.H.
PRELIMINARY LOCAL CLIMATOLOGICAL DATA (WS FORM: F-6) , PAGE 2
STATION: CROSSVILLE
MONTH: JULY
YEAR: 2020
LATITUDE: 35 57 N
LONGITUDE: 85 5 W
[TEMPERATURE DATA] [PRECIPITATION DATA] SYMBOLS USED IN COLUMN 16
AVERAGE MONTHLY: 75.5 TOTAL FOR MONTH: 7.73 1 = FOG OR MIST
DPTR FM NORMAL: 0.9 DPTR FM NORMAL: 2.58 2 = FOG REDUCING VISIBILITY
HIGHEST: 90 ON 21,20 GRTST 24HR 2.20 ON 31-31 TO 1/4 MILE OR LESS
LOWEST: 61 ON 14 3 = THUNDER
SNOW, ICE PELLETS, HAIL 4 = ICE PELLETS
TOTAL MONTH: M 5 = HAIL
GRTST 24HR M ON M 6 = FREEZING RAIN OR DRIZZLE
GRTST DEPTH: M ON M 7 = DUSTSTORM OR SANDSTORM:
VSBY 1/2 MILE OR LESS
8 = SMOKE OR HAZE
[NO. OF DAYS WITH] [WEATHER - DAYS WITH] 9 = BLOWING SNOW
X = TORNADO
MAX 32 OR BELOW: 0 0.01 INCH OR MORE: 16
MAX 90 OR ABOVE: 2 0.10 INCH OR MORE: 10
MIN 32 OR BELOW: 0 0.50 INCH OR MORE: 4
MIN 0 OR BELOW: 0 1.00 INCH OR MORE: 4
[HDD (BASE 65) ]
TOTAL THIS MO. 0 CLEAR (SCALE 0-3) 25
DPTR FM NORMAL 0 PTCLDY (SCALE 4-7) 6
TOTAL FM JUL 1 0 CLOUDY (SCALE 8-10) 0
DPTR FM NORMAL 0
[CDD (BASE 65) ]
TOTAL THIS MO. 333
DPTR FM NORMAL 35 [PRESSURE DATA]
TOTAL FM JAN 1 553 HIGHEST SLP 30.21 ON 25
DPTR FM NORMAL -23 LOWEST SLP 29.79 ON 12
[REMARKS]
#FINAL-07-20#