000
CXUS55 KDVN 011100
CF6DBQ
PRELIMINARY LOCAL CLIMATOLOGICAL DATA (WS FORM: F-6)
STATION: DUBUQUE IA
MONTH: FEBRUARY
YEAR: 2024
LATITUDE: 42 24 N
LONGITUDE: 90 42 W
TEMPERATURE IN F: :PCPN: SNOW: WIND :SUNSHINE: SKY :PK WND
================================================================================
1 2 3 4 5 6A 6B 7 8 9 10 11 12 13 14 15 16 17 18
12Z AVG MX 2MIN
DY MAX MIN AVG DEP HDD CDD WTR SNW DPTH SPD SPD DIR MIN PSBL S-S WX SPD DR
================================================================================
1 51 30 41 22 24 0 0.00 0.0 3 6.8 17 80 M M 0 1 24 40
2 36 30 33 14 32 0 0.00 0.0 1 10.8 17 90 M M 8 1 23 120
3 42 31 37 17 28 0 0.00 0.0 1 8.7 15 110 M M 6 1 20 80
4 45 26 36 16 29 0 0.00 0.0 T 10.3 17 40 M M 2 12 22 40
5 49 26 38 18 27 0 0.00 0.0 T 4.8 10 20 M M 0 13 30
6 46 24 35 15 30 0 0.00 0.0 0 7.8 15 160 M M 0 18 20 140
7 45 31 38 18 27 0 0.00 0.0 0 13.6 23 160 M M 2 128 32 160
8 60 37 49 28 16 0 0.03 0.0 0 17.6 31 190 M M 4 3 41 200
9 43 32 38 17 27 0 0.00 0.0 0 13.7 23 290 M M 6 30 300
10 41 24 33 12 32 0 0.00 0.0 0 13.2 25 330 M M 4 34 310
11 41 24 33 12 32 0 0.00 0.0 0 7.3 15 290 M M 5 8 19 300
12 46 21 34 12 31 0 0.00 0.0 0 8.8 16 260 M M 0 21 260
13 42 23 33 11 32 0 0.00 0.0 0 5.3 15 350 M M 0 19 330
14 48 23 36 14 29 0 0.02 0.0 0 9.7 16 130 M M 3 23 130
15 39 27 33 10 32 0 0.37 0.0 0 14.0 31 350 M M 5 1 41 350
16 30 11 21 -2 44 0 T T 0 12.4 24 340 M M 6 8 32 310
17 31 8 20 -4 45 0 0.00 0.0 0 18.7 33 250 M M 0 8 42 240
18 46 23 35 11 30 0 0.00 0.0 0 12.9 21 250 M M 0 28 250
19 50 20 35 11 30 0 0.00 0.0 0 6.8 14 160 M M 0 19 150
20 55 30 43 18 22 0 0.00 0.0 0 10.4 23 230 M M 1 29 220
21 57 37 47 22 18 0 0.00 0.0 0 6.6 14 240 M M 5 17 190
22 62 36 49 23 16 0 T 0.0 0 10.2 22 300 M M 1 29 300
23 50 24 37 11 28 0 T T 0 12.2 24 30 M M 5 18 33 30
24 38 16 27 1 38 0 0.00 0.0 0 11.0 21 190 M M 3 25 190
25 64 28 46 19 19 0 0.00 0.0 0 10.1 18 280 M M 2 29 290
26 72 33 53 26 12 0 0.00 0.0 0 13.9 30 190 M M 0 40 200
27 72 26 49 21 16 0 T 0.0 0 14.3 32 320 M M 3 3 42 320
28 26 11 19 -9 46 0 0.00 0.0 0 17.2 33 320 M M 2 8 47 340
29 48 11 30 2 35 0 0.00 0.0 0 14.1 26 190 M M 0 8 35 180
================================================================================
SM 1375 723 827 0 0.42 T 323.2 M 73
================================================================================
AV 47.4 24.9 11.1 FASTST M M 3 MAX(MPH)
MISC ----> # 33 250 47 340
================================================================================
NOTES:
# LAST OF SEVERAL OCCURRENCES
COLUMN 17 PEAK WIND IN M.P.H.
PRELIMINARY LOCAL CLIMATOLOGICAL DATA (WS FORM: F-6) , PAGE 2
STATION: DUBUQUE IA
MONTH: FEBRUARY
YEAR: 2024
LATITUDE: 42 24 N
LONGITUDE: 90 42 W
[TEMPERATURE DATA] [PRECIPITATION DATA] SYMBOLS USED IN COLUMN 16
AVERAGE MONTHLY: 36.2 TOTAL FOR MONTH: 0.42 1 = FOG OR MIST
DPTR FM NORMAL: 13.3 DPTR FM NORMAL: -1.15 2 = FOG REDUCING VISIBILITY
HIGHEST: 72 ON 27,26 GRTST 24HR 0.39 ON 14-15 TO 1/4 MILE OR LESS
LOWEST: 8 ON 17 3 = THUNDER
SNOW, ICE PELLETS, HAIL 4 = ICE PELLETS
TOTAL MONTH: T 5 = HAIL
GRTST 24HR T ON 16-16 6 = FREEZING RAIN OR DRIZZLE
GRTST DEPTH: 5 ON M 7 = DUSTSTORM OR SANDSTORM:
VSBY 1/2 MILE OR LESS
8 = SMOKE OR HAZE
[NO. OF DAYS WITH] [WEATHER - DAYS WITH] 9 = BLOWING SNOW
X = TORNADO
MAX 32 OR BELOW: 3 0.01 INCH OR MORE: 3
MAX 90 OR ABOVE: 0 0.10 INCH OR MORE: 1
MIN 32 OR BELOW: 25 0.50 INCH OR MORE: 0
MIN 0 OR BELOW: 0 1.00 INCH OR MORE: 0
[HDD (BASE 65) ]
TOTAL THIS MO. 827 CLEAR (SCALE 0-3) 18
DPTR FM NORMAL -350 PTCLDY (SCALE 4-7) 11
TOTAL FM JUL 1 4373 CLOUDY (SCALE 8-10) 0
DPTR FM NORMAL -1067
[CDD (BASE 65) ]
TOTAL THIS MO. 0
DPTR FM NORMAL 0 [PRESSURE DATA]
TOTAL FM JAN 1 0 HIGHEST SLP 30.43 ON 29
DPTR FM NORMAL 0 LOWEST SLP 29.23 ON 27
[REMARKS]
#FINAL-02-24#