913
CXUS53 KMPX 041621
CF6EAU
PRELIMINARY LOCAL CLIMATOLOGICAL DATA (WS FORM: F-6)
STATION: EAU CLAIRE WI
MONTH: APRIL
YEAR: 2020
LATITUDE: 44 52 N
LONGITUDE: 91 29 W
TEMPERATURE IN F: :PCPN: SNOW: WIND :SUNSHINE: SKY :PK WND
================================================================================
1 2 3 4 5 6A 6B 7 8 9 10 11 12 13 14 15 16 17 18
12Z AVG MX 2MIN
DY MAX MIN AVG DEP HDD CDD WTR SNW DPTH SPD SPD DIR MIN PSBL S-S WX SPD DR
================================================================================
1 58 25 42 3 23 0 0.00 0.0 0 7.5 17 150 M M 2 24 160
2 65 43 54 15 11 0 0.00 0.0 0 12.0 21 150 M M 6 27 140
3 55 27 41 1 24 0 0.37 1.0 0 9.3 16 310 M M 10 16 23 300
4 43 19 31 -9 34 0 0.00 0.0 1 4.7 14 340 M M 2 20 330
5 58 20 39 -2 26 0 0.00 0.0 0 3.2 13 210 M M 0 1 18 180
6 58 32 45 4 20 0 0.00 0.0 0 7.5 16 150 M M 7 21 180
7 62 44 53 11 12 0 0.02 0.0 0 3.5 16 130 M M 8 1 21 130
8 58 36 47 5 18 0 0.00 0.0 0 10.7 26 300 M M 4 1 38 300
9 42 31 37 -6 28 0 0.01 0.1 0 12.8 28 330 M M 5 1 42 340
10 48 28 38 -5 27 0 0.00 0.0 0 7.4 17 290 M M 5 24 310
11 62 22 42 -2 23 0 0.00 0.0 0 3.6 15 20 M M 3 23 30
12 48 30 39 -5 26 0 0.67 7.7 0 12.7 20 340 M M 10 12 31 360
13 35 23 29 -16 36 0 0.18 2.0 8 12.6 22 280 M M 6 12 32 310
14 29 18 24 -21 41 0 0.02 0.4 4 8.4 20 310 M M 6 18 25 280
15 30 17 24 -22 41 0 0.00 0.0 3 7.2 17 290 M M 7 22 280
16 42 20 31 -15 34 0 0.00 0.0 3 9.3 17 200 M M 2 27 290
17 49 28 39 -8 26 0 0.00 0.0 2 6.4 16 300 M M 4 22 290
18 66 32 49 2 16 0 0.00 0.0 0 12.1 25 210 M M 2 35 200
19 52 30 41 -7 24 0 0.00 0.0 0 9.1 18 300 M M 1 24 350
20 58 31 45 -3 20 0 0.07 0.0 0 12.7 45 320 M M 4 63 330
21 47 26 37 -12 28 0 0.00 0.0 0 8.3 18 300 M M 3 31 320
22 62 36 49 0 16 0 0.00 0.0 0 12.4 21 80 M M 2 28 120
23 54 35 45 -5 20 0 0.00 0.0 0 7.7 14 100 M M 6 1 20 90
24 65 29 47 -3 18 0 0.00 0.0 0 3.7 12 60 M M 1 1 18 60
25 69 35 52 2 13 0 0.00 0.0 0 5.0 13 40 M M 1 21 50
26 68 38 53 2 12 0 0.04 0.0 0 5.8 22 270 M M 4 33 280
27 71 44 58 7 7 0 0.15 0.0 0 4.6 14 130 M M 4 1 19 130
28 54 44 49 -3 16 0 1.03 0.0 0 8.2 23 70 M M 8 1 34 80
29 61 45 53 1 12 0 0.00 0.0 0 13.8 24 10 M M 7 40 360
30 67 40 54 2 11 0 0.00 0.0 0 6.2 15 330 M M 0 23 340
================================================================================
SM 1636 928 663 0 2.56 11.2 248.4 M 130
================================================================================
AV 54.5 30.9 8.3 FASTST M M 4 MAX(MPH)
MISC ----> 45 320 63 330
================================================================================
NOTES:
# LAST OF SEVERAL OCCURRENCES
COLUMN 17 PEAK WIND IN M.P.H.
PRELIMINARY LOCAL CLIMATOLOGICAL DATA (WS FORM: F-6) , PAGE 2
STATION: EAU CLAIRE WI
MONTH: APRIL
YEAR: 2020
LATITUDE: 44 52 N
LONGITUDE: 91 29 W
[TEMPERATURE DATA] [PRECIPITATION DATA] SYMBOLS USED IN COLUMN 16
AVERAGE MONTHLY: 42.7 TOTAL FOR MONTH: 2.56 1 = FOG OR MIST
DPTR FM NORMAL: -3.3 DPTR FM NORMAL: -0.19 2 = FOG REDUCING VISIBILITY
HIGHEST: 71 ON 27 GRTST 24HR 1.03 ON 28-28 TO 1/4 MILE OR LESS
LOWEST: 17 ON 15 3 = THUNDER
SNOW, ICE PELLETS, HAIL 4 = ICE PELLETS
TOTAL MONTH: 11.2 INCHES 5 = HAIL
GRTST 24HR 7.7 ON 12-12 6 = FREEZING RAIN OR DRIZZLE
GRTST DEPTH: 8 ON 13 7 = DUSTSTORM OR SANDSTORM:
VSBY 1/2 MILE OR LESS
8 = SMOKE OR HAZE
[NO. OF DAYS WITH] [WEATHER - DAYS WITH] 9 = BLOWING SNOW
X = TORNADO
MAX 32 OR BELOW: 2 0.01 INCH OR MORE: 10
MAX 90 OR ABOVE: 0 0.10 INCH OR MORE: 5
MIN 32 OR BELOW: 19 0.50 INCH OR MORE: 2
MIN 0 OR BELOW: 0 1.00 INCH OR MORE: 1
[HDD (BASE 65) ]
TOTAL THIS MO. 663 CLEAR (SCALE 0-3) 12
DPTR FM NORMAL 87 PTCLDY (SCALE 4-7) 16
TOTAL FM JUL 1 7334 CLOUDY (SCALE 8-10) 2
DPTR FM NORMAL -306
[CDD (BASE 65) ]
TOTAL THIS MO. 0
DPTR FM NORMAL -4 [PRESSURE DATA]
TOTAL FM JAN 1 0 HIGHEST SLP 30.30 ON 16
DPTR FM NORMAL -4 LOWEST SLP 29.46 ON 20
[REMARKS]
#FINAL-04-20#
THE PRECIPITATION VALUE ON 4/3 IS FROM THE 8" DIAMETER RAIN GAUGE AT THE SNOW OBSERVING SITE.
THE PRECIPITATION VALUES ON 4/12 AND 4/13 ARE FROM THE EAU CLAIRE 3SW COOP STATION.