000
CXUS53 KILX 020157
CLSILX

CLIMATE REPORT
NATIONAL WEATHER SERVICE LINCOLN IL
757 PM CST SUN DEC 1 2019

...CORRECTED TABLE AND ADDED RECORDS...

...................................

...THE LINCOLN IL CLIMATE SUMMARY FOR THE SEASON, FROM
9/1/2019 TO 11/30/2019...

CLIMATE NORMAL PERIOD 1981 TO 2010
CLIMATE RECORD PERIOD 1905 TO 2019

WEATHER         OBSERVED          NORMAL  DEPART  LAST YEAR`S
                 VALUE   DATE(S)  VALUE   FROM    VALUE
                                          NORMAL
.............................................................
TEMPERATURE (F)
RECORD
 HIGH             104   09/06/1954
 LOW               -3   11/30/1964
                        11/28/1930
HIGHEST            91   10/01        MM      MM       94
                        09/27
                        09/12
LOWEST              4   11/12        MM      MM       11
AVG. MAXIMUM     64.2              65.0    -0.8     63.0
AVG. MINIMUM     42.7              42.8    -0.1     42.4
MEAN             53.5              53.9    -0.4     52.7
DAYS MAX >= 90      5               2.1     2.9       11
DAYS MAX <= 32      2               1.4     0.6        5
DAYS MIN <= 32     25              19.4     5.6       31
DAYS MIN <= 0       0               0.0     0.0        0

PRECIPITATION (INCHES)
RECORD
 MAXIMUM        22.14   1926
 MINIMUM         1.93   1908
TOTALS          11.17              9.54    1.63    10.89
DAILY AVG.       0.12                               0.12
DAYS >= .01        34              27.2     6.8       33
DAYS >= .10        24              17.7     6.3       20
DAYS >= .50         6               7.1    -1.1        5
DAYS >= 1.00        3               2.2     0.8        2
GREATEST
 24 HR. TOTAL    2.15   MM                          2.12

SNOWFALL (INCHES)
RECORDS
 TOTAL           10.0   1926
 24 HR TOTAL      7.0   11/17/1926 TO 11/17/1926
TOTALS            4.5               0.6     3.9      7.1
DAYS >= TRACE       4               0.5     3.5       12
DAYS >= 1.0         2               0.2     1.8        2
GREATEST
 SNOW DEPTH         9R  11/05                          3
 24 HR TOTAL      2.5   MM                           3.9

DEGREE_DAYS
HEATING TOTAL    1251              1134     117     1348
 SINCE 7/1         MM              1143      MM       MM
COOLING TOTAL     224               128      96      247
 SINCE 1/1       1113              1017      96     1228

FREEZE DATES
RECORD
 EARLIEST     09/11/1917
 LATEST       05/29/1925
EARLIEST                        10/12
LATEST                          04/18
..............................................................

SKY COVER
POSSIBLE SUNSHINE (PERCENT)   MM


WEATHER CONDITIONS. NUMBER OF DAYS WITH
THUNDERSTORM              8     MIXED PRECIP               0
HEAVY RAIN                8     RAIN                      21
LIGHT RAIN               37     FREEZING RAIN              0
LT FREEZING RAIN          0     HAIL                       0
HEAVY SNOW                0     SNOW                       1
LIGHT SNOW                2     SLEET                      2
FOG                      14     FOG W/VIS <= 1/4 MILE      2
HAZE                      2

-  INDICATES NEGATIVE NUMBERS.
R  INDICATES RECORD WAS SET OR TIED.
MM INDICATES DATA IS MISSING.
T  INDICATES TRACE AMOUNT.

&&

AUTMN SEASON RECORDS:

* TIED 8TH WARMEST SEPTEMBER WITH MEAN TEMP 71.2 DEG F
* TIED RECORD HIGH TEMPERATURE OF 91 DEGREES ON 10/1
* RECORD WARM LOW TEMPERATURE OF 71 DEGREES ON 10/1
* RECORD WARM LOW TEMPERATURE OF 68 DEGREES ON 10/2
* TIED 2ND SNOWIEST OCTOBER ON RECORD AT 2.0 INCHES
* RECORD DAILY RAINFALL OF 2.15 INCHES ON 10/26
* RECORD DAILY SNOWFALL OF 2.0 INCHES ON 10/31
* 2ND SNOWIEST OCTOBER DAY ON RECORD ON 10/31
* RECORD COLD HIGH TEMPERATURE OF 34 DEGREES ON 10/31
* LOW OF 4 DEGREES ON 11/12
* COOL HIGH OF 18 DEGREES ON 11/12
* LOW OF 13 DEGREES ON 11/11
* DAILY SNOWFALL OF 2.5 INCHES ON 11/11
* 10TH COLDEST NOVEMBER WITH MEAN TEMP 36.5 DEG F

$$
