000
CXHW51 PHFO 011250
CF6LIH
PRELIMINARY LOCAL CLIMATOLOGICAL DATA (WS FORM: F-6)
STATION: LIHUE HI
MONTH: APRIL
YEAR: 2020
LATITUDE: 21 58 N
LONGITUDE: 159 21 W
TEMPERATURE IN F: :PCPN: SNOW: WIND :SUNSHINE: SKY :PK WND
================================================================================
1 2 3 4 5 6A 6B 7 8 9 10 11 12 13 14 15 16 17 18
12Z AVG MX 2MIN
DY MAX MIN AVG DEP HDD CDD WTR SNW DPTH SPD SPD DIR MIN PSBL S-S WX SPD DR
================================================================================
1 81 67 74 0 0 9 0.02 0.0 M 13.0 24 50 M M M 1 30 50
2 80 70 75 1 0 10 0.01 0.0 M 9.1 16 80 M M M 1 20 90
3 80 70 75 1 0 10 0.01 0.0 M 8.2 15 180 M M M 1 19 180
4 82 71 77 3 0 12 0.02 0.0 M 7.7 17 180 M M M 18 24 200
5 82 67 75 1 0 10 T 0.0 M 8.0 16 160 M M M 1 20 160
6 84 70 77 3 0 12 0.83 0.0 M 9.2 22 250 M M M 1 25 230
7 83 65 74 0 0 9 0.00 0.0 M 8.4 20 10 M M M 26 160
8 80 66 73 -1 0 8 0.00 0.0 M 6.3 14 40 M M M 18 40
9 79 64 72 -2 0 7 0.00 0.0 M 6.5 12 20 M M M 15 300
10 82 64 73 -1 0 8 0.00 0.0 M 8.7 18 230 M M M 23 240
11 81 68 75 1 0 10 0.02 0.0 M 8.3 20 10 M M M 25 10
12 79 64 72 -2 0 7 0.00 0.0 M 10.4 18 40 M M M 25 360
13 81 67 74 0 0 9 0.08 0.0 M 8.1 16 110 M M M 1 19 110
14 82 69 76 2 0 11 0.42 0.0 M 7.3 16 130 M M M 138 20 130
15 81 69 75 1 0 10 0.22 0.0 M 10.5 20 70 M M M 27 60
16 81 74 78 4 0 13 T 0.0 M 14.2 20 80 M M M 26 80
17 81 73 77 3 0 12 T 0.0 M 11.9 16 60 M M M 20 80
18 80 72 76 2 0 11 0.00 0.0 M 10.1 16 80 M M M 22 80
19 81 68 75 1 0 10 0.00 0.0 M 7.8 14 150 M M M 19 160
20 82 65 74 0 0 9 0.00 0.0 M 8.0 17 180 M M M 21 170
21 83 69 76 2 0 11 T 0.0 M 8.5 16 150 M M M 19 150
22 82 69 76 2 0 11 T 0.0 M 9.1 17 50 M M M 22 40
23 82 73 78 4 0 13 0.01 0.0 M 14.4 20 70 M M M 1 25 60
24 82 73 78 4 0 13 0.01 0.0 M 16.6 25 40 M M M 18 29 40
25 82 73 78 4 0 13 0.01 0.0 M 13.6 20 40 M M M 24 50
26 82 74 78 4 0 13 T 0.0 M 14.9 21 60 M M M 25 50
27 81 72 77 3 0 12 0.09 0.0 M 17.3 26 40 M M M 18 30 30
28 82 72 77 2 0 12 0.14 0.0 M 19.8 28 30 M M M 1 34 30
29 81 73 77 2 0 12 0.01 0.0 M 21.8 28 40 M M M 18 36 50
30 82 71 77 2 0 12 0.06 0.0 M 21.7 28 40 M M M 1 35 40
================================================================================
SM 2441 2082 0 319 1.96 0.0 339.4 M M
================================================================================
AV 81.4 69.4 11.3 FASTST M M 0 MAX(MPH)
MISC ----> # 28 30 # 36 50
================================================================================
NOTES:
# LAST OF SEVERAL OCCURRENCES
COLUMN 17 PEAK WIND IN M.P.H.
PRELIMINARY LOCAL CLIMATOLOGICAL DATA (WS FORM: F-6) , PAGE 2
STATION: LIHUE HI
MONTH: APRIL
YEAR: 2020
LATITUDE: 21 58 N
LONGITUDE: 159 21 W
[TEMPERATURE DATA] [PRECIPITATION DATA] SYMBOLS USED IN COLUMN 16
AVERAGE MONTHLY: 75.4 TOTAL FOR MONTH: 1.96 1 = FOG OR MIST
DPTR FM NORMAL: 1.4 DPTR FM NORMAL: -0.29 2 = FOG REDUCING VISIBILITY
HIGHEST: 84 ON 6 GRTST 24HR 0.83 ON 6- 6 TO 1/4 MILE OR LESS
LOWEST: 64 ON 12,10 3 = THUNDER
SNOW, ICE PELLETS, HAIL 4 = ICE PELLETS
TOTAL MONTH: 0.0 INCH 5 = HAIL
GRTST 24HR 0.0 6 = FREEZING RAIN OR DRIZZLE
GRTST DEPTH: M ON M 7 = DUSTSTORM OR SANDSTORM:
VSBY 1/2 MILE OR LESS
8 = SMOKE OR HAZE
[NO. OF DAYS WITH] [WEATHER - DAYS WITH] 9 = BLOWING SNOW
X = TORNADO
MAX 32 OR BELOW: 0 0.01 INCH OR MORE: 16
MAX 90 OR ABOVE: 0 0.10 INCH OR MORE: 4
MIN 32 OR BELOW: 0 0.50 INCH OR MORE: 1
MIN 0 OR BELOW: 0 1.00 INCH OR MORE: 0
[HDD (BASE 65) ]
TOTAL THIS MO. 0 CLEAR (SCALE 0-3) 0
DPTR FM NORMAL 0 PTCLDY (SCALE 4-7) 0
TOTAL FM JUL 1 0 CLOUDY (SCALE 8-10) 0
DPTR FM NORMAL 0
[CDD (BASE 65) ]
TOTAL THIS MO. 319
DPTR FM NORMAL 49 [PRESSURE DATA]
TOTAL FM JAN 1 1090 HIGHEST SLP 30.20 ON 15
DPTR FM NORMAL 186 LOWEST SLP 29.85 ON 6
[REMARKS]
#FINAL-04-20#