000
CXUS53 KILX 010748 RRC
CLMLWV

CLIMATE REPORT
NATIONAL WEATHER SERVICE LINCOLN IL
1238 AM CST WED JAN 1 2020

...................................

...THE LAWRENCEVILLE IL AIRPORT CLIMATE SUMMARY FOR THE MONTH OF DECEMBER 2019...

CLIMATE NORMAL PERIOD 1981 TO 2010
CLIMATE RECORD PERIOD 9999 TO 9999

WEATHER         OBSERVED          NORMAL  DEPART  LAST YEAR`S
                 VALUE   DATE(S)  VALUE   FROM    VALUE
                                          NORMAL
.............................................................
TEMPERATURE (F)
RECORD
 HIGH              MM   MM
 LOW               MM   MM
HIGHEST            69   12/26        MM      MM       63
LOWEST             15   12/19        MM      MM       17
AVG. MAXIMUM     49.4              42.3     7.1     47.1
AVG. MINIMUM     29.5              27.0     2.5     31.1
MEAN             39.5              34.6     4.9     39.1
DAYS MAX >= 90      0               0.0     0.0        0
DAYS MAX <= 32      3               5.1    -2.1        1
DAYS MIN <= 32     22              20.2     1.8       19
DAYS MIN <= 0       0               0.7    -0.7        0

PRECIPITATION (INCHES)
RECORD
 MAXIMUM           MM   MM
 MINIMUM           MM   MM
TOTALS           2.72              3.39   -0.67     5.82
DAILY AVG.       0.09              0.11   -0.02     0.19
DAYS >= .01        10                MM      MM       11
DAYS >= .10         6                MM      MM        6
DAYS >= .50         1                MM      MM        5
DAYS >= 1.00        1                MM      MM        1
GREATEST
 24 HR. TOTAL    2.21   11/30 TO 12/01              2.47
                        12/01 TO 12/02
                        12/02 TO 12/03

DEGREE_DAYS
HEATING TOTAL     783               941    -158      796
 SINCE 7/1       1823              1799      24     1878
COOLING TOTAL       0                 0       0        0
 SINCE 1/1       1511              1387     124     1952
..............................................................

WIND (MPH)
AVERAGE WIND SPEED              8.5
HIGHEST WIND SPEED/DIRECTION    32/260    DATE  12/30
HIGHEST GUST SPEED/DIRECTION    45/250    DATE  12/30

AVERAGE RH (PERCENT)     75

WEATHER CONDITIONS. NUMBER OF DAYS WITH
THUNDERSTORM              0     MIXED PRECIP               0
HEAVY RAIN                1     RAIN                       2
LIGHT RAIN               10     FREEZING RAIN              0
LT FREEZING RAIN          1     HAIL                       0
HEAVY SNOW                1     SNOW                       1
LIGHT SNOW                4     SLEET                      0
FOG                      19     FOG W/VIS <= 1/4 MILE      4
HAZE                      9

-  INDICATES NEGATIVE NUMBERS.
R  INDICATES RECORD WAS SET OR TIED.
MM INDICATES DATA IS MISSING.
T  INDICATES TRACE AMOUNT.

$$
