000
CXUS53 KILX 011407
CLMLWV

CLIMATE REPORT
NATIONAL WEATHER SERVICE LINCOLN IL
907 AM CDT FRI OCT 01 2021

...................................

...THE LAWRENCEVILLE IL AIRPORT CLIMATE SUMMARY FOR THE MONTH OF SEPTEMBER 2021...

CLIMATE NORMAL PERIOD 1991 TO 2020
CLIMATE RECORD PERIOD 9999 TO 9999

WEATHER         OBSERVED          NORMAL  DEPART   LAST YEAR`S
                VALUE   DATE(S)   VALUE   FROM     VALUE
                                          NORMAL
..............................................................
TEMPERATURE (F)
RECORD
 HIGH             MM   MM
 LOW              46   09/24/2021
HIGHEST           93   09/14         MM      MM       92
LOWEST            46R  09/24         MM      MM       44
AVG. MAXIMUM    83.9               81.6     2.3     80.9
AVG. MINIMUM    59.0               56.9     2.1     56.8
MEAN            71.4               69.2     2.2     68.8
DAYS MAX >= 90     7                6.1     0.9        3
DAYS MAX <= 32     0                0.0     0.0        0
DAYS MIN <= 32     0                0.0     0.0        0
DAYS MIN <= 0      0                0.0     0.0        0

PRECIPITATION (INCHES)
RECORD
 MAXIMUM          MM   MM
 MINIMUM          MM   MM
TOTALS          2.62               2.94   -0.32     0.26
DAILY AVG.      0.09               0.10   -0.01     0.01
DAYS >= .01       10                8.1     1.9        5
DAYS >= .10        7                4.1     2.9        0
DAYS >= .50        3                1.7     1.3        0
DAYS >= 1.00       0                1.0    -1.0        0
GREATEST
 24 HR. TOTAL   0.96   09/21 TO 09/22               0.08


DEGREE DAYS
HEATING TOTAL     18                 39     -21       32
 SINCE 7/1        18                 39     -21       32
COOLING TOTAL    219                167      52      157
 SINCE 1/1      1460               1343     117     1187
..............................................................

WIND (MPH)
AVERAGE WIND SPEED              7.0
HIGHEST WIND SPEED/DIRECTION    26/180    DATE  09/19
                                26/300          09/23
HIGHEST GUST SPEED/DIRECTION    37/180    DATE  09/19

AVERAGE RH (PERCENT)     67

WEATHER CONDITIONS. NUMBER OF DAYS WITH
THUNDERSTORM              3     MIXED PRECIP               0
HEAVY RAIN                4     RAIN                       6
LIGHT RAIN               10     FREEZING RAIN              0
LT FREEZING RAIN          0     HAIL                       0
HEAVY SNOW                0     SNOW                       0
LIGHT SNOW                0     SLEET                      0
FOG                      15     FOG W/VIS <= 1/4 MILE      4
HAZE                      0

-  INDICATES NEGATIVE NUMBERS.
R  INDICATES RECORD WAS SET OR TIED.
MM INDICATES DATA IS MISSING.
T  INDICATES TRACE AMOUNT.

$$
