000
CXUS53 KOAX 010930
CF6OMA
PRELIMINARY LOCAL CLIMATOLOGICAL DATA (WS FORM: F-6)
STATION: OMAHA NE
MONTH: MAY
YEAR: 2021
LATITUDE: 41 17 N
LONGITUDE: 95 54 W
TEMPERATURE IN F: :PCPN: SNOW: WIND :SUNSHINE: SKY :PK WND
================================================================================
1 2 3 4 5 6A 6B 7 8 9 10 11 12 13 14 15 16 17 18
12Z AVG MX 2MIN
DY MAX MIN AVG DEP HDD CDD WTR SNW DPTH SPD SPD DIR MIN PSBL S-S WX SPD DR
================================================================================
1 88 64 76 18 0 11 0.00 0.0 0 17.3 31 200 M M 4 47 200
2 84 60 72 14 0 7 0.21 0.0 0 13.1 23 180 M M 7 13 29 160
3 67 50 59 0 6 0 0.41 0.0 0 14.9 31 340 M M 8 13 43 330
4 64 42 53 -6 12 0 0.00 0.0 0 12.6 30 340 M M 3 37 360
5 67 34 51 -8 14 0 0.06 0.0 0 7.5 21 350 M M 5 13 28 340
6 68 39 54 -6 11 0 0.00 0.0 0 10.5 22 330 M M 6 1 29 340
7 69 47 58 -2 7 0 0.00 0.0 0 7.0 14 10 M M 6 20 20
8 59 45 52 -8 13 0 0.74 0.0 0 18.2 33 100 M M 10 138 48 100
9 61 42 52 -9 13 0 0.08 0.0 0 9.9 26 40 M M 8 1 38 50
10 65 39 52 -9 13 0 0.00 0.0 0 7.2 17 70 M M 6 25 70
11 63 41 52 -10 13 0 0.00 0.0 0 6.9 16 80 M M 8 26 80
12 67 38 53 -9 12 0 0.00 0.0 0 6.4 17 160 M M 5 23 150
13 70 43 57 -5 8 0 0.00 0.0 0 10.6 21 160 M M 4 31 160
14 69 53 61 -2 4 0 0.11 0.0 0 10.1 18 150 M M 9 1 24 160
15 76 54 65 2 0 0 0.00 0.0 0 6.8 15 160 M M 8 20 150
16 63 59 61 -3 4 0 0.28 0.0 0 8.5 17 110 M M 10 18 22 90
17 71 59 65 1 0 0 T 0.0 0 9.2 20 80 M M 10 1 26 80
18 70 60 65 1 0 0 0.01 0.0 0 6.5 13 90 M M 10 1 28 70
19 76 59 68 3 0 3 0.15 0.0 0 8.0 22 160 M M 10 1 29 160
20 72 64 68 3 0 3 0.32 0.0 0 10.4 22 160 M M 10 1 27 170
21 82 66 74 8 0 9 T 0.0 0 16.4 29 170 M M 7 1 37 160
22 82 68 75 9 0 10 T 0.0 0 13.0 24 170 M M 8 30 180
23 83 67 75 9 0 10 T 0.0 0 11.6 25 170 M M 8 3 32 160
24 85 66 76 9 0 11 0.04 0.0 0 14.8 28 160 M M 8 36 190
25 85 65 75 8 0 10 0.01 0.0 0 10.1 21 180 M M 8 3 26 170
26 85 54 70 2 0 5 0.02 0.0 0 7.5 15 110 M M 5 20 110
27 73 50 62 -6 3 0 0.96 0.0 0 12.1 23 330 M M 10 13 29 330
28 54 47 51 -17 14 0 T 0.0 0 11.2 20 20 M M 10 1 25 360
29 67 44 56 -13 9 0 0.00 0.0 0 8.1 16 160 M M 8 22 130
30 66 54 60 -9 5 0 0.00 0.0 0 5.6 14 140 M M 9 18 180
31 77 51 64 -5 1 0 0.00 0.0 0 2.9 9 160 M M 8 1 12 120
================================================================================
SM 2228 1624 162 79 3.40 0.0 314.9 M 236
================================================================================
AV 71.9 52.4 10.2 FASTST M M 8 MAX(MPH)
MISC ----> 33 100 48 100
================================================================================
NOTES:
# LAST OF SEVERAL OCCURRENCES
COLUMN 17 PEAK WIND IN M.P.H.
PRELIMINARY LOCAL CLIMATOLOGICAL DATA (WS FORM: F-6) , PAGE 2
STATION: OMAHA NE
MONTH: MAY
YEAR: 2021
LATITUDE: 41 17 N
LONGITUDE: 95 54 W
[TEMPERATURE DATA] [PRECIPITATION DATA] SYMBOLS USED IN COLUMN 16
AVERAGE MONTHLY: 62.1 TOTAL FOR MONTH: 3.40 1 = FOG OR MIST
DPTR FM NORMAL: -1.5 DPTR FM NORMAL: -1.26 2 = FOG REDUCING VISIBILITY
HIGHEST: 88 ON 1 GRTST 24HR 0.98 ON 26-27 TO 1/4 MILE OR LESS
LOWEST: 34 ON 5 3 = THUNDER
SNOW, ICE PELLETS, HAIL 4 = ICE PELLETS
TOTAL MONTH: 0.0 INCH 5 = HAIL
GRTST 24HR 0.0 6 = FREEZING RAIN OR DRIZZLE
GRTST DEPTH: 0 7 = DUSTSTORM OR SANDSTORM:
VSBY 1/2 MILE OR LESS
8 = SMOKE OR HAZE
[NO. OF DAYS WITH] [WEATHER - DAYS WITH] 9 = BLOWING SNOW
X = TORNADO
MAX 32 OR BELOW: 0 0.01 INCH OR MORE: 14
MAX 90 OR ABOVE: 0 0.10 INCH OR MORE: 8
MIN 32 OR BELOW: 0 0.50 INCH OR MORE: 2
MIN 0 OR BELOW: 0 1.00 INCH OR MORE: 0
[HDD (BASE 65) ]
TOTAL THIS MO. 162 CLEAR (SCALE 0-3) 0
DPTR FM NORMAL 30 PTCLDY (SCALE 4-7) 17
TOTAL FM JUL 1 5880 CLOUDY (SCALE 8-10) 14
DPTR FM NORMAL 58
[CDD (BASE 65) ]
TOTAL THIS MO. 79
DPTR FM NORMAL -11 [PRESSURE DATA]
TOTAL FM JAN 1 107 HIGHEST SLP 30.47 ON 12
DPTR FM NORMAL 1 LOWEST SLP 29.38 ON 2
[REMARKS]
#FINAL-05-21#