000
CXUS53 KARX 011000
CF6PDC
PRELIMINARY LOCAL CLIMATOLOGICAL DATA (WS FORM: F-6)
STATION: PRAIRIE_DU_CHIEN_MUN
MONTH: JANUARY
YEAR: 2022
LATITUDE: 43 1 N
LONGITUDE: 91 7 W
TEMPERATURE IN F: :PCPN: SNOW: WIND :SUNSHINE: SKY :PK WND
================================================================================
1 2 3 4 5 6A 6B 7 8 9 10 11 12 13 14 15 16 17 18
12Z AVG MX 2MIN
DY MAX MIN AVG DEP HDD CDD WTR SNW DPTH SPD SPD DIR MIN PSBL S-S WX SPD DR
================================================================================
1 21 6 14 M 51 0 0.00 0.0 M 10.0 17 330 M M 7 23 330
2 11 -5 3 M 62 0 0.00 0.0 M 5.0 13 330 M M 1 16 330
3 24 0 12 M 53 0 0.00 0.0 M 3.4 8 200 M M 0 M M
4 33 19 26 M 39 0 0.00 0.0 M 6.0 10 160 M M 2 18 110
5 31 8 20 M 45 0 M M M 15.1 23 280 M M 10 89 33 280
6 8 -7 1 M 64 0 M M M 10.3 15 280 M M 4 20 300
7 8 -10 -1 M 66 0 M M M 3.0 12 120 M M 1 17 120
8 28 8 18 M 47 0 M M M 6.1 14 140 M M 8 18 22 150
9 29 4 17 M 48 0 0.00 M M 10.8 18 300 M M 3 31 280
10 13 1 7 M 58 0 0.00 M M 4.6 12 320 M M 3 18 330
11 37 5 21 M 44 0 0.00 M M 5.4 13 150 M M 0 18 150
12 42 26 34 M 31 0 0.00 M M 0.3 4 70 M M 4 M M
13 42 23 33 M 32 0 0.00 M M 2.4 10 320 M M 5 1 M M
14 34 16 25 M 40 0 M M M 7.9 13 60 M M 10 18 20 60
15 21 2 12 M 53 0 M M M 3.4 9 40 M M 3 16 40
16 24 -1 12 M 53 0 M M M 3.2 8 320 M M 9 M M
17 29 22 26 M 39 0 0.00 0.0 M 5.2 14 300 M M 8 18 300
18 37 24 31 M 34 0 0.00 0.0 M 5.8 18 280 M M 5 23 290
19 24 2 13 M 52 0 0.00 0.0 M 14.4 20 290 M M 1 28 300
20 7 -7 0 M 65 0 0.00 0.0 M 4.7 13 310 M M 0 M M
21 15 -12 2 M 63 0 M M M 2.6 13 180 M M 2 17 190
22 24 14 19 M 46 0 M M M 8.3 18 280 M M 7 8 27 290
23 14 3 9 M 56 0 M M M 4.0 9 320 M M 4 M M
24 17 -1 8 M 57 0 M M M 6.4 13 330 M M 6 18 310
25 4 -14 -5 M 70 0 0.00 0.0 M 4.7 10 290 M M 0 8 M M
26 18 -23 -2 M 67 0 0.00 0.0 M 2.5 10 150 M M 0 8 M M
27 35 17 26 M 39 0 M M M 6.6 18 300 M M 9 24 300
28 17 -3 7 M 58 0 0.00 0.0 M 2.2 8 270 M M 2 M M
29 27 6 17 M 48 0 0.00 0.0 M 2.5 14 140 M M 2 18 160
30 26 8 17 M 48 0 T T M 2.2 9 320 M M 5 M M
31 35 2 19 M 46 0 M M M 5.5 10 130 M M 0 18 130
================================================================================
SM 735 133 1574 0 T T 174.5 M 121
================================================================================
AV 23.7 4.3 5.6 FASTST M M 4 MAX(MPH)
MISC ----> 23 280 33 280
================================================================================
NOTES:
# LAST OF SEVERAL OCCURRENCES
COLUMN 17 PEAK WIND IN M.P.H.
PRELIMINARY LOCAL CLIMATOLOGICAL DATA (WS FORM: F-6) , PAGE 2
STATION: PRAIRIE_DU_CHIEN_MUN
MONTH: JANUARY
YEAR: 2022
LATITUDE: 43 1 N
LONGITUDE: 91 7 W
[TEMPERATURE DATA] [PRECIPITATION DATA] SYMBOLS USED IN COLUMN 16
AVERAGE MONTHLY: 14.0 TOTAL FOR MONTH: T 1 = FOG OR MIST
DPTR FM NORMAL: 0.0 DPTR FM NORMAL: M 2 = FOG REDUCING VISIBILITY
HIGHEST: 42 ON 13,12 GRTST 24HR 0.44 ON 14-14 TO 1/4 MILE OR LESS
LOWEST: -23 ON 26 3 = THUNDER
SNOW, ICE PELLETS, HAIL 4 = ICE PELLETS
TOTAL MONTH: T 5 = HAIL
GRTST 24HR T ON 30-30 6 = FREEZING RAIN OR DRIZZLE
GRTST DEPTH: M ON M 7 = DUSTSTORM OR SANDSTORM:
VSBY 1/2 MILE OR LESS
8 = SMOKE OR HAZE
[NO. OF DAYS WITH] [WEATHER - DAYS WITH] 9 = BLOWING SNOW
X = TORNADO
MAX 32 OR BELOW: 23 0.01 INCH OR MORE: 0
MAX 90 OR ABOVE: 0 0.10 INCH OR MORE: 0
MIN 32 OR BELOW: 31 0.50 INCH OR MORE: 0
MIN 0 OR BELOW: 11 1.00 INCH OR MORE: 0
[HDD (BASE 65) ]
TOTAL THIS MO. 1574 CLEAR (SCALE 0-3) 15
DPTR FM NORMAL M PTCLDY (SCALE 4-7) 11
TOTAL FM JUL 1 3420 CLOUDY (SCALE 8-10) 5
DPTR FM NORMAL M
[CDD (BASE 65) ]
TOTAL THIS MO. 0
DPTR FM NORMAL M [PRESSURE DATA]
TOTAL FM JAN 1 0 HIGHEST SLP M ON M
DPTR FM NORMAL M LOWEST SLP M ON M
[REMARKS]
#FINAL-01-22#