000
CXUS53 KILX 020158
CLSPIA

CLIMATE REPORT
NATIONAL WEATHER SERVICE LINCOLN IL
758 PM CST SUN DEC 1 2019

...CORRECTED TABLE AND ADDED RECORDS...

...................................

...THE PEORIA IL CLIMATE SUMMARY FOR THE SEASON, FROM
9/1/2019 TO 11/30/2019...

CLIMATE NORMAL PERIOD 1981 TO 2010
CLIMATE RECORD PERIOD 1883 TO 2019

WEATHER         OBSERVED          NORMAL  DEPART  LAST YEAR`S
                 VALUE   DATE(S)  VALUE   FROM    VALUE
                                          NORMAL
.............................................................
TEMPERATURE (F)
RECORD
 HIGH             104   09/05/1899
 LOW               -2   11/26/1977
HIGHEST            91   09/12        MM      MM       94
LOWEST              5   11/12        MM      MM       10
AVG. MAXIMUM     62.8              64.0    -1.2     61.8
AVG. MINIMUM     44.5              43.9     0.6     44.1
MEAN             53.6              53.9    -0.3     53.0
DAYS MAX >= 90      2               1.7     0.3        7
DAYS MAX <= 32      4               1.6     2.4        5
DAYS MIN <= 32     23              17.5     5.5       27
DAYS MIN <= 0       0               0.0     0.0        0

PRECIPITATION (INCHES)
RECORD
 MAXIMUM        19.58   1926
 MINIMUM         2.92   2002
TOTALS          14.85              9.12    5.73    11.25
DAILY AVG.       0.16                               0.12
DAYS >= .01        33              26.9     6.1       39
DAYS >= .10        21              17.0     4.0       20
DAYS >= .50         9               6.5     2.5        7
DAYS >= 1.00        4               2.0     2.0        4
GREATEST
 24 HR. TOTAL    3.14   MM                          1.76

SNOWFALL (INCHES)
RECORDS
 TOTAL           10.7   1926
 24 HR TOTAL      6.8   11/26/1975 TO 11/26/1975
TOTALS            6.0               1.1     4.9      9.8
SINCE 7/1         6.0               1.1     4.9      9.8
DAYS >= TRACE       5               1.4     3.6       10
DAYS >= 1.0         2               0.3     1.7        4
GREATEST
 SNOW DEPTH         2   11/12                          4
                        11/01
 24 HR TOTAL      3.9   MM                           2.7

DEGREE_DAYS
HEATING TOTAL    1263              1142     121     1333
 SINCE 7/1         MM              1148      MM       MM
COOLING TOTAL     250               132     118      260
 SINCE 1/1       1232              1039     193     1472

FREEZE DATES
RECORD
 EARLIEST     09/20/1991
 LATEST       05/25/1925
EARLIEST                        10/14
LATEST                          04/19
..............................................................

WIND (MPH)
AVERAGE WIND SPEED              7.2
HIGHEST WIND SPEED/DIRECTION    37/270    DATE  11/27
HIGHEST GUST SPEED/DIRECTION    57/270    DATE  11/27

SKY COVER
POSSIBLE SUNSHINE (PERCENT)   MM
AVERAGE SKY COVER           0.40
NUMBER OF DAYS FAIR           46
NUMBER OF DAYS PC             28
NUMBER OF DAYS CLOUDY         17

AVERAGE RH (PERCENT)     72

WEATHER CONDITIONS. NUMBER OF DAYS WITH
THUNDERSTORM             13     MIXED PRECIP               0
HEAVY RAIN               14     RAIN                      23
LIGHT RAIN               36     FREEZING RAIN              0
LT FREEZING RAIN          1     HAIL                       0
HEAVY SNOW                0     SNOW                       2
LIGHT SNOW                5     SLEET                      1
FOG                      40     FOG W/VIS <= 1/4 MILE      5
HAZE                     14


-  INDICATES NEGATIVE NUMBERS.
R  INDICATES RECORD WAS SET OR TIED.
MM INDICATES DATA IS MISSING.
T  INDICATES TRACE AMOUNT.

&&

RECORDS SET IN AUTUMN SEASON:

* 5TH WARMEST SEPTEMBER
* 8TH WETTEST SEPTEMBER
* SNOWIEST OCTOBER WITH 4.2 INCHES
* 7TH WETTEST OCTOBER WITH 5.30 INCHES
* DAILY PRECIPITATION OF 1.67 INCHES ON 10/30
* DAILY SNOWFALL OF 0.2 INCHES ON 10/30
* DAILY SNOWFALL OF 3.9 INCHES ON 10/31
* RECORD OCTOBER 24-HOUR SNOWFALL OF 3.9 INCHES ON THE 31ST
* RECORD COLD HIGH TEMPERATURE OF 32 DEGREES ON 10/31
* LOW OF 5 DEGREES ON 11/12
* COOL HIGH OF 18 DEGREES ON 11/12
* LOW OF 13 DEGREES ON 11/11
* LOW OF 21 DEGREES ON 11/1
* 9TH WETTEST AUTUMN WITH 14.85 INCHES

$$
