000
CXUS53 KSGF 010810
CF6VIH
PRELIMINARY LOCAL CLIMATOLOGICAL DATA (WS FORM: F-6)
STATION: VICHY-ROLLA MO
MONTH: JANUARY
YEAR: 2023
LATITUDE: 38 7 N
LONGITUDE: 91 46 W
TEMPERATURE IN F: :PCPN: SNOW: WIND :SUNSHINE: SKY :PK WND
================================================================================
1 2 3 4 5 6A 6B 7 8 9 10 11 12 13 14 15 16 17 18
12Z AVG MX 2MIN
DY MAX MIN AVG DEP HDD CDD WTR SNW DPTH SPD SPD DIR MIN PSBL S-S WX SPD DR
================================================================================
1 64 43 54 22 11 0 0.00 M M 7.6 15 160 M M 1 1 19 180
2 66 44 55 23 10 0 1.19 M M 8.1 16 120 M M 9 123 23 120
3 64 39 52 20 13 0 0.55 M M 14.0 25 230 M M 3 1 36 210
4 45 34 40 8 25 0 0.00 M M 13.5 24 260 M M 4 33 240
5 41 24 33 1 32 0 0.00 M M 11.0 20 270 M M 4 26 240
6 49 23 36 4 29 0 0.00 M M 5.3 10 240 M M 3 14 220
7 45 34 40 8 25 0 T M M 9.5 15 50 M M 10 22 50
8 41 22 32 0 33 0 T M M 5.2 9 290 M M 6 128 15 320
9 57 25 41 10 24 0 0.00 M M 11.6 20 170 M M 0 26 170
10 59 31 45 14 20 0 0.00 M M 8.0 14 220 M M 0 18 180
11 64 44 54 23 11 0 0.00 M M 6.9 15 180 M M 2 12 21 180
12 53 28 41 10 24 0 0.23 M M 14.2 23 340 M M 10 1238 35 40
13 29 17 23 -8 42 0 0.00 M M 9.0 16 320 M M 8 1 22 330
14 43 15 29 -2 36 0 0.00 M M 7.8 16 170 M M 0 1 21 160
15 54 33 44 13 21 0 0.00 M M 17.3 28 170 M M 0 38 170
16 66 40 53 22 12 0 0.01 M M 15.1 28 240 M M 6 44 220
17 55 33 44 13 21 0 0.00 M M 7.1 14 280 M M 0 20 280
18 45 39 42 11 23 0 0.66 M M 12.2 26 100 M M 9 12 36 100
19 44 33 39 8 26 0 T M M 15.4 31 250 M M 7 1 38 240
20 40 23 32 1 33 0 0.00 M M 6.6 16 300 M M 5 23 310
21 47 23 35 4 30 0 T M M 4.5 16 110 M M 3 20 110
22 37 32 35 4 30 0 0.01 M M 5.5 13 310 M M 10 1 20 320
23 45 29 37 5 28 0 0.00 M M 7.6 14 300 M M 5 18 210
24 42 26 34 2 31 0 0.18 M M 4.9 10 220 M M 5 1 12 230
25 34 29 32 0 33 0 0.14 M M 11.1 18 280 M M 10 1 26 290
26 31 20 26 -6 39 0 0.00 M M 11.7 21 280 M M 4 30 280
27 50 23 37 5 28 0 0.00 M M 13.8 26 230 M M 3 35 230
28 57 36 47 15 18 0 0.00 M M 13.8 26 230 M M 4 39 200
29 46 20 33 1 32 0 T M M 10.8 21 330 M M 10 16 28 340
30 20 15 18 -14 47 0 0.01 M M 10.3 17 360 M M 10 168 23 330
31 21 11 16 -16 49 0 0.00 M M 6.0 14 10 M M 4 19 10
================================================================================
SM 1454 888 836 0 2.98 M 305.4 M 155
================================================================================
AV 46.9 28.6 9.9 FASTST M M 5 MAX(MPH)
MISC ----> 31 250 44 220
================================================================================
NOTES:
# LAST OF SEVERAL OCCURRENCES
COLUMN 17 PEAK WIND IN M.P.H.
PRELIMINARY LOCAL CLIMATOLOGICAL DATA (WS FORM: F-6) , PAGE 2
STATION: VICHY-ROLLA MO
MONTH: JANUARY
YEAR: 2023
LATITUDE: 38 7 N
LONGITUDE: 91 46 W
[TEMPERATURE DATA] [PRECIPITATION DATA] SYMBOLS USED IN COLUMN 16
AVERAGE MONTHLY: 37.8 TOTAL FOR MONTH: 2.98 1 = FOG OR MIST
DPTR FM NORMAL: 6.2 DPTR FM NORMAL: 0.76 2 = FOG REDUCING VISIBILITY
HIGHEST: 66 ON 16, 2 GRTST 24HR 2.10 ON 2- 3 TO 1/4 MILE OR LESS
LOWEST: 11 ON 31 3 = THUNDER
SNOW, ICE PELLETS, HAIL 4 = ICE PELLETS
TOTAL MONTH: M 5 = HAIL
GRTST 24HR M ON M 6 = FREEZING RAIN OR DRIZZLE
GRTST DEPTH: M ON M 7 = DUSTSTORM OR SANDSTORM:
VSBY 1/2 MILE OR LESS
8 = SMOKE OR HAZE
[NO. OF DAYS WITH] [WEATHER - DAYS WITH] 9 = BLOWING SNOW
X = TORNADO
MAX 32 OR BELOW: 4 0.01 INCH OR MORE: 9
MAX 90 OR ABOVE: 0 0.10 INCH OR MORE: 6
MIN 32 OR BELOW: 19 0.50 INCH OR MORE: 3
MIN 0 OR BELOW: 0 1.00 INCH OR MORE: 1
[HDD (BASE 65) ]
TOTAL THIS MO. 836 CLEAR (SCALE 0-3) 10
DPTR FM NORMAL -199 PTCLDY (SCALE 4-7) 13
TOTAL FM JUL 1 2509 CLOUDY (SCALE 8-10) 8
DPTR FM NORMAL -381
[CDD (BASE 65) ]
TOTAL THIS MO. 0
DPTR FM NORMAL 0 [PRESSURE DATA]
TOTAL FM JAN 1 0 HIGHEST SLP M ON M
DPTR FM NORMAL 0 LOWEST SLP 29.48 ON 16
[REMARKS]
#FINAL-01-23#