000
CXUS53 KILX 190900
CF6ILX
PRELIMINARY LOCAL CLIMATOLOGICAL DATA (WS FORM: F-6)

                                          STATION:   LINCOLN IL
                                          MONTH:     FEBRUARY
                                          YEAR:      2020
                                          LATITUDE:   40  9 N
                                          LONGITUDE:  89 20 W

  TEMPERATURE IN F:       :PCPN:    SNOW:  WIND      :SUNSHINE: SKY     :PK WND
================================================================================
1   2   3   4   5  6A  6B    7    8   9   10  11  12  13   14  15   16   17  18
                                     12Z  AVG MX 2MIN
DY MAX MIN AVG DEP HDD CDD  WTR  SNW DPTH SPD SPD DIR MIN PSBL S-S WX    SPD DR
================================================================================

 1  39  33  36   9  29   0 0.01  0.0    0   M   M   M   M    M   M 1       M  M
 2  63  32  48  21  17   0 0.00  0.0    0   M   M   M   M    M   M         M  M
 3  62  31  47  20  18   0 0.01  0.0    0   M   M   M   M    M   M 1       M  M
 4  40  31  36   9  29   0    T    T    0   M   M   M   M    M   M         M  M
 5  33  26  30   2  35   0 0.24  2.0    0   M   M   M   M    M   M 126     M  M
 6  30  24  27  -1  38   0 0.03  0.3    2   M   M   M   M    M   M         M  M
 7  36  24  30   2  35   0 0.04  0.7    2   M   M   M   M    M   M         M  M
 8  31  22  27  -1  38   0 0.01    T    2   M   M   M   M    M   M         M  M
 9  38  22  30   2  35   0 0.23    T    1   M   M   M   M    M   M         M  M
10  36  28  32   3  33   0 0.00  0.0    0   M   M   M   M    M   M         M  M
11  42  28  35   6  30   0 0.00  0.0    0   M   M   M   M    M   M         M  M
12  35  27  31   2  34   0 0.41  3.3    0   M   M   M   M    M   M         M  M
13  32   1  17 -13  48   0 0.02  0.2    3   M   M   M   M    M   M 18      M  M
14  11  -6   3 -27  62   0 0.00  0.0    3   M   M   M   M    M   M         M  M
15  37  11  24  -6  41   0    T  0.0    3   M   M   M   M    M   M         M  M
16  39  13  26  -5  39   0 0.00    M    2   M   M   M   M    M   M         M  M
17  42  32  37   6  28   0 0.45  0.0    T   M   M   M   M    M   M         M  M
18  42  28  35   4  30   0    T  0.0    0   M   M   M   M    M   M 12      M  M
================================================================================
SM  688  407       619   0  1.45     6.5     M          M        M
================================================================================
AV 38.2 22.6                                 M FASTST   M    M   7    MAX(MPH)
                                 MISC ---->     M   M                  M    M
================================================================================
NOTES:
# LAST OF SEVERAL OCCURRENCES

COLUMN 17 PEAK WIND IN M.P.H.

PRELIMINARY LOCAL CLIMATOLOGICAL DATA (WS FORM: F-6) , PAGE 2

                                          STATION:  LINCOLN IL
                                          MONTH:    FEBRUARY
                                          YEAR:     2020
                                          LATITUDE:   40  9 N
                                          LONGITUDE:  89 20 W

[TEMPERATURE DATA]      [PRECIPITATION DATA]       SYMBOLS USED IN COLUMN 16

AVERAGE MONTHLY: 30.4   TOTAL FOR MONTH:   1.45    1 = FOG OR MIST
DPTR FM NORMAL:   1.6   DPTR FM NORMAL:    0.34    2 = FOG REDUCING VISIBILITY
HIGHEST:    63 ON  2    GRTST 24HR  0.45 ON 17-17      TO 1/4 MILE OR LESS
LOWEST:     -6 ON 14                               3 = THUNDER
                        SNOW, ICE PELLETS, HAIL    4 = ICE PELLETS
                        TOTAL MONTH:   6.5 INCHES  5 = HAIL
                        GRTST 24HR   3.3 ON 12-12  6 = FREEZING RAIN OR DRIZZLE
                        GRTST DEPTH:   3 ON 15,14  7 = DUSTSTORM OR SANDSTORM:
                                                       VSBY 1/2 MILE OR LESS
                                                   8 = SMOKE OR HAZE
[NO. OF DAYS WITH]      [WEATHER - DAYS WITH]      9 = BLOWING SNOW
                                                   X = TORNADO
MAX 32 OR BELOW:   4    0.01 INCH OR MORE:  10
MAX 90 OR ABOVE:   0    0.10 INCH OR MORE:   4
MIN 32 OR BELOW:  17    0.50 INCH OR MORE:   0
MIN  0 OR BELOW:   1    1.00 INCH OR MORE:   0

[HDD (BASE 65) ]
TOTAL THIS MO.   619    CLEAR  (SCALE 0-3)   0
DPTR FM NORMAL   -32    PTCLDY (SCALE 4-7)   0
TOTAL FM JUL 1  3829    CLOUDY (SCALE 8-10)  0
DPTR FM NORMAL  -276

[CDD (BASE 65) ]
TOTAL THIS MO.     0
DPTR FM NORMAL     0    [PRESSURE DATA]
TOTAL FM JAN 1     0    HIGHEST SLP M ON M
DPTR FM NORMAL     0    LOWEST  SLP M ON M

[REMARKS]
