000
CXUS53 KILX 232300
CF6PIA
PRELIMINARY LOCAL CLIMATOLOGICAL DATA (WS FORM: F-6)

                                          STATION:   PEORIA IL
                                          MONTH:     FEBRUARY
                                          YEAR:      2020
                                          LATITUDE:   40 40 N
                                          LONGITUDE:  89 41 W

  TEMPERATURE IN F:       :PCPN:    SNOW:  WIND      :SUNSHINE: SKY     :PK WND
================================================================================
1   2   3   4   5  6A  6B    7    8   9   10  11  12  13   14  15   16   17  18
                                     12Z  AVG MX 2MIN
DY MAX MIN AVG DEP HDD CDD  WTR  SNW DPTH SPD SPD DIR MIN PSBL S-S WX    SPD DR
================================================================================

 1  36  34  35   9  30   0 0.01  0.0    2  9.2 16 260   M    M  10 1      22 290
 2  61  31  46  20  19   0 0.00  0.0    2  6.9 15 270   M    M   0        22 260
 3  56  32  44  18  21   0 0.00  0.0    T  7.0 15  60   M    M   0        21  40
 4  37  30  34   8  31   0 0.00  0.0    0 12.1 22  30   M    M  10        32  50
 5  31  25  28   1  37   0 0.15  2.8    0 10.0 20  50   M    M  10 128    28  50
 6  31  24  28   1  37   0 0.04  0.3    3  6.6 16  10   M    M  10 1      26  10
 7  35  22  29   2  36   0 0.01  0.5    2  4.7 14 230   M    M   6 1      18 220
 8  31  25  28   1  37   0 0.02  0.2    2  6.0 13 200   M    M   7 18     17 270
 9  37  26  32   4  33   0 0.19    T    1 10.6 23 170   M    M   9 1      35 180
10  39  26  33   5  32   0    T  0.0    0  5.3 13 340   M    M   4 18     21 350
11  40  24  32   4  33   0 0.00  0.0    0  5.5 18 280   M    M   1 1      24 280
12  35  25  30   2  35   0 0.35  3.5    0  2.9 12 170   M    M   6 12     15 180
13  32  -2  15 -14  50   0 0.01  0.2    4 10.7 20 290   M    M   8 18     29 290
14  11  -9   1 -28  64   0 0.00  0.0    4  5.3 14 160   M    M   0        19 160
15  34  11  23  -6  42   0 0.00  0.0    3 11.2 22 180   M    M   7        29 150
16  38  16  27  -3  38   0 0.00  0.0    2  3.4  8 130   M    M   3 12     12 140
17  40  32  36   6  29   0 0.13  0.0    1  6.2 15 120   M    M   9 12     22 140
18  40  26  33   3  32   0 0.00  0.0    0  9.8 20 300   M    M   4 18     33 340
19  34  19  27  -4  38   0 0.00  0.0    0  6.1 12  10   M    M   1        19 340
20  26  13  20 -11  45   0 0.00  0.0    0  6.0 14 350   M    M   1        22 340
21  38  11  25  -6  40   0 0.00  0.0    0  9.6 20 220   M    M   0        26 210
22  51  22  37   5  28   0 0.00  0.0    0 12.0 21 230   M    M   0        30 230
================================================================================
SM  813  463       787   0  0.91     7.5 167.1          M      106
================================================================================
AV 37.0 21.1                               7.6 FASTST   M    M   5    MAX(MPH)
                                 MISC ---->  # 23 170               # 35  180
================================================================================
NOTES:
# LAST OF SEVERAL OCCURRENCES

COLUMN 17 PEAK WIND IN M.P.H.

PRELIMINARY LOCAL CLIMATOLOGICAL DATA (WS FORM: F-6) , PAGE 2

                                          STATION:  PEORIA IL
                                          MONTH:    FEBRUARY
                                          YEAR:     2020
                                          LATITUDE:   40 40 N
                                          LONGITUDE:  89 41 W

[TEMPERATURE DATA]      [PRECIPITATION DATA]       SYMBOLS USED IN COLUMN 16

AVERAGE MONTHLY: 29.0   TOTAL FOR MONTH:   0.91    1 = FOG OR MIST
DPTR FM NORMAL:   0.5   DPTR FM NORMAL:   -0.42    2 = FOG REDUCING VISIBILITY
HIGHEST:    61 ON  2    GRTST 24HR  0.35 ON 12-12      TO 1/4 MILE OR LESS
LOWEST:     -9 ON 14                               3 = THUNDER
                        SNOW, ICE PELLETS, HAIL    4 = ICE PELLETS
                        TOTAL MONTH:   7.5 INCHES  5 = HAIL
                        GRTST 24HR   3.5 ON 12-12  6 = FREEZING RAIN OR DRIZZLE
                        GRTST DEPTH:   4 ON 14,13  7 = DUSTSTORM OR SANDSTORM:
                                                       VSBY 1/2 MILE OR LESS
                                                   8 = SMOKE OR HAZE
[NO. OF DAYS WITH]      [WEATHER - DAYS WITH]      9 = BLOWING SNOW
                                                   X = TORNADO
MAX 32 OR BELOW:   6    0.01 INCH OR MORE:   9
MAX 90 OR ABOVE:   0    0.10 INCH OR MORE:   4
MIN 32 OR BELOW:  21    0.50 INCH OR MORE:   0
MIN  0 OR BELOW:   2    1.00 INCH OR MORE:   0

[HDD (BASE 65) ]
TOTAL THIS MO.   787    CLEAR  (SCALE 0-3)   8
DPTR FM NORMAL   -17    PTCLDY (SCALE 4-7)   8
TOTAL FM JUL 1  4064    CLOUDY (SCALE 8-10)  6
DPTR FM NORMAL  -261

[CDD (BASE 65) ]
TOTAL THIS MO.     0
DPTR FM NORMAL     0    [PRESSURE DATA]
TOTAL FM JAN 1     0    HIGHEST SLP M ON M
DPTR FM NORMAL     0    LOWEST  SLP 29.59 ON  3

[REMARKS]
