000
CXUS53 KILX 230900
CF6SPI
PRELIMINARY LOCAL CLIMATOLOGICAL DATA (WS FORM: F-6)

                                          STATION:   SPRINGFIELD IL
                                          MONTH:     MAY
                                          YEAR:      2022
                                          LATITUDE:   39 50 N
                                          LONGITUDE:  89 41 W

  TEMPERATURE IN F:       :PCPN:    SNOW:  WIND      :SUNSHINE: SKY     :PK WND
================================================================================
1   2   3   4   5  6A  6B    7    8   9   10  11  12  13   14  15   16   17  18
                                     12Z  AVG MX 2MIN
DY MAX MIN AVG DEP HDD CDD  WTR  SNW DPTH SPD SPD DIR MIN PSBL S-S WX    SPD DR
================================================================================

 1  61  44  53  -7  12   0 0.00  0.0    0 13.1 28 260   M    M   6        38 250
 2  65  40  53  -7  12   0 0.05  0.0    0  6.7 16 100   M    M   3        23 100
 3  64  49  57  -4   8   0 0.77  0.0    0 12.4 23 270   M    M  10 13     32 270
 4  60  47  54  -7  11   0    T  0.0    0  7.3 14  60   M    M   9        19  50
 5  56  53  55  -6  10   0 0.91  0.0    0  9.0 17  60   M    M  10 1      23  60
 6  55  50  53  -9  12   0 0.08  0.0    0 11.3 20  10   M    M  10 1      30  10
 7  70  46  58  -4   7   0 0.00  0.0    0  9.0 18  60   M    M   2        28  50
 8  72  50  61  -1   4   0 0.00  0.0    0 16.0 28 150   M    M   2        37 140
 9  84  61  73  10   0   8 0.00  0.0    0 20.7 33 150   M    M   3 8      47 150
10  90  70  80  17   0  15 0.00  0.0    0 13.3 21 170   M    M   3        27 180
11  94  70  82  18   0  17 0.00  0.0    0  7.2 18 180   M    M   1        22 190
12  93  73  83  19   0  18 0.00  0.0    0 11.1 17 130   M    M   1        23 120
13  90  69  80  16   0  15 0.00  0.0    0  9.7 17 150   M    M   1        23 150
14  90  60  75  11   0  10 0.00  0.0    0  3.6 16 290   M    M   1        22 280
15  83  53  68   3   0   3 0.10  0.0    M  8.1 20 300   M    M   2        27 300
16  82  52  67   2   0   2 0.00  0.0    0 10.0 24 290   M    M   0        33 290
17  87  53  70   5   0   5 0.07  0.0    0  5.4 16 140   M    M   2        23 260
18  79  63  71   5   0   6 0.11  0.0    0  7.6 18 200   M    M   5 1      25 190
19  85  55  70   4   0   5    T  0.0    0 10.4 26 190   M    M   1 13     36 180
20  89  64  77  11   0  12    T  0.0    0 16.2 29 190   M    M   3 3      39 180
21  64  54  59  -8   6   0 0.85  0.0    0 10.0 33  70   M    M   9 13     44  80
22  62  48  55 -12  10   0 0.00  0.0    0  5.8 17 360   M    M   0        23 310
================================================================================
SM 1675 1224        92 116  2.94  0.0    223.9          M       84
================================================================================
AV 76.1 55.6                              10.2 FASTST   M    M   4    MAX(MPH)
                                 MISC ---->  # 33 150                 47 150
================================================================================
NOTES:
# LAST OF SEVERAL OCCURRENCES

COLUMN 17 PEAK WIND IN M.P.H.

PRELIMINARY LOCAL CLIMATOLOGICAL DATA (WS FORM: F-6) , PAGE 2

                                          STATION:   SPRINGFIELD IL
                                          MONTH:     MAY
                                          YEAR:      2022
                                          LATITUDE:   39 50 N
                                          LONGITUDE:  89 41 W

[TEMPERATURE DATA]      [PRECIPITATION DATA]       SYMBOLS USED IN COLUMN 16

AVERAGE MONTHLY: 65.9   TOTAL FOR MONTH:   2.94    1 = FOG OR MIST
DPTR FM NORMAL:   2.3   DPTR FM NORMAL:   -0.28    2 = FOG REDUCING VISIBILITY
HIGHEST:    94 ON 11    GRTST 24HR  0.91 ON  5- 5      TO 1/4 MILE OR LESS
LOWEST:     40 ON  2                               3 = THUNDER
                        SNOW, ICE PELLETS, HAIL    4 = ICE PELLETS
                        TOTAL MONTH:   0.0 INCH    5 = HAIL
                        GRTST 24HR  0.0            6 = FREEZING RAIN OR DRIZZLE
                        GRTST DEPTH:  0            7 = DUSTSTORM OR SANDSTORM:
                                                       VSBY 1/2 MILE OR LESS
                                                   8 = SMOKE OR HAZE
[NO. OF DAYS WITH]      [WEATHER - DAYS WITH]      9 = BLOWING SNOW
                                                   X = TORNADO
MAX 32 OR BELOW:   0    0.01 INCH OR MORE:   8
MAX 90 OR ABOVE:   5    0.10 INCH OR MORE:   5
MIN 32 OR BELOW:   0    0.50 INCH OR MORE:   3
MIN  0 OR BELOW:   0    1.00 INCH OR MORE:   0

[HDD (BASE 65) ]
TOTAL THIS MO.    92    CLEAR  (SCALE 0-3)  15
DPTR FM NORMAL    -3    PTCLDY (SCALE 4-7)   2
TOTAL FM JUL 1  4321    CLOUDY (SCALE 8-10)  5
DPTR FM NORMAL  -870

[CDD (BASE 65) ]
TOTAL THIS MO.   116
DPTR FM NORMAL    53    [PRESSURE DATA]
TOTAL FM JAN 1   133    HIGHEST SLP M ON M
DPTR FM NORMAL    48    LOWEST  SLP 29.45 ON 19

[REMARKS]
