000
CDUS43 KILX 180733
CLIILX


CLIMATE REPORT
NATIONAL WEATHER SERVICE LINCOLN IL
131 AM CST TUE FEB 18 2020


...................................

...THE LINCOLN IL CLIMATE SUMMARY FOR FEBRUARY 17 2020...

CLIMATE NORMAL PERIOD 1981 TO 2010
CLIMATE RECORD PERIOD 1905 TO 2020


WEATHER ITEM   OBSERVED TIME   RECORD YEAR NORMAL DEPARTURE LAST
                VALUE   (LST)  VALUE       VALUE  FROM      YEAR
                                                  NORMAL
..................................................................
TEMPERATURE (F)
 YESTERDAY
  MAXIMUM         42        MM  72    2017  39      3       30
  MINIMUM         32        MM -10    1958  23      9       25
  AVERAGE         37                        31      6       28

PRECIPITATION (IN)
  YESTERDAY        0.45          0.84 2008   0.06   0.39     0.06
  MONTH TO DATE    1.45                      1.04   0.41     2.00
  SINCE DEC 1      7.22                      5.61   1.61    10.11
  SINCE JAN 1      5.73                      2.97   2.76     5.20

SNOWFALL (IN)
  YESTERDAY        0.0           2.4  2007   0.2   -0.2      0.3
  MONTH TO DATE    6.5                       3.8    2.7      2.1
  SINCE DEC 1     13.2                      15.9   -2.7     22.4
  SINCE JUL 1     17.7                      16.5    1.2     29.5
  SNOW DEPTH       T

DEGREE DAYS
 HEATING
  YESTERDAY       28                        34     -6       37
  MONTH TO DATE  589                       617    -28      635
  SINCE DEC 1   2547                      2928   -381     2887
  SINCE JUL 1   3799                      4071   -272     4242

 COOLING
  YESTERDAY        0                         0      0        0
  MONTH TO DATE    0                         0      0        0
  SINCE DEC 1      0                         0      0        0
  SINCE JAN 1      0                         0      0        0
..................................................................


WIND (MPH)
  HIGHEST WIND SPEED    MM   HIGHEST WIND DIRECTION    MM
  HIGHEST GUST SPEED    MM   HIGHEST GUST DIRECTION    MM
  AVERAGE WIND SPEED    MM


SKY COVER
  POSSIBLE SUNSHINE  MM


WEATHER CONDITIONS
 THE FOLLOWING WEATHER WAS RECORDED YESTERDAY.
  RAIN
  LIGHT RAIN


..........................................................


THE LINCOLN IL CLIMATE NORMALS FOR TODAY
                         NORMAL    RECORD    YEAR
 MAXIMUM TEMPERATURE (F)   40        67      2017
 MINIMUM TEMPERATURE (F)   23       -14      1936


SUNRISE AND SUNSET
FEBRUARY 18 2020......SUNRISE   647 AM CST   SUNSET   536 PM CST
FEBRUARY 19 2020......SUNRISE   646 AM CST   SUNSET   537 PM CST


-  INDICATES NEGATIVE NUMBERS.
R  INDICATES RECORD WAS SET OR TIED.
MM INDICATES DATA IS MISSING.
T  INDICATES TRACE AMOUNT.




$$
