526
CDUS43 KILX 220633
CLIILX


CLIMATE REPORT
NATIONAL WEATHER SERVICE LINCOLN IL
132 AM CDT SUN APR 22 2018


...................................

...THE LINCOLN IL CLIMATE SUMMARY FOR APRIL 21 2018...

CLIMATE NORMAL PERIOD 1981 TO 2010
CLIMATE RECORD PERIOD 1905 TO 2018


WEATHER ITEM   OBSERVED TIME   RECORD YEAR NORMAL DEPARTURE LAST
                VALUE   (LST)  VALUE       VALUE  FROM      YEAR
                                                  NORMAL
..................................................................
TEMPERATURE (F)
 YESTERDAY
  MAXIMUM         64        MM  87    1987  66     -2       58
  MINIMUM         36        MM  28    1982  43     -7       45
  AVERAGE         50                        54     -4       52

PRECIPITATION (IN)
  YESTERDAY        0.00          2.14 1973   0.14  -0.14     0.00
  MONTH TO DATE    2.37                      2.44  -0.07     2.73
  SINCE MAR 1      6.64                      5.04   1.60     6.72
  SINCE JAN 1     12.16                      8.79   3.37     9.37

SNOWFALL (IN)
  YESTERDAY        0.0           T    1918   0.0    0.0      0.0
  MONTH TO DATE    7.1                       0.3    6.8      0.0
  SINCE MAR 1      7.4                       2.0    5.4      3.7
  SINCE JUL 1     17.3                      20.5   -3.2     10.9
  SNOW DEPTH       0

DEGREE DAYS
 HEATING
  YESTERDAY       15                        11      4       13
  MONTH TO DATE  520                       307    213      175
  SINCE MAR 1   1347                      1048    299      872
  SINCE JUL 1   5747                      5471    276     4480

 COOLING
  YESTERDAY        0                         1     -1        0
  MONTH TO DATE    4                         4      0       14
  SINCE MAR 1      4                         6     -2       14
  SINCE JAN 1      4                         6     -2       14
..................................................................


WIND (MPH)
  HIGHEST WIND SPEED    MM   HIGHEST WIND DIRECTION    MM
  HIGHEST GUST SPEED    MM   HIGHEST GUST DIRECTION    MM
  AVERAGE WIND SPEED    MM


SKY COVER
  POSSIBLE SUNSHINE  MM


WEATHER CONDITIONS
 THE FOLLOWING WEATHER WAS RECORDED YESTERDAY.
  NO SIGNIFICANT WEATHER WAS OBSERVED.


..........................................................


THE LINCOLN IL CLIMATE NORMALS FOR TODAY
                         NORMAL    RECORD    YEAR
 MAXIMUM TEMPERATURE (F)   67        88      1980
 MINIMUM TEMPERATURE (F)   43        25      1936


SUNRISE AND SUNSET
APRIL 22 2018.........SUNRISE   609 AM CDT   SUNSET   743 PM CDT
APRIL 23 2018.........SUNRISE   608 AM CDT   SUNSET   744 PM CDT


-  INDICATES NEGATIVE NUMBERS.
R  INDICATES RECORD WAS SET OR TIED.
MM INDICATES DATA IS MISSING.
T  INDICATES TRACE AMOUNT.




$$
