000
CDUS43 KILX 260634
CLIPIA


CLIMATE REPORT
NATIONAL WEATHER SERVICE LINCOLN IL
1234 AM CST WED FEB 26 2020


...................................

...THE PEORIA IL CLIMATE SUMMARY FOR FEBRUARY 25 2020...

CLIMATE NORMAL PERIOD 1981 TO 2010
CLIMATE RECORD PERIOD 1883 TO 2020


WEATHER ITEM   OBSERVED TIME   RECORD YEAR NORMAL DEPARTURE LAST
                VALUE   (LST)  VALUE       VALUE  FROM      YEAR
                                                  NORMAL
..................................................................
TEMPERATURE (F)
 YESTERDAY
  MAXIMUM         36    347 PM  70    2000  42     -6       28
                                      1932
  MINIMUM         30   1159 PM  -9    1967  24      6       10
  AVERAGE         33                        33      0       19

PRECIPITATION (IN)
  YESTERDAY        0.29          1.35 1899   0.08   0.21     0.00
  MONTH TO DATE    1.59                      1.56   0.03     3.00
  SINCE DEC 1      7.42                      5.76   1.66     8.84
  SINCE JAN 1      5.03                      3.34   1.69     5.65

SNOWFALL (IN)
  YESTERDAY        1.3           5.7  1994   0.2    1.1      0.0
  MONTH TO DATE    8.8                       5.7    3.1      2.5
  SINCE DEC 1     22.9                      19.7    3.2     20.8
  SINCE JUL 1     28.9                      20.8    8.1     30.6
  SNOW DEPTH       0

DEGREE DAYS
 HEATING
  YESTERDAY       32                        32      0       46
  MONTH TO DATE  864                       901    -37      937
  SINCE DEC 1   2878                      3274   -396     3202
  SINCE JUL 1   4141                      4422   -281     4535

 COOLING
  YESTERDAY        0                         0      0        0
  MONTH TO DATE    0                         0      0        0
  SINCE DEC 1      0                         0      0        0
  SINCE JAN 1      0                         0      0        0
..................................................................


WIND (MPH)
  HIGHEST WIND SPEED    18   HIGHEST WIND DIRECTION     N (20)
  HIGHEST GUST SPEED    29   HIGHEST GUST DIRECTION     N (360)
  AVERAGE WIND SPEED    10.4


SKY COVER
  POSSIBLE SUNSHINE  MM
  AVERAGE SKY COVER 1.0


WEATHER CONDITIONS
 THE FOLLOWING WEATHER WAS RECORDED YESTERDAY.
  SNOW
  LIGHT SNOW
  FOG


RELATIVE HUMIDITY (PERCENT)
 HIGHEST    92          1200 AM
 LOWEST     82           100 AM
 AVERAGE    87

..........................................................


THE PEORIA IL CLIMATE NORMALS FOR TODAY
                         NORMAL    RECORD    YEAR
 MAXIMUM TEMPERATURE (F)   42        71      1996
 MINIMUM TEMPERATURE (F)   25       -13      1963


SUNRISE AND SUNSET
FEBRUARY 26 2020......SUNRISE   638 AM CST   SUNSET   546 PM CST
FEBRUARY 27 2020......SUNRISE   636 AM CST   SUNSET   547 PM CST


-  INDICATES NEGATIVE NUMBERS.
R  INDICATES RECORD WAS SET OR TIED.
MM INDICATES DATA IS MISSING.
T  INDICATES TRACE AMOUNT.




$$
