610
CDUS43 KILX 172138
CLISPI

CLIMATE REPORT
NATIONAL WEATHER SERVICE LINCOLN IL
438 PM CDT MON MAY 17 2021

...................................

...THE SPRINGFIELD IL CLIMATE SUMMARY FOR MAY 17 2021...
VALID TODAY AS OF 0400 PM LOCAL TIME.

CLIMATE NORMAL PERIOD 1991 TO 2020
CLIMATE RECORD PERIOD 1879 TO 2021


WEATHER ITEM   OBSERVED TIME   RECORD YEAR NORMAL DEPARTURE LAST
                VALUE   (LST)  VALUE       VALUE  FROM      YEAR
                                                  NORMAL
...................................................................
TEMPERATURE (F)
 TODAY
  MAXIMUM         69    224 PM  95    1962  76     -7       70
  MINIMUM         60    514 AM  35    1973  55      5       58
  AVERAGE         65                        65      0       64

PRECIPITATION (IN)
  TODAY            0.35          2.48 1943   0.15   0.20     1.74
  MONTH TO DATE    3.30                      2.50   0.80     5.20
  SINCE MAR 1     10.84                      9.23   1.61    14.93
  SINCE JAN 1     15.87                     13.19   2.68    22.70

SNOWFALL (IN)
  TODAY            0.0           0.0    MM   0.0    0.0      0.0
  MONTH TO DATE    0.0                       0.0    0.0      0.0
  SINCE MAR 1      0.3                       3.4   -3.1      3.4
  SINCE JUL 1     20.7                      21.8   -1.1     31.4
  SNOW DEPTH       0

DEGREE DAYS
 HEATING
  TODAY            0                         3     -3        1
  MONTH TO DATE  141                        80     61      163
  SINCE MAR 1   1034                      1097    -63     1178
  SINCE JUL 1   5272                      5176     96     5248

 COOLING
  TODAY            0                         4     -4        0
  MONTH TO DATE   11                        42    -31       13
  SINCE MAR 1     30                        64    -34       24
  SINCE JAN 1     30                        64    -34       24
...................................................................


WIND (MPH)
  HIGHEST WIND SPEED    18   HIGHEST WIND DIRECTION     E (110)
  HIGHEST GUST SPEED    24   HIGHEST GUST DIRECTION     E (100)
  AVERAGE WIND SPEED    11.1


SKY COVER
  POSSIBLE SUNSHINE  MM
  AVERAGE SKY COVER 0.8


WEATHER CONDITIONS
THE FOLLOWING WEATHER WAS RECORDED TODAY.
  HEAVY RAIN
  RAIN
  LIGHT RAIN
  FOG


RELATIVE HUMIDITY (PERCENT)
 HIGHEST   100           300 PM
 LOWEST     90          1200 PM
 AVERAGE    95

..........................................................


THE SPRINGFIELD IL CLIMATE NORMALS FOR TOMORROW
                         NORMAL    RECORD    YEAR
 MAXIMUM TEMPERATURE (F)   76        95      1962
 MINIMUM TEMPERATURE (F)   55        38      2002
                                             2007


SUNRISE AND SUNSET
MAY 17 2021...........SUNRISE   542 AM CDT   SUNSET   809 PM CDT
MAY 18 2021...........SUNRISE   541 AM CDT   SUNSET   810 PM CDT


-  INDICATES NEGATIVE NUMBERS.
R  INDICATES RECORD WAS SET OR TIED.
MM INDICATES DATA IS MISSING.
T  INDICATES TRACE AMOUNT.




$$
