000
CDUS43 KILX 232139
CLISPI

CLIMATE REPORT
NATIONAL WEATHER SERVICE LINCOLN IL
439 PM CDT MON MAY 23 2022

...................................

...THE SPRINGFIELD IL CLIMATE SUMMARY FOR MAY 23 2022...
VALID TODAY AS OF 0400 PM LOCAL TIME.

CLIMATE NORMAL PERIOD 1991 TO 2020
CLIMATE RECORD PERIOD 1879 TO 2022


WEATHER ITEM   OBSERVED TIME   RECORD YEAR NORMAL DEPARTURE LAST
                VALUE   (LST)  VALUE       VALUE  FROM      YEAR
                                                  NORMAL
...................................................................
TEMPERATURE (F)
 TODAY
  MAXIMUM         69    217 PM  92    1921  78     -9       87
                                      1964
  MINIMUM         43    450 AM  36    1961  57    -14       64
                                      1963
  AVERAGE         56                        67    -11       76

PRECIPITATION (IN)
  TODAY            0.00          1.97 1968   0.14  -0.14     0.00
  MONTH TO DATE    2.94                      3.36  -0.42     5.32
  SINCE MAR 1     10.05                     10.09  -0.04    12.86
  SINCE JAN 1     12.77                     14.05  -1.28    17.89

SNOWFALL (IN)
  TODAY            0.0           0.0    MM   0.0    0.0      0.0
  MONTH TO DATE    0.0                       0.0    0.0      0.0
  SINCE MAR 1      3.7                       3.4    0.3      0.3
  SINCE JUL 1     24.6                      21.8    2.8     20.7
  SNOW DEPTH       0

DEGREE DAYS
 HEATING
  TODAY            9                         2      7        0
  MONTH TO DATE  101                        97      4      141
  SINCE MAR 1   1163                      1114     49     1034
  SINCE JUL 1   4330                      5193   -863     5272

 COOLING
  TODAY            0                         5     -5       11
  MONTH TO DATE  116                        68     48       60
  SINCE MAR 1    133                        90     43       79
  SINCE JAN 1    133                        90     43       79
...................................................................


WIND (MPH)
  HIGHEST WIND SPEED    18   HIGHEST WIND DIRECTION     E (100)
  HIGHEST GUST SPEED    26   HIGHEST GUST DIRECTION     E (70)
  AVERAGE WIND SPEED     8.8


SKY COVER
  POSSIBLE SUNSHINE  MM
  AVERAGE SKY COVER 0.0


WEATHER CONDITIONS
THE FOLLOWING WEATHER WAS RECORDED TODAY.
  NO SIGNIFICANT WEATHER WAS OBSERVED.


RELATIVE HUMIDITY (PERCENT)
 HIGHEST    90           100 AM
 LOWEST     39           200 PM
 AVERAGE    65

..........................................................


THE SPRINGFIELD IL CLIMATE NORMALS FOR TOMORROW
                         NORMAL    RECORD    YEAR
 MAXIMUM TEMPERATURE (F)   78        94      1939
 MINIMUM TEMPERATURE (F)   57        37      1925


SUNRISE AND SUNSET
MAY 23 2022...........SUNRISE   537 AM CDT   SUNSET   814 PM CDT
MAY 24 2022...........SUNRISE   537 AM CDT   SUNSET   815 PM CDT


-  INDICATES NEGATIVE NUMBERS.
R  INDICATES RECORD WAS SET OR TIED.
MM INDICATES DATA IS MISSING.
T  INDICATES TRACE AMOUNT.




$$
