000
CDUS43 KILX 260636
CLISPI


CLIMATE REPORT
NATIONAL WEATHER SERVICE LINCOLN IL
135 AM CDT THU APR 26 2018


...................................

...THE SPRINGFIELD IL CLIMATE SUMMARY FOR APRIL 25 2018...

CLIMATE NORMAL PERIOD 1981 TO 2010
CLIMATE RECORD PERIOD 1879 TO 2018


WEATHER ITEM   OBSERVED TIME   RECORD YEAR NORMAL DEPARTURE LAST
                VALUE   (LST)  VALUE       VALUE  FROM      YEAR
                                                  NORMAL
..................................................................
TEMPERATURE (F)
 YESTERDAY
  MAXIMUM         68    213 PM  90    1986  68      0       83
  MINIMUM         45    351 AM  32    1972  46     -1       52
                                      1968
  AVERAGE         57                        57      0       68

PRECIPITATION (IN)
  YESTERDAY        0.00          1.59 1904   0.13  -0.13     0.00
  MONTH TO DATE    2.18                      2.86  -0.68     2.79
  SINCE MAR 1      6.54                      5.49   1.05     7.05
  SINCE JAN 1     11.26                      9.12   2.14     8.52

SNOWFALL (IN)
  YESTERDAY        0.0           T    1910   0.0    0.0      0.0
  MONTH TO DATE    4.8                       0.3    4.5      0.0
  SINCE MAR 1      4.8                       2.8    2.0      4.6
  SINCE JUL 1     11.8                      20.9   -9.1     10.3
  SNOW DEPTH       0

DEGREE DAYS
 HEATING
  YESTERDAY        8                         9     -1        0
  MONTH TO DATE  474                       325    149      161
  SINCE MAR 1   1224                      1036    188      758
  SINCE JUL 1   5202                      5307   -105     4013

 COOLING
  YESTERDAY        0                         1     -1        3
  MONTH TO DATE   10                        14     -4       36
  SINCE MAR 1     10                        16     -6       36
  SINCE JAN 1     10                        16     -6       36
..................................................................


WIND (MPH)
  HIGHEST WIND SPEED    17   HIGHEST WIND DIRECTION    NE (40)
  HIGHEST GUST SPEED    22   HIGHEST GUST DIRECTION    NE (50)
  AVERAGE WIND SPEED     8.1


SKY COVER
  POSSIBLE SUNSHINE  MM
  AVERAGE SKY COVER 0.0


WEATHER CONDITIONS
 THE FOLLOWING WEATHER WAS RECORDED YESTERDAY.
  FOG


RELATIVE HUMIDITY (PERCENT)
 HIGHEST    93           200 AM
 LOWEST     42           400 PM
 AVERAGE    68

..........................................................


THE SPRINGFIELD IL CLIMATE NORMALS FOR TODAY
                         NORMAL    RECORD    YEAR
 MAXIMUM TEMPERATURE (F)   69        89      1986
 MINIMUM TEMPERATURE (F)   46        32      1976


SUNRISE AND SUNSET
APRIL 26 2018.........SUNRISE   606 AM CDT   SUNSET   748 PM CDT
APRIL 27 2018.........SUNRISE   604 AM CDT   SUNSET   749 PM CDT


-  INDICATES NEGATIVE NUMBERS.
R  INDICATES RECORD WAS SET OR TIED.
MM INDICATES DATA IS MISSING.
T  INDICATES TRACE AMOUNT.




$$
