000
CXUS53 KILX 011526
CLMSPI

CLIMATE REPORT
NATIONAL WEATHER SERVICE LINCOLN IL
1026 AM CDT SUN MAY 01 2022

...................................

...THE SPRINGFIELD IL CLIMATE SUMMARY FOR THE MONTH OF APRIL 2022...

CLIMATE NORMAL PERIOD 1991 TO 2020
CLIMATE RECORD PERIOD 1879 TO 2022

WEATHER         OBSERVED          NORMAL  DEPART   LAST YEAR`S
                VALUE   DATE(S)   VALUE   FROM     VALUE
                                          NORMAL
..............................................................
TEMPERATURE (F)
RECORD
 HIGH             90   04/25/1986
                       04/11/1930
                       04/10/1930
 LOW              16   04/02/2018
HIGHEST           84   04/23         63      21       83
LOWEST            30   04/03         43     -13       23
                       04/19
AVG. MAXIMUM    61.9               65.6    -3.7     64.6
AVG. MINIMUM    40.6               43.3    -2.7     42.8
MEAN            51.3               54.4    -3.1     53.7
DAYS MAX >= 90     0                0.0     0.0        0
DAYS MAX <= 32     0                0.0     0.0        0
DAYS MIN <= 32     3                4.1    -1.1        5
DAYS MIN <= 0      0                0.0     0.0        0

PRECIPITATION (INCHES)
RECORD
 MAXIMUM       10.23   1893
 MINIMUM        0.71   1889
TOTALS          2.61               3.97   -1.36     2.95
DAILY AVG.      0.09               0.13   -0.04     0.10
DAYS >= .01       13               11.5     1.5        9
DAYS >= .10        7                7.3    -0.3        8
DAYS >= .50        1                3.0    -2.0        3
DAYS >= 1.00       0                0.9    -0.9        0
GREATEST
 24 HR. TOTAL   0.67   04/20 TO 04/20               0.90

SNOWFALL (INCHES)
RECORDS
 TOTAL           8.2   1982
TOTALS             T                0.3    -0.3      0.3
SINCE 7/1       24.6               21.8     2.8       MM
DAYS >= 1.0        0                0.1    -0.1        0
GREATEST
 SNOW DEPTH        0                                   0
 24 HR TOTAL      MM                                 0.3

DEGREE DAYS
HEATING TOTAL    422                336      86      350
 SINCE 7/1      4229               5095    -866       MM
COOLING TOTAL     17                 19      -2       19
 SINCE 1/1        17                 22      -5       MM
..............................................................

WIND (MPH)
AVERAGE WIND SPEED              12.3
HIGHEST WIND SPEED/DIRECTION    39/250    DATE  04/14
HIGHEST GUST SPEED/DIRECTION    49/250    DATE  04/14
                                49/160          04/23
                                49/120          04/29

SKY COVER
POSSIBLE SUNSHINE (PERCENT)   MM
AVERAGE SKY COVER           0.46
NUMBER OF DAYS FAIR           10
NUMBER OF DAYS PC             14
NUMBER OF DAYS CLOUDY          6

AVERAGE RH (PERCENT)     65

WEATHER CONDITIONS. NUMBER OF DAYS WITH
THUNDERSTORM              4     MIXED PRECIP               1
HEAVY RAIN                3     RAIN                       5
LIGHT RAIN               20     FREEZING RAIN              0
LT FREEZING RAIN          0     HAIL                       0
HEAVY SNOW                0     SNOW                       0
LIGHT SNOW                1     SLEET                      0
FOG                       8     FOG W/VIS <= 1/4 MILE      0
HAZE                      1

-  INDICATES NEGATIVE NUMBERS.
R  INDICATES RECORD WAS SET OR TIED.
MM INDICATES DATA IS MISSING.
T  INDICATES TRACE AMOUNT.
&&

RECORD WARM LOW TEMPERATURE OF 65 ON APRIL 23.

$$
ERWIN
