000
CXUS53 KIND 011604
CLMBMG

CLIMATE REPORT
NATIONAL WEATHER SERVICE INDIANAPOLIS IN
1104 AM EST THU FEB 01 2024

...................................

...THE BLOOMINGTON IN CLIMATE SUMMARY FOR THE MONTH OF JANUARY 2024...

CLIMATE NORMAL PERIOD 1991 TO 2020
CLIMATE RECORD PERIOD 9999 TO 9999

WEATHER         OBSERVED          NORMAL  DEPART   LAST YEAR`S
                VALUE   DATE(S)   VALUE   FROM     VALUE DATE(S)
                                          NORMAL
................................................................
TEMPERATURE (F)
HIGHEST           56   01/24                          65  01/03
                       01/25
LOWEST            -5R  01/21                          13  01/27
AVG. MAXIMUM    36.0               38.7    -2.7     45.6
AVG. MINIMUM    23.5               21.9     1.6     31.1
MEAN            29.7               30.3    -0.6     38.4
DAYS MAX >= 90     0                0.0     0.0        0
DAYS MAX <= 32     9                9.6    -0.6        1
DAYS MIN <= 32    21               25.4    -4.4       18
DAYS MIN <= 0      4                2.5     1.5        0

PRECIPITATION (INCHES)
TOTALS          4.93               3.38    1.55     3.77
DAILY AVG.      0.16               0.11    0.05     0.12
DAYS >= .01       13               10.5     2.5       13
DAYS >= .10        8                5.7     2.3        7
DAYS >= .50        5                2.2     2.8        4
DAYS >= 1.00       2                0.9     1.1        1
GREATEST
 24 HR. TOTAL   1.30   01/08 TO 01/09


DEGREE DAYS
HEATING TOTAL   1089               1075      14      815
 SINCE 7/1      2688               3059    -371       MM
COOLING TOTAL      0                  0       0        0
 SINCE 1/1         0                  0       0       MM
................................................................

WIND (MPH)
AVERAGE WIND SPEED              7.6
HIGHEST WIND SPEED/DIRECTION    30/230    DATE  01/12
HIGHEST GUST SPEED/DIRECTION    46/260    DATE  01/12

SKY COVER
AVERAGE SKY COVER           0.71

AVERAGE RH (PERCENT)     77

WEATHER CONDITIONS. NUMBER OF DAYS WITH
THUNDERSTORM              0     MIXED PRECIP               0
HEAVY RAIN                3     RAIN                       8
LIGHT RAIN               13     FREEZING RAIN              0
LT FREEZING RAIN          0     HAIL                       0
HEAVY SNOW                0     SNOW                       0
LIGHT SNOW               11     SLEET                      0
FOG                      19     FOG W/VIS <= 1/4 MILE      3
HAZE                      9

-  INDICATES NEGATIVE NUMBERS.
R  INDICATES RECORD WAS SET OR TIED.
MM INDICATES DATA IS MISSING.
T  INDICATES TRACE AMOUNT.

$$
