000
CXUS51 KILN 231318
CF6CMH
PRELIMINARY LOCAL CLIMATOLOGICAL DATA (WS FORM: F-6)
STATION: COLUMBUS OH
MONTH: APRIL
YEAR: 2022
LATITUDE: 40 0 N
LONGITUDE: 82 53 W
TEMPERATURE IN F: :PCPN: SNOW: WIND :SUNSHINE: SKY :PK WND
================================================================================
1 2 3 4 5 6A 6B 7 8 9 10 11 12 13 14 15 16 17 18
12Z AVG MX 2MIN
DY MAX MIN AVG DEP HDD CDD WTR SNW DPTH SPD SPD DIR MIN PSBL S-S WX SPD DR
================================================================================
1 44 33 39 -9 26 0 0.01 0.1 0 13.6 26 270 M M 10 1 31 290
2 50 25 38 -10 27 0 T 0.0 0 4.7 15 240 M M 6 20 200
3 51 37 44 -4 21 0 0.00 0.0 0 10.9 32 290 M M 8 40 290
4 54 35 45 -4 20 0 0.10 0.0 0 6.9 16 130 M M 6 1 20 130
5 56 36 46 -3 19 0 0.18 0.0 0 4.9 14 90 M M 9 1 17 90
6 61 39 50 0 15 0 0.19 0.0 0 6.7 21 150 M M 9 18 25 150
7 55 38 47 -3 18 0 0.01 0.0 0 10.0 24 280 M M 6 1 30 270
8 51 35 43 -7 22 0 T 0.0 0 9.1 22 260 M M 8 27 250
9 43 35 39 -12 26 0 0.24 T 0 11.7 24 280 M M 9 1 31 300
10 58 32 45 -6 20 0 0.00 0.0 0 6.9 14 300 M M 4 19 250
11 60 50 55 3 10 0 0.41 0.0 0 10.9 21 220 M M 9 13 28 230
12 69 49 59 7 6 0 0.10 0.0 0 7.3 17 110 M M 7 1 22 340
13 75 60 68 16 0 3 0.40 0.0 0 11.0 25 270 M M 9 18 35 270
14 61 45 53 0 12 0 0.01 0.0 0 14.7 31 290 M M 5 1 38 280
15 70 44 57 4 8 0 T 0.0 0 14.4 30 230 M M 4 39 240
16 58 37 48 -6 17 0 0.27 0.0 0 13.3 26 330 M M 7 1 33 330
17 51 30 41 -13 24 0 0.00 0.0 0 8.9 16 340 M M 2 20 320
18 41 36 39 -15 26 0 0.64 0.0 0 10.0 21 280 M M 9 1 25 280
19 48 34 41 -14 24 0 T T 0 15.0 28 260 M M 9 1 33 260
20 61 29 45 -10 20 0 0.00 0.0 0 6.6 18 100 M M 5 24 100
21 66 52 59 4 6 0 0.31 0.0 0 10.4 24 220 M M 8 1 29 210
22 73 42 58 2 7 0 0.00 0.0 0 4.0 13 100 M M 5 12 17 100
23 84 53 69 13 0 4 0.00 0.0 0 8.0 20 200 M M 3 25 210
24 83 62 73 17 0 8 0.00 0.0 0 11.0 24 220 M M 4 33 230
25 77 54 66 9 0 1 0.43 0.0 0 10.4 31 280 M M 8 13 42 270
26 54 41 48 -9 17 0 0.00 0.0 0 10.4 22 270 M M 8 30 290
27 55 36 46 -11 19 0 0.00 0.0 0 11.3 20 330 M M 4 29 290
28 59 34 47 -11 18 0 0.00 0.0 0 5.9 15 30 M M 6 19 30
29 66 43 55 -3 10 0 0.00 0.0 0 7.9 14 60 M M 9 22 190
30 68 50 59 1 6 0 0.02 0.0 0 8.7 15 140 M M 9 20 140
================================================================================
SM 1802 1226 444 16 3.32 0.1 285.5 M 205
================================================================================
AV 60.1 40.9 9.5 FASTST M M 7 MAX(MPH)
MISC ----> 32 290 42 270
================================================================================
NOTES:
# LAST OF SEVERAL OCCURRENCES
COLUMN 17 PEAK WIND IN M.P.H.
PRELIMINARY LOCAL CLIMATOLOGICAL DATA (WS FORM: F-6) , PAGE 2
STATION: COLUMBUS OH
MONTH: APRIL
YEAR: 2022
LATITUDE: 40 0 N
LONGITUDE: 82 53 W
[TEMPERATURE DATA] [PRECIPITATION DATA] SYMBOLS USED IN COLUMN 16
AVERAGE MONTHLY: 50.5 TOTAL FOR MONTH: 3.32 1 = FOG OR MIST
DPTR FM NORMAL: -2.7 DPTR FM NORMAL: -0.53 2 = FOG REDUCING VISIBILITY
HIGHEST: 84 ON 23 GRTST 24HR 0.64 ON 18-18 TO 1/4 MILE OR LESS
LOWEST: 25 ON 2 3 = THUNDER
SNOW, ICE PELLETS, HAIL 4 = ICE PELLETS
TOTAL MONTH: 0.1 INCH 5 = HAIL
GRTST 24HR 0.1 ON 1- 1 6 = FREEZING RAIN OR DRIZZLE
GRTST DEPTH: 0 7 = DUSTSTORM OR SANDSTORM:
VSBY 1/2 MILE OR LESS
8 = SMOKE OR HAZE
[NO. OF DAYS WITH] [WEATHER - DAYS WITH] 9 = BLOWING SNOW
X = TORNADO
MAX 32 OR BELOW: 0 0.01 INCH OR MORE: 15
MAX 90 OR ABOVE: 0 0.10 INCH OR MORE: 11
MIN 32 OR BELOW: 4 0.50 INCH OR MORE: 1
MIN 0 OR BELOW: 0 1.00 INCH OR MORE: 0
[HDD (BASE 65) ]
TOTAL THIS MO. 444 CLEAR (SCALE 0-3) 2
DPTR FM NORMAL 77 PTCLDY (SCALE 4-7) 15
TOTAL FM JUL 1 4759 CLOUDY (SCALE 8-10) 13
DPTR FM NORMAL -321
[CDD (BASE 65) ]
TOTAL THIS MO. 16
DPTR FM NORMAL 4 [PRESSURE DATA]
TOTAL FM JAN 1 16 HIGHEST SLP 30.48 ON 22
DPTR FM NORMAL 2 LOWEST SLP 29.55 ON 6
[REMARKS]
#FINAL-04-22#