000
CXUS54 KAMA 050026
CF6DHT
PRELIMINARY LOCAL CLIMATOLOGICAL DATA (WS FORM: F-6)
STATION: DALHART
MONTH: OCTOBER
YEAR: 2020
LATITUDE: 36 1 N
LONGITUDE: 102 33 W
TEMPERATURE IN F: :PCPN: SNOW: WIND :SUNSHINE: SKY :PK WND
================================================================================
1 2 3 4 5 6A 6B 7 8 9 10 11 12 13 14 15 16 17 18
12Z AVG MX 2MIN
DY MAX MIN AVG DEP HDD CDD WTR SNW DPTH SPD SPD DIR MIN PSBL S-S WX SPD DR
================================================================================
1 71 47 59 -2 6 0 0.00 0.0 0 10.2 21 50 M M 0 26 50
2 80 41 61 0 4 0 0.00 0.0 0 9.8 26 230 M M 0 8 32 230
3 72 44 58 -2 7 0 0.00 0.0 0 12.7 30 10 M M 0 8 35 30
4 79 41 60 0 5 0 0.00 0.0 0 10.8 23 200 M M 0 8 31 200
5 92 45 69 9 0 4 0.00 0.0 0 9.6 21 180 M M 0 26 170
6 89 51 70 11 0 5 0.00 0.0 0 9.3 16 200 M M 0 8 19 220
7 93 48 71 12 0 6 0.00 0.0 0 9.4 21 200 M M 0 8 25 210
8 91 42 67 9 0 2 0.00 0.0 0 12.9 28 210 M M 0 8 35 200
9 94 44 69 11 0 4 0.00 0.0 0 8.7 16 360 M M 0 8 21 190
10 92 47 70 12 0 5 0.00 0.0 0 10.0 20 140 M M 0 8 30 130
11 91 42 67 10 0 2 0.00 0.0 0 17.8 45 20 M M 1 8 54 20
12 75 35 55 -2 10 0 0.00 0.0 0 11.4 28 210 M M 0 8 36 200
13 80 40 60 3 5 0 0.00 0.0 0 10.3 28 30 M M 0 8 34 30
14 95 38 67 11 0 2 0.00 0.0 0 10.5 37 30 M M 0 8 47 30
15 61 41 51 -5 14 0 0.00 0.0 0 12.3 29 10 M M 0 8 33 10
16 67 31 49 -7 16 0 0.00 0.0 0 14.3 31 210 M M 0 38 210
17 84 36 60 5 5 0 0.00 0.0 0 10.0 20 150 M M 0 27 140
18 51 39 45 -10 20 0 0.00 0.0 0 14.7 30 10 M M 7 1 35 10
19 67 39 53 -2 12 0 0.00 0.0 0 7.5 15 140 M M 4 1 20 170
20 87 34 61 7 4 0 0.00 0.0 0 9.4 23 60 M M 1 12 28 60
21 82 51 67 13 0 2 0.00 0.0 0 12.9 23 200 M M 4 1 28 190
22 89 41 65 11 0 0 0.00 0.0 0 21.3 37 30 M M 1 43 20
23 49 29 39 -14 26 0 0.00 0.0 0 15.7 31 10 M M 4 38 360
24 78 25 52 -1 13 0 0.00 0.0 0 14.3 24 220 M M 0 35 210
25 50 24 37 -16 28 0 T 0.1 T 18.9 25 20 M M 9 18 35 30
26 24 17 21 -31 44 0 0.05 2.4 2 19.1 29 20 M M 10 18 33 20
27 31 17 24 -28 41 0 0.04 1.6 3 11.2 22 10 M M 10 18 M M
28 39 28 34 -18 31 0 0.69 4.8 2 14.5 37 10 M M 10 168 48 10
29 57 28 43 -8 22 0 T 0.2 2 10.8 40 10 M M 0 18 49 10
30 66 30 48 -3 17 0 0.00 0.0 T 10.1 21 210 M M 0 27 210
31 77 38 58 7 7 0 0.00 0.0 0 11.1 24 40 M M 0 30 40
================================================================================
SM 2253 1153 337 32 0.78 9.1 381.5 M 61
================================================================================
AV 72.7 37.2 12.3 FASTST M M 2 MAX(MPH)
MISC ----> 45 20 54 20
================================================================================
NOTES:
# LAST OF SEVERAL OCCURRENCES
COLUMN 17 PEAK WIND IN M.P.H.
PRELIMINARY LOCAL CLIMATOLOGICAL DATA (WS FORM: F-6) , PAGE 2
STATION: DALHART
MONTH: OCTOBER
YEAR: 2020
LATITUDE: 36 1 N
LONGITUDE: 102 33 W
[TEMPERATURE DATA] [PRECIPITATION DATA] SYMBOLS USED IN COLUMN 16
AVERAGE MONTHLY: 54.9 TOTAL FOR MONTH: 0.78 1 = FOG OR MIST
DPTR FM NORMAL: -0.8 DPTR FM NORMAL: -0.69 2 = FOG REDUCING VISIBILITY
HIGHEST: 95 ON 14 GRTST 24HR 0.69 ON 28-28 TO 1/4 MILE OR LESS
LOWEST: 17 ON 27,26 3 = THUNDER
SNOW, ICE PELLETS, HAIL 4 = ICE PELLETS
TOTAL MONTH: 9.1 INCHES 5 = HAIL
GRTST 24HR 4.8 ON 28-28 6 = FREEZING RAIN OR DRIZZLE
GRTST DEPTH: 3 ON 27 7 = DUSTSTORM OR SANDSTORM:
VSBY 1/2 MILE OR LESS
8 = SMOKE OR HAZE
[NO. OF DAYS WITH] [WEATHER - DAYS WITH] 9 = BLOWING SNOW
X = TORNADO
MAX 32 OR BELOW: 2 0.01 INCH OR MORE: 3
MAX 90 OR ABOVE: 7 0.10 INCH OR MORE: 1
MIN 32 OR BELOW: 9 0.50 INCH OR MORE: 1
MIN 0 OR BELOW: 0 1.00 INCH OR MORE: 0
[HDD (BASE 65) ]
TOTAL THIS MO. 337 CLEAR (SCALE 0-3) 23
DPTR FM NORMAL 40 PTCLDY (SCALE 4-7) 4
TOTAL FM JUL 1 412 CLOUDY (SCALE 8-10) 4
DPTR FM NORMAL 53
[CDD (BASE 65) ]
TOTAL THIS MO. 32
DPTR FM NORMAL 22 [PRESSURE DATA]
TOTAL FM JAN 1 1631 HIGHEST SLP 30.43 ON 16
DPTR FM NORMAL 493 LOWEST SLP 29.56 ON 22
[REMARKS]
#FINAL-10-20#