000
CXUS56 KMTR 010900
CF6LVK
PRELIMINARY LOCAL CLIMATOLOGICAL DATA (WS FORM: F-6)
STATION: LIVERMORE AIRPORT
MONTH: MAY
YEAR: 2023
LATITUDE: 37 42 N
LONGITUDE: 121 49 W
TEMPERATURE IN F: :PCPN: SNOW: WIND :SUNSHINE: SKY :PK WND
================================================================================
1 2 3 4 5 6A 6B 7 8 9 10 11 12 13 14 15 16 17 18
12Z AVG MX 2MIN
DY MAX MIN AVG DEP HDD CDD WTR SNW DPTH SPD SPD DIR MIN PSBL S-S WX SPD DR
================================================================================
1 57 48 53 -7 12 0 0.04 M M 14.3 24 250 M M 10 1 31 260
2 58 47 53 -7 12 0 0.14 M M 5.9 16 60 M M 9 13 21 70
3 58 47 53 -7 12 0 0.11 M M 4.5 14 200 M M 9 1 19 70
4 60 44 52 -8 13 0 0.00 M M 5.3 14 270 M M 8 1 18 280
5 65 48 57 -3 8 0 0.03 M M 6.8 16 290 M M 9 1 20 270
6 62 51 57 -4 8 0 0.02 M M 7.0 17 270 M M 8 18 21 280
7 68 49 59 -2 6 0 0.00 M M 7.6 17 270 M M 5 21 290
8 66 46 56 -5 9 0 T M M 8.3 18 270 M M 4 23 280
9 66 46 56 -5 9 0 0.00 M M 6.9 17 250 M M 4 22 250
10 64 50 57 -4 8 0 0.00 M M 10.4 17 280 M M 7 22 290
11 69 48 59 -3 6 0 0.00 M M 5.9 15 270 M M 3 19 280
12 81 48 65 3 0 0 0.00 M M 4.0 14 290 M M 1 16 280
13 92 50 71 9 0 6 0.00 M M 3.5 12 300 M M 0 17 60
14 86 55 71 9 0 6 0.00 M M 6.4 16 290 M M 0 19 230
15 82 54 68 6 0 3 0.00 M M 5.6 13 280 M M 2 15 280
16 89 52 71 9 0 6 0.00 M M 4.9 13 280 M M 2 18 17 280
17 87 53 70 8 0 5 0.00 M M 7.0 16 310 M M 0 18 20 300
18 78 50 64 1 1 0 0.00 M M 7.9 17 280 M M 1 1 21 280
19 75 52 64 1 1 0 0.00 M M 9.5 20 300 M M 1 25 270
20 71 51 61 -2 4 0 0.00 M M 11.3 20 290 M M 5 26 280
21 85 53 69 6 0 4 0.00 M M 5.1 18 290 M M 4 22 290
22 87 50 69 6 0 4 0.00 M M 7.5 22 280 M M 0 18 26 270
23 74 52 63 -1 2 0 0.00 M M 11.9 18 280 M M 3 1 24 260
24 72 53 63 -1 2 0 0.00 M M 10.9 18 290 M M 3 23 310
25 70 53 62 -2 3 0 0.00 M M 11.7 20 290 M M 4 25 280
26 69 52 61 -3 4 0 0.00 M M 12.1 21 270 M M 5 24 270
27 74 53 64 0 1 0 0.00 M M 11.3 21 290 M M 6 24 290
28 68 53 61 -3 4 0 0.00 M M 9.6 20 290 M M 5 24 290
29 73 52 63 -1 2 0 0.00 M M 10.9 21 290 M M 4 30 280
30 71 51 61 -4 4 0 0.00 M M 11.7 21 270 M M 2 25 270
31 73 50 62 -3 3 0 0.00 M M 10.9 20 280 M M 4 25 290
================================================================================
SM 2250 1561 134 34 0.34 M 256.6 M 128
================================================================================
AV 72.6 50.4 8.3 FASTST M M 4 MAX(MPH)
MISC ----> 24 250 31 260
================================================================================
NOTES:
# LAST OF SEVERAL OCCURRENCES
COLUMN 17 PEAK WIND IN M.P.H.
PRELIMINARY LOCAL CLIMATOLOGICAL DATA (WS FORM: F-6) , PAGE 2
STATION: LIVERMORE AIRPORT
MONTH: MAY
YEAR: 2023
LATITUDE: 37 42 N
LONGITUDE: 121 49 W
[TEMPERATURE DATA] [PRECIPITATION DATA] SYMBOLS USED IN COLUMN 16
AVERAGE MONTHLY: 61.5 TOTAL FOR MONTH: 0.34 1 = FOG OR MIST
DPTR FM NORMAL: -0.9 DPTR FM NORMAL: -0.22 2 = FOG REDUCING VISIBILITY
HIGHEST: 92 ON 13 GRTST 24HR 0.17 ON 1- 2 TO 1/4 MILE OR LESS
LOWEST: 44 ON 4 3 = THUNDER
SNOW, ICE PELLETS, HAIL 4 = ICE PELLETS
TOTAL MONTH: M 5 = HAIL
GRTST 24HR M ON M 6 = FREEZING RAIN OR DRIZZLE
GRTST DEPTH: M ON M 7 = DUSTSTORM OR SANDSTORM:
VSBY 1/2 MILE OR LESS
8 = SMOKE OR HAZE
[NO. OF DAYS WITH] [WEATHER - DAYS WITH] 9 = BLOWING SNOW
X = TORNADO
MAX 32 OR BELOW: 0 0.01 INCH OR MORE: 5
MAX 90 OR ABOVE: 1 0.10 INCH OR MORE: 2
MIN 32 OR BELOW: 0 0.50 INCH OR MORE: 0
MIN 0 OR BELOW: 0 1.00 INCH OR MORE: 0
[HDD (BASE 65) ]
TOTAL THIS MO. 134 CLEAR (SCALE 0-3) 12
DPTR FM NORMAL 8 PTCLDY (SCALE 4-7) 15
TOTAL FM JUL 1 2895 CLOUDY (SCALE 8-10) 4
DPTR FM NORMAL 221
[CDD (BASE 65) ]
TOTAL THIS MO. 34
DPTR FM NORMAL -10 [PRESSURE DATA]
TOTAL FM JAN 1 47 HIGHEST SLP M ON M
DPTR FM NORMAL -5 LOWEST SLP 29.73 ON 14
[REMARKS]
#FINAL-05-23#