000
CXUS51 KCAR 010700
CF6MLT
PRELIMINARY LOCAL CLIMATOLOGICAL DATA (WS FORM: F-6)
STATION: MILLINOCKET ME
MONTH: SEPTEMBER
YEAR: 2022
LATITUDE: 45 39 N
LONGITUDE: 68 41 W
TEMPERATURE IN F: :PCPN: SNOW: WIND :SUNSHINE: SKY :PK WND
================================================================================
1 2 3 4 5 6A 6B 7 8 9 10 11 12 13 14 15 16 17 18
12Z AVG MX 2MIN
DY MAX MIN AVG DEP HDD CDD WTR SNW DPTH SPD SPD DIR MIN PSBL S-S WX SPD DR
================================================================================
1 71 53 62 -2 3 0 0.00 M M 6.2 18 310 M M 3 25 310
2 71 48 60 -3 5 0 0.00 M M 3.8 14 320 M M 0 19 330
3 77 49 63 0 2 0 0.00 M M 1.3 8 200 M M 1 14 190
4 76 55 66 3 0 1 0.00 M M 3.2 13 20 M M 6 17 20
5 63 50 57 -5 8 0 0.43 M M 3.4 10 80 M M 8 1 14 70
6 70 53 62 0 3 0 0.07 M M 3.8 10 30 M M 6 1 14 50
7 76 47 62 0 3 0 0.00 M M 0.5 7 300 M M 1 1 11 290
8 75 50 63 2 2 0 0.00 M M 0.8 8 160 M M 3 12 13 190
9 81 50 66 5 0 1 0.00 M M 0.1 6 100 M M 2 12 9 130
10 82 55 69 8 0 4 0.00 M M 1.3 7 240 M M 0 11 180
11 83 56 70 10 0 5 0.00 M M 1.0 9 320 M M 1 12 320
12 80 61 71 11 0 6 0.00 M M 1.3 8 310 M M 0 13 320
13 74 57 66 7 0 1 T M M 1.8 8 130 M M 6 1 12 160
14 76 58 67 8 0 2 0.63 M M 8.4 20 290 M M 6 13 35 290
15 60 50 55 -4 10 0 0.00 M M 12.4 26 310 M M 2 41 280
16 62 44 53 -5 12 0 0.00 M M 11.1 23 310 M M 1 38 300
17 67 43 55 -3 10 0 0.00 M M 3.8 13 300 M M 1 20 280
18 59 51 55 -2 10 0 0.38 M M 1.5 7 40 M M 7 1 10 60
19 62 37 50 -7 15 0 0.11 M M 2.1 9 90 M M 6 12 12 190
20 52 50 51 -5 14 0 0.70 M M 7.6 14 40 M M 10 1 23 10
21 63 50 57 1 8 0 0.00 M M 4.3 9 130 M M 8 14 300
22 61 49 55 -1 10 0 1.66 M M 2.6 15 330 M M 10 13 22 330
23 61 46 54 -1 11 0 0.00 M M 14.4 26 330 M M 5 47 330
24 65 46 56 1 9 0 0.00 M M 13.0 30 330 M M 0 8 52 310
25 68 41 55 1 10 0 0.17 M M 2.3 9 240 M M 3 1 19 240
26 70 53 62 8 3 0 0.10 M M 2.6 10 80 M M 6 12 20 230
27 70 48 59 6 6 0 T M M 2.6 12 150 M M 3 1 19 140
28 68 42 55 2 10 0 T M M 3.9 14 310 M M 6 12 24 300
29 60 41 51 -1 14 0 T M M 6.9 16 330 M M 6 24 310
30 65 34 50 -2 15 0 0.00 M M 2.2 8 270 M M 0 13 270
================================================================================
SM 2068 1467 193 20 4.25 M 130.2 M 117
================================================================================
AV 68.9 48.9 4.3 FASTST M M 4 MAX(MPH)
MISC ----> 30 330 52 310
================================================================================
NOTES:
# LAST OF SEVERAL OCCURRENCES
COLUMN 17 PEAK WIND IN M.P.H.
PRELIMINARY LOCAL CLIMATOLOGICAL DATA (WS FORM: F-6) , PAGE 2
STATION: MILLINOCKET ME
MONTH: SEPTEMBER
YEAR: 2022
LATITUDE: 45 39 N
LONGITUDE: 68 41 W
[TEMPERATURE DATA] [PRECIPITATION DATA] SYMBOLS USED IN COLUMN 16
AVERAGE MONTHLY: 58.9 TOTAL FOR MONTH: 4.25 1 = FOG OR MIST
DPTR FM NORMAL: 0.7 DPTR FM NORMAL: 0.64 2 = FOG REDUCING VISIBILITY
HIGHEST: 83 ON 11 GRTST 24HR 1.66 ON 22-22 TO 1/4 MILE OR LESS
LOWEST: 34 ON 30 3 = THUNDER
SNOW, ICE PELLETS, HAIL 4 = ICE PELLETS
TOTAL MONTH: M 5 = HAIL
GRTST 24HR M ON M 6 = FREEZING RAIN OR DRIZZLE
GRTST DEPTH: M ON M 7 = DUSTSTORM OR SANDSTORM:
VSBY 1/2 MILE OR LESS
8 = SMOKE OR HAZE
[NO. OF DAYS WITH] [WEATHER - DAYS WITH] 9 = BLOWING SNOW
X = TORNADO
MAX 32 OR BELOW: 0 0.01 INCH OR MORE: 9
MAX 90 OR ABOVE: 0 0.10 INCH OR MORE: 8
MIN 32 OR BELOW: 0 0.50 INCH OR MORE: 3
MIN 0 OR BELOW: 0 1.00 INCH OR MORE: 1
[HDD (BASE 65) ]
TOTAL THIS MO. 193 CLEAR (SCALE 0-3) 16
DPTR FM NORMAL -35 PTCLDY (SCALE 4-7) 10
TOTAL FM JUL 1 223 CLOUDY (SCALE 8-10) 4
DPTR FM NORMAL -74
[CDD (BASE 65) ]
TOTAL THIS MO. 20
DPTR FM NORMAL -4 [PRESSURE DATA]
TOTAL FM JAN 1 366 HIGHEST SLP 30.40 ON 30
DPTR FM NORMAL 74 LOWEST SLP 29.41 ON 22
[REMARKS]
#FINAL-09-22#