000
CXUS51 KBOX 010810
CF6PVD
PRELIMINARY LOCAL CLIMATOLOGICAL DATA (WS FORM: F-6)
STATION: PROVIDENCE RI
MONTH: APRIL
YEAR: 2021
LATITUDE: 41 43 N
LONGITUDE: 71 26 W
TEMPERATURE IN F: :PCPN: SNOW: WIND :SUNSHINE: SKY :PK WND
================================================================================
1 2 3 4 5 6A 6B 7 8 9 10 11 12 13 14 15 16 17 18
12Z AVG MX 2MIN
DY MAX MIN AVG DEP HDD CDD WTR SNW DPTH SPD SPD DIR MIN PSBL S-S WX SPD DR
================================================================================
1 58 35 47 3 18 0 0.66 0.0 0 12.6 24 310 M M 9 1 33 320
2 40 31 36 -8 29 0 0.00 0.0 0 10.4 20 330 M M 6 26 330
3 51 27 39 -6 26 0 0.00 0.0 0 5.9 17 360 M M 1 22 290
4 61 29 45 0 20 0 0.00 0.0 0 7.9 21 310 M M 1 27 320
5 64 45 55 9 10 0 0.00 0.0 0 13.8 25 350 M M 5 35 310
6 67 43 55 9 10 0 0.00 0.0 0 8.1 18 20 M M 3 32 10
7 64 39 52 6 13 0 0.00 0.0 0 5.4 16 60 M M 3 23 70
8 68 44 56 9 9 0 0.00 0.0 0 8.8 24 60 M M 4 44 80
9 62 42 52 5 13 0 0.00 0.0 0 6.9 18 150 M M 4 1 22 150
10 74 44 59 12 6 0 0.01 0.0 0 8.1 20 220 M M 4 25 240
11 56 44 50 2 15 0 0.02 0.0 0 11.1 21 30 M M 9 18 24 20
12 54 42 48 0 17 0 T 0.0 0 13.2 23 40 M M 9 29 30
13 61 41 51 3 14 0 0.00 0.0 0 11.5 24 30 M M 6 30 30
14 58 46 52 3 13 0 0.00 0.0 0 7.6 17 160 M M 7 20 150
15 52 40 46 -3 19 0 0.60 0.0 0 8.8 15 100 M M 10 18 20 130
16 41 35 38 -11 27 0 1.06 T 0 14.7 24 320 M M 10 145 38 310
17 51 39 45 -5 20 0 0.04 0.0 0 8.1 16 350 M M 9 22 340
18 63 42 53 3 12 0 0.00 0.0 0 6.9 16 290 M M 8 23 320
19 65 44 55 5 10 0 T 0.0 0 6.3 17 220 M M 7 22 190
20 73 42 58 7 7 0 0.00 0.0 0 10.2 26 210 M M 2 39 210
21 70 37 54 3 11 0 0.07 0.0 0 12.6 29 190 M M 6 13 36 190
22 49 33 41 -10 24 0 0.00 0.0 0 16.8 33 270 M M 4 47 260
23 61 36 49 -3 16 0 0.00 0.0 0 13.3 25 260 M M 1 35 270
24 73 45 59 7 6 0 0.00 0.0 0 12.1 24 220 M M 1 32 210
25 56 44 50 -2 15 0 0.57 0.0 0 7.5 18 350 M M 7 1 24 10
26 58 43 51 -2 14 0 0.00 0.0 0 12.0 25 310 M M 1 34 320
27 72 41 57 4 8 0 T 0.0 0 8.5 20 260 M M 5 26 260
28 70 49 60 7 5 0 0.05 0.0 0 4.7 13 180 M M 8 3 16 360
29 56 51 54 0 11 0 0.16 0.0 0 4.2 14 170 M M 8 12 17 170
30 67 44 56 2 9 0 0.01 0.0 0 16.0 33 290 M M 7 1 45 300
================================================================================
SM 1815 1217 427 0 3.25 T 294.0 M 165
================================================================================
AV 60.5 40.6 9.8 FASTST M M 6 MAX(MPH)
MISC ----> # 33 270 47 260
================================================================================
NOTES:
# LAST OF SEVERAL OCCURRENCES
COLUMN 17 PEAK WIND IN M.P.H.
PRELIMINARY LOCAL CLIMATOLOGICAL DATA (WS FORM: F-6) , PAGE 2
STATION: PROVIDENCE RI
MONTH: APRIL
YEAR: 2021
LATITUDE: 41 43 N
LONGITUDE: 71 26 W
[TEMPERATURE DATA] [PRECIPITATION DATA] SYMBOLS USED IN COLUMN 16
AVERAGE MONTHLY: 50.5 TOTAL FOR MONTH: 3.25 1 = FOG OR MIST
DPTR FM NORMAL: 1.4 DPTR FM NORMAL: -1.11 2 = FOG REDUCING VISIBILITY
HIGHEST: 74 ON 10 GRTST 24HR 1.64 ON 15-16 TO 1/4 MILE OR LESS
LOWEST: 27 ON 3 3 = THUNDER
SNOW, ICE PELLETS, HAIL 4 = ICE PELLETS
TOTAL MONTH: T 5 = HAIL
GRTST 24HR T ON 16-16 6 = FREEZING RAIN OR DRIZZLE
GRTST DEPTH: 0 7 = DUSTSTORM OR SANDSTORM:
VSBY 1/2 MILE OR LESS
8 = SMOKE OR HAZE
[NO. OF DAYS WITH] [WEATHER - DAYS WITH] 9 = BLOWING SNOW
X = TORNADO
MAX 32 OR BELOW: 0 0.01 INCH OR MORE: 11
MAX 90 OR ABOVE: 0 0.10 INCH OR MORE: 5
MIN 32 OR BELOW: 3 0.50 INCH OR MORE: 4
MIN 0 OR BELOW: 0 1.00 INCH OR MORE: 1
[HDD (BASE 65) ]
TOTAL THIS MO. 427 CLEAR (SCALE 0-3) 7
DPTR FM NORMAL -52 PTCLDY (SCALE 4-7) 16
TOTAL FM JUL 1 4817 CLOUDY (SCALE 8-10) 7
DPTR FM NORMAL -533
[CDD (BASE 65) ]
TOTAL THIS MO. 0
DPTR FM NORMAL -2 [PRESSURE DATA]
TOTAL FM JAN 1 0 HIGHEST SLP 30.30 ON 3
DPTR FM NORMAL -2 LOWEST SLP 29.27 ON 30
[REMARKS]
#FINAL-04-21#