000
CXUS51 KBOX 010910
CF6BDL
PRELIMINARY LOCAL CLIMATOLOGICAL DATA (WS FORM: F-6)
STATION: HARTFORD CT
MONTH: FEBRUARY
YEAR: 2022
LATITUDE: 41 55 N
LONGITUDE: 72 41 W
TEMPERATURE IN F: :PCPN: SNOW: WIND :SUNSHINE: SKY :PK WND
================================================================================
1 2 3 4 5 6A 6B 7 8 9 10 11 12 13 14 15 16 17 18
12Z AVG MX 2MIN
DY MAX MIN AVG DEP HDD CDD WTR SNW DPTH SPD SPD DIR MIN PSBL S-S WX SPD DR
================================================================================
1 34 4 19 -8 46 0 0.00 0.0 6 3.7 12 30 M M 4 13 40
2 44 29 37 10 28 0 0.00 0.0 5 2.2 9 170 M M 9 1 13 180
3 46 37 42 15 23 0 0.83 0.0 3 5.2 13 150 M M 10 12 14 150
4 40 27 34 7 31 0 1.04 T 0 9.2 17 350 M M 10 146 22 10
5 27 14 21 -7 44 0 T T 0 10.8 22 300 M M 5 28 320
6 29 11 20 -8 45 0 0.00 0.0 0 4.6 16 200 M M 2 19 200
7 35 17 26 -2 39 0 0.21 1.0 0 4.3 9 20 M M 9 14 12 30
8 45 31 38 10 27 0 0.13 0.0 0 9.2 18 310 M M 7 1 24 310
9 45 23 34 6 31 0 0.00 0.0 0 6.4 16 180 M M 1 20 180
10 52 26 39 11 26 0 0.00 0.0 0 7.6 25 280 M M 5 1 33 230
11 56 27 42 13 23 0 0.00 0.0 0 9.4 24 200 M M 3 30 190
12 59 33 46 17 19 0 0.00 0.0 0 9.7 30 250 M M 7 35 250
13 33 22 28 -1 37 0 0.05 1.9 2 6.9 16 330 M M 10 1 24 340
14 22 12 17 -12 48 0 0.00 0.0 1 14.8 25 300 M M 3 34 300
15 31 10 21 -9 44 0 0.00 0.0 0 5.5 17 270 M M 2 21 270
16 43 12 28 -2 37 0 0.00 0.0 0 9.4 24 190 M M 6 34 180
17 62 37 50 20 15 0 0.18 0.0 0 14.4 24 190 M M 9 1 34 200
18 59 19 39 9 26 0 0.32 0.0 0 18.4 31 200 M M 5 1 39 320
19 37 16 27 -3 38 0 0.01 0.3 0 14.9 38 310 M M 4 12 50 310
20 34 14 24 -7 41 0 0.00 0.0 0 10.9 35 300 M M 2 45 300
21 55 28 42 11 23 0 0.00 0.0 0 8.1 15 190 M M 3 19 200
22 57 26 42 11 23 0 0.97 0.0 0 6.0 32 200 M M 9 1 45 200
23 71 28 50 18 15 0 T 0.0 0 13.8 31 240 M M 8 1 38 260
24 29 25 27 -5 38 0 0.00 0.0 0 7.7 23 330 M M 10 29 310
25 30 19 25 -7 40 0 0.74 4.7 2 9.5 23 310 M M 9 148 30 310
26 34 9 22 -10 43 0 0.00 0.0 4 5.1 15 320 M M 3 20 310
27 43 13 28 -5 37 0 T T 4 10.7 32 300 M M 3 41 290
28 30 16 23 -10 42 0 T T 4 9.9 21 310 M M 3 26 320
================================================================================
SM 1182 585 929 0 4.48 7.9 248.3 M 161
================================================================================
AV 42.2 20.9 8.9 FASTST M M 6 MAX(MPH)
MISC ----> 38 310 50 310
================================================================================
NOTES:
# LAST OF SEVERAL OCCURRENCES
COLUMN 17 PEAK WIND IN M.P.H.
PRELIMINARY LOCAL CLIMATOLOGICAL DATA (WS FORM: F-6) , PAGE 2
STATION: HARTFORD CT
MONTH: FEBRUARY
YEAR: 2022
LATITUDE: 41 55 N
LONGITUDE: 72 41 W
[TEMPERATURE DATA] [PRECIPITATION DATA] SYMBOLS USED IN COLUMN 16
AVERAGE MONTHLY: 31.6 TOTAL FOR MONTH: 4.48 1 = FOG OR MIST
DPTR FM NORMAL: 2.0 DPTR FM NORMAL: 1.35 2 = FOG REDUCING VISIBILITY
HIGHEST: 71 ON 23 GRTST 24HR 1.72 ON 3- 4 TO 1/4 MILE OR LESS
LOWEST: 4 ON 1 3 = THUNDER
SNOW, ICE PELLETS, HAIL 4 = ICE PELLETS
TOTAL MONTH: 7.9 INCHES 5 = HAIL
GRTST 24HR 4.7 ON 25-25 6 = FREEZING RAIN OR DRIZZLE
GRTST DEPTH: 6 ON 1 7 = DUSTSTORM OR SANDSTORM:
VSBY 1/2 MILE OR LESS
8 = SMOKE OR HAZE
[NO. OF DAYS WITH] [WEATHER - DAYS WITH] 9 = BLOWING SNOW
X = TORNADO
MAX 32 OR BELOW: 7 0.01 INCH OR MORE: 10
MAX 90 OR ABOVE: 0 0.10 INCH OR MORE: 8
MIN 32 OR BELOW: 25 0.50 INCH OR MORE: 4
MIN 0 OR BELOW: 0 1.00 INCH OR MORE: 1
[HDD (BASE 65) ]
TOTAL THIS MO. 929 CLEAR (SCALE 0-3) 7
DPTR FM NORMAL -62 PTCLDY (SCALE 4-7) 12
TOTAL FM JUL 1 3983 CLOUDY (SCALE 8-10) 9
DPTR FM NORMAL -356
[CDD (BASE 65) ]
TOTAL THIS MO. 0
DPTR FM NORMAL 0 [PRESSURE DATA]
TOTAL FM JAN 1 0 HIGHEST SLP 30.75 ON 16
DPTR FM NORMAL 0 LOWEST SLP 29.24 ON 18
[REMARKS]
#FINAL-02-22#