000
CXUS56 KLKN 281210
CF6ELY
PRELIMINARY LOCAL CLIMATOLOGICAL DATA (WS FORM: F-6)
STATION: ELY AIRPORT NV
MONTH: APRIL
YEAR: 2024
LATITUDE: 39 16 N
LONGITUDE: 114 51 W
TEMPERATURE IN F: :PCPN: SNOW: WIND :SUNSHINE: SKY :PK WND
================================================================================
1 2 3 4 5 6A 6B 7 8 9 10 11 12 13 14 15 16 17 18
12Z AVG MX 2MIN
DY MAX MIN AVG DEP HDD CDD WTR SNW DPTH SPD SPD DIR MIN PSBL S-S WX SPD DR
================================================================================
1 49 20 35 -6 30 0 0.00 0.0 1 9.4 20 360 M M 5 29 10
2 61 22 42 1 23 0 0.00 0.0 0 5.3 15 170 M M 0 19 170
3 66 28 47 6 18 0 0.00 0.0 0 11.9 24 160 M M 0 37 150
4 58 36 47 6 18 0 T 0.0 0 25.1 40 170 M M 4 58 170
5 37 20 29 -12 36 0 0.22 2.6 T 10.0 23 160 M M 9 128 31 150
6 42 13 28 -13 37 0 0.04 1.0 3 6.7 17 280 M M 6 24 290
7 47 13 30 -12 35 0 0.00 0.0 0 6.5 15 20 M M 2 22 20
8 47 20 34 -8 31 0 0.00 0.0 0 10.8 22 20 M M 3 31 10
9 59 16 38 -4 27 0 0.00 0.0 0 8.1 16 10 M M 0 23 10
10 65 23 44 2 21 0 0.00 0.0 0 7.1 13 180 M M 0 17 340
11 70 26 48 6 17 0 0.00 0.0 0 9.3 16 200 M M 0 23 220
12 69 32 51 9 14 0 0.00 0.0 0 15.2 31 180 M M 1 54 200
13 66 32 49 7 16 0 0.00 0.0 0 15.7 29 180 M M 0 42 190
14 56 35 46 3 19 0 T 0.0 0 14.1 33 160 M M 2 46 150
15 59 27 43 0 22 0 0.00 0.0 0 10.5 23 310 M M 2 34 330
16 66 24 45 2 20 0 0.00 0.0 0 7.6 16 240 M M 1 23 250
17 66 26 46 3 19 0 0.00 0.0 0 9.3 21 300 M M 1 31 270
18 66 22 44 1 21 0 0.00 0.0 0 6.5 18 20 M M 3 24 10
19 67 27 47 3 18 0 0.00 0.0 0 4.9 18 300 M M 4 26 300
20 69 29 49 5 16 0 0.00 0.0 0 7.6 20 310 M M 4 25 320
21 75 30 53 9 12 0 0.00 0.0 0 8.3 21 220 M M 1 28 250
22 75 32 54 10 11 0 0.00 0.0 0 8.2 25 260 M M 3 37 270
23 74 31 53 8 12 0 0.00 0.0 0 9.0 23 230 M M 0 31 230
24 71 32 52 7 13 0 0.00 0.0 0 9.8 31 140 M M 2 42 160
25 60 32 46 1 19 0 0.09 0.0 0 8.1 26 250 M M 5 13 38 240
26 43 34 39 -6 26 0 0.66 0.0 0 8.7 23 30 M M 10 1 30 20
27 54 31 43 -3 22 0 0.02 0.0 0 8.4 16 320 M M 6 1 23 10
================================================================================
SM 1637 713 573 0 1.03 3.6 262.1 M 74
================================================================================
AV 60.6 26.4 9.7 FASTST M M 3 MAX(MPH)
MISC ----> 40 170 58 170
================================================================================
NOTES:
# LAST OF SEVERAL OCCURRENCES
COLUMN 17 PEAK WIND IN M.P.H.
PRELIMINARY LOCAL CLIMATOLOGICAL DATA (WS FORM: F-6) , PAGE 2
STATION: ELY AIRPORT NV
MONTH: APRIL
YEAR: 2024
LATITUDE: 39 16 N
LONGITUDE: 114 51 W
[TEMPERATURE DATA] [PRECIPITATION DATA] SYMBOLS USED IN COLUMN 16
AVERAGE MONTHLY: 43.5 TOTAL FOR MONTH: 1.03 1 = FOG OR MIST
DPTR FM NORMAL: 0.7 DPTR FM NORMAL: 0.06 2 = FOG REDUCING VISIBILITY
HIGHEST: 75 ON 22,21 GRTST 24HR 0.66 ON 26-26 TO 1/4 MILE OR LESS
LOWEST: 13 ON 7, 6 3 = THUNDER
SNOW, ICE PELLETS, HAIL 4 = ICE PELLETS
TOTAL MONTH: 4.9 INCHES 5 = HAIL
GRTST 24HR 2.6 ON 5- 5 6 = FREEZING RAIN OR DRIZZLE
GRTST DEPTH: 3 ON 6 7 = DUSTSTORM OR SANDSTORM:
VSBY 1/2 MILE OR LESS
8 = SMOKE OR HAZE
[NO. OF DAYS WITH] [WEATHER - DAYS WITH] 9 = BLOWING SNOW
X = TORNADO
MAX 32 OR BELOW: 0 0.01 INCH OR MORE: 5
MAX 90 OR ABOVE: 0 0.10 INCH OR MORE: 2
MIN 32 OR BELOW: 24 0.50 INCH OR MORE: 1
MIN 0 OR BELOW: 0 1.00 INCH OR MORE: 0
[HDD (BASE 65) ]
TOTAL THIS MO. 573 CLEAR (SCALE 0-3) 18
DPTR FM NORMAL -24 PTCLDY (SCALE 4-7) 7
TOTAL FM JUL 1 6248 CLOUDY (SCALE 8-10) 2
DPTR FM NORMAL -292
[CDD (BASE 65) ]
TOTAL THIS MO. 0
DPTR FM NORMAL 0 [PRESSURE DATA]
TOTAL FM JAN 1 0 HIGHEST SLP M ON M
DPTR FM NORMAL 0 LOWEST SLP 29.33 ON 4
[REMARKS]