000
CXUS56 KLKN 011310
CF6ELY
PRELIMINARY LOCAL CLIMATOLOGICAL DATA (WS FORM: F-6)
STATION: ELY AIRPORT NV
MONTH: FEBRUARY
YEAR: 2023
LATITUDE: 39 16 N
LONGITUDE: 114 51 W
TEMPERATURE IN F: :PCPN: SNOW: WIND :SUNSHINE: SKY :PK WND
================================================================================
1 2 3 4 5 6A 6B 7 8 9 10 11 12 13 14 15 16 17 18
12Z AVG MX 2MIN
DY MAX MIN AVG DEP HDD CDD WTR SNW DPTH SPD SPD DIR MIN PSBL S-S WX SPD DR
================================================================================
1 29 -7 11 -17 54 0 0.00 0.0 18 11.0 20 170 M M 0 24 170
2 39 3 21 -7 44 0 0.00 0.0 18 11.2 18 210 M M 0 22 180
3 40 16 28 0 37 0 0.00 0.0 17 11.8 22 170 M M 2 30 170
4 39 7 23 -5 42 0 0.00 0.0 17 13.0 24 200 M M 0 31 210
5 38 5 22 -6 43 0 0.12 2.1 17 10.3 28 150 M M 5 128 37 140
6 33 6 20 -8 45 0 T T 18 7.8 18 320 M M 9 1 23 320
7 29 -1 14 -14 51 0 0.00 0.0 18 10.0 18 190 M M 0 1 22 190
8 47 5 26 -2 39 0 0.00 0.0 18 13.7 21 10 M M 0 8 26 360
9 30 -1 15 -14 50 0 0.00 0.0 18 8.5 18 10 M M 0 23 10
10 43 2 23 -6 42 0 0.00 0.0 16 15.6 24 220 M M 0 34 210
11 32 5 19 -10 46 0 0.00 0.0 16 8.3 22 210 M M 2 26 190
12 33 -1 16 -13 49 0 0.00 0.0 16 10.0 16 190 M M 0 20 180
13 36 -1 18 -11 47 0 0.00 0.0 16 10.4 21 320 M M 0 31 330
14 25 11 18 -12 47 0 T 0.1 16 10.6 26 320 M M 10 128 37 320
15 23 -8 8 -22 57 0 0.02 0.3 17 14.5 28 360 M M 4 18 37 360
16 29 -14 8 -22 57 0 0.00 0.0 17 10.3 20 170 M M 0 23 180
17 30 -3 14 -16 51 0 0.00 0.0 16 9.1 17 170 M M 0 21 170
18 39 0 20 -10 45 0 0.00 0.0 16 9.5 21 170 M M 1 25 170
19 43 8 26 -5 39 0 0.00 0.0 16 9.1 16 180 M M 1 20 170
20 44 11 28 -3 37 0 0.00 0.0 16 10.0 18 180 M M 1 23 170
21 40 17 29 -2 36 0 0.48 6.0 15 16.4 33 290 M M 7 128 44 270
22 23 -3 10 -22 55 0 0.07 1.7 21 11.8 26 360 M M 7 18 32 360
23 22 -3 10 -22 55 0 0.12 1.8 19 14.0 23 160 M M 4 12 31 170
24 29 11 20 -12 45 0 0.08 1.5 22 18.5 32 160 M M M 18 41 170
25 41 27 34 2 31 0 0.00 0.0 20 17.0 29 160 M M 3 35 160
26 34 23 29 -4 36 0 0.07 0.5 18 12.2 24 150 M M 9 1 32 160
27 31 25 28 -5 37 0 0.09 2.0 18 21.3 36 210 M M 10 128 46 210
28 28 1 15 -18 50 0 0.13 2.3 20 16.2 33 150 M M 4 189 50 140
================================================================================
SM 949 141 1267 0 1.18 18.3 342.1 M 79
================================================================================
AV 33.9 5.0 12.2 FASTST M M 3 MAX(MPH)
MISC ----> 36 210 50 140
================================================================================
NOTES:
# LAST OF SEVERAL OCCURRENCES
COLUMN 17 PEAK WIND IN M.P.H.
PRELIMINARY LOCAL CLIMATOLOGICAL DATA (WS FORM: F-6) , PAGE 2
STATION: ELY AIRPORT NV
MONTH: FEBRUARY
YEAR: 2023
LATITUDE: 39 16 N
LONGITUDE: 114 51 W
[TEMPERATURE DATA] [PRECIPITATION DATA] SYMBOLS USED IN COLUMN 16
AVERAGE MONTHLY: 19.5 TOTAL FOR MONTH: 1.18 1 = FOG OR MIST
DPTR FM NORMAL: -10.5 DPTR FM NORMAL: 0.34 2 = FOG REDUCING VISIBILITY
HIGHEST: 47 ON 8 GRTST 24HR 0.48 ON 21-21 TO 1/4 MILE OR LESS
LOWEST: -14 ON 16 3 = THUNDER
SNOW, ICE PELLETS, HAIL 4 = ICE PELLETS
TOTAL MONTH: 18.3 INCHES 5 = HAIL
GRTST 24HR 6.0 ON 21-21 6 = FREEZING RAIN OR DRIZZLE
GRTST DEPTH: 22 ON 24 7 = DUSTSTORM OR SANDSTORM:
VSBY 1/2 MILE OR LESS
8 = SMOKE OR HAZE
[NO. OF DAYS WITH] [WEATHER - DAYS WITH] 9 = BLOWING SNOW
X = TORNADO
MAX 32 OR BELOW: 13 0.01 INCH OR MORE: 9
MAX 90 OR ABOVE: 0 0.10 INCH OR MORE: 4
MIN 32 OR BELOW: 28 0.50 INCH OR MORE: 0
MIN 0 OR BELOW: 11 1.00 INCH OR MORE: 0
[HDD (BASE 65) ]
TOTAL THIS MO. 1267 CLEAR (SCALE 0-3) 16
DPTR FM NORMAL 287 PTCLDY (SCALE 4-7) 7
TOTAL FM JUL 1 5636 CLOUDY (SCALE 8-10) 5
DPTR FM NORMAL 543
[CDD (BASE 65) ]
TOTAL THIS MO. 0
DPTR FM NORMAL 0 [PRESSURE DATA]
TOTAL FM JAN 1 0 HIGHEST SLP 30.74 ON 9
DPTR FM NORMAL 0 LOWEST SLP 29.14 ON 21
[REMARKS]
#FINAL-02-23#